{"id":337688,"date":"2026-02-20T09:38:42","date_gmt":"2026-02-20T14:38:42","guid":{"rendered":"https:\/\/arriendo.com\/co\/%es_type%\/%address_city%\/%neighborhood%\/itagui-la-independencia-apartamento-en-arriendo-en-21997d\/"},"modified":"2026-02-20T09:38:42","modified_gmt":"2026-02-20T14:38:42","slug":"AR-337688","status":"publish","type":"properties","link":"https:\/\/arriendo.com\/co\/apartamentos\/itagui\/la-independencia\/AR-337688\/","title":{"rendered":"Apartamento en Arriendo en La independencia, Itagu\u00ed"},"content":{"rendered":"<p>\u00a1Encuentra tu nuevo hogar en la vibrante ciudad de Itag\u00fc\u00ed! Te ofrecemos un acogedor apartamento de 35m2, perfecto para una vida c\u00f3moda y pr\u00e1ctica. Ubicado en el tranquilo barrio La Independencia, a solo minutos de colegios y rutas de transporte p\u00fablico.Disfruta de amplias \u00e1reas comunes y detalles que har\u00e1n tu estad\u00eda memorable. Su sala-comedor integrada te permite disfrutar de momentos en familia o con amigos. Su cocina integral,facilita la preparaci\u00f3n de deliciosos platos. Adem\u00e1s, cuenta con un amplio y luminoso closet para guardar todas tus pertenencias. Y un confortable ba\u00f1o para iniciar y finalizar tu d\u00eda sin preocupaciones. \u00a1Vive cerca de todo lo que necesitas! Supermercados, bancos, restaurantes y centros comerciales est\u00e1n a la vuelta. Y el aeropuerto internacional de Rionegro te conecta f\u00e1cilmente al resto del pa\u00eds   PARA VIVIENDA $1.200.000 Y LOCAL ***<\/p>\n","protected":false},"excerpt":{"rendered":"\u00a1Encuentra tu nuevo hogar en la vibrante ciudad de Itag\u00fc\u00ed!...","protected":false},"author":6880,"featured_media":337691,"template":"","es_locations":[79,475,875],"es_categories":[124],"es_types":[114],"es_rent_periods":[],"es_labels":[],"es_statuses":[],"es_parkings":[],"es_roofs":[],"es_exterior_materials":[],"es_basements":[],"es_floor_coverings":[],"es_features":[2164,2166,2146,2148,2177,145,2132,2150,2136,2151],"es_amenities":[2187,2189,2155,2157,2192,2160,2140,2161,2143,162],"es_neighborhoods":[],"es_tags":[],"class_list":["post-337688","properties","type-properties","status-publish","has-post-thumbnail","hentry","es_location-antioquia","es_location-itagui","es_location-la-independencia","es_category-arriendo","es_type-apartamentos","es_feature-bano-independiente","es_feature-closet","es_feature-cocina-integral","es_feature-colegios-universidades","es_feature-finca-cafetera","es_feature-instalacion-de-gas","es_feature-parques-cercanos","es_feature-supermercados-c-comerciales","es_feature-trans-publico-cercano","es_feature-zona-de-lavanderia","es_amenity-bano-independiente","es_amenity-closet","es_amenity-cocina-integral","es_amenity-colegios-universidades","es_amenity-finca-cafetera","es_amenity-instalacion-de-gas","es_amenity-parques-cercanos","es_amenity-supermercados-c-comerciales","es_amenity-trans-publico-cercano","es_amenity-zona-de-lavanderia","es-post-entity"],"_links":{"self":[{"href":"https:\/\/arriendo.com\/co\/wp-json\/wp\/v2\/properties\/337688","targetHints":{"allow":["GET"]}}],"collection":[{"href":"https:\/\/arriendo.com\/co\/wp-json\/wp\/v2\/properties"}],"about":[{"href":"https:\/\/arriendo.com\/co\/wp-json\/wp\/v2\/types\/properties"}],"author":[{"embeddable":true,"href":"https:\/\/arriendo.com\/co\/wp-json\/wp\/v2\/users\/6880"}],"version-history":[{"count":0,"href":"https:\/\/arriendo.com\/co\/wp-json\/wp\/v2\/properties\/337688\/revisions"}],"wp:featuredmedia":[{"embeddable":true,"href":"https:\/\/arriendo.com\/co\/wp-json\/wp\/v2\/media\/337691"}],"wp:attachment":[{"href":"https:\/\/arriendo.com\/co\/wp-json\/wp\/v2\/media?parent=337688"}],"wp:term":[{"taxonomy":"es_location","embeddable":true,"href":"https:\/\/arriendo.com\/co\/wp-json\/wp\/v2\/es_locations?post=337688"},{"taxonomy":"es_category","embeddable":true,"href":"https:\/\/arriendo.com\/co\/wp-json\/wp\/v2\/es_categories?post=337688"},{"taxonomy":"es_type","embeddable":true,"href":"https:\/\/arriendo.com\/co\/wp-json\/wp\/v2\/es_types?post=337688"},{"taxonomy":"es_rent_period","embeddable":true,"href":"https:\/\/arriendo.com\/co\/wp-json\/wp\/v2\/es_rent_periods?post=337688"},{"taxonomy":"es_label","embeddable":true,"href":"https:\/\/arriendo.com\/co\/wp-json\/wp\/v2\/es_labels?post=337688"},{"taxonomy":"es_status","embeddable":true,"href":"https:\/\/arriendo.com\/co\/wp-json\/wp\/v2\/es_statuses?post=337688"},{"taxonomy":"es_parking","embeddable":true,"href":"https:\/\/arriendo.com\/co\/wp-json\/wp\/v2\/es_parkings?post=337688"},{"taxonomy":"es_roof","embeddable":true,"href":"https:\/\/arriendo.com\/co\/wp-json\/wp\/v2\/es_roofs?post=337688"},{"taxonomy":"es_exterior_material","embeddable":true,"href":"https:\/\/arriendo.com\/co\/wp-json\/wp\/v2\/es_exterior_materials?post=337688"},{"taxonomy":"es_basement","embeddable":true,"href":"https:\/\/arriendo.com\/co\/wp-json\/wp\/v2\/es_basements?post=337688"},{"taxonomy":"es_floor_covering","embeddable":true,"href":"https:\/\/arriendo.com\/co\/wp-json\/wp\/v2\/es_floor_coverings?post=337688"},{"taxonomy":"es_feature","embeddable":true,"href":"https:\/\/arriendo.com\/co\/wp-json\/wp\/v2\/es_features?post=337688"},{"taxonomy":"es_amenity","embeddable":true,"href":"https:\/\/arriendo.com\/co\/wp-json\/wp\/v2\/es_amenities?post=337688"},{"taxonomy":"es_neighborhood","embeddable":true,"href":"https:\/\/arriendo.com\/co\/wp-json\/wp\/v2\/es_neighborhoods?post=337688"},{"taxonomy":"es_tag","embeddable":true,"href":"https:\/\/arriendo.com\/co\/wp-json\/wp\/v2\/es_tags?post=337688"}],"curies":[{"name":"wp","href":"https:\/\/api.w.org\/{rel}","templated":true}]}}

Apartamento en Arriendo en La independencia, Itaguí

<p>¡Encuentra tu nuevo hogar en la vibrante ciudad de Itagüí! Te ofrecemos un acogedor apartamento de 35m2, perfecto para una vida cómoda y práctica. Ubicado en el tranquilo barrio La Independencia, a solo minutos de colegios y rutas de transporte público.Disfruta de amplias áreas comunes y detalles que harán tu estadía memorable. Su sala-comedor integrada te permite disfrutar de momentos en familia o con amigos. Su cocina integral,facilita la preparación de deliciosos platos. Además, cuenta con un amplio y luminoso closet para guardar todas tus pertenencias. Y un confortable baño para iniciar y finalizar tu día sin preocupaciones. ¡Vive cerca de todo lo que necesitas! Supermercados, bancos, restaurantes y centros comerciales están a la vuelta. Y el aeropuerto internacional de Rionegro te conecta fácilmente al resto del país   PARA VIVIENDA $1.200.000 Y LOCAL ***</p>

¡Encuentra tu nuevo hogar en la vibrante ciudad de Itagüí!...
