{"id":337634,"date":"2026-02-20T09:37:51","date_gmt":"2026-02-20T14:37:51","guid":{"rendered":"https:\/\/arriendo.com\/co\/%es_type%\/%address_city%\/%neighborhood%\/itagui-ditaires-apartamento-en-arriendo-en-fe0c08\/"},"modified":"2026-02-20T09:37:51","modified_gmt":"2026-02-20T14:37:51","slug":"AR-337634","status":"publish","type":"properties","link":"https:\/\/arriendo.com\/co\/apartamentos\/itagui\/ditaires\/AR-337634\/","title":{"rendered":"Apartamento en Arriendo en Ditaires, Itagu\u00ed"},"content":{"rendered":"<p>Apartamento En Colina De As\u00eds de Itag\u00fc\u00ed Etapa B.<br \/>\nComodidades: Sala-comedor, cocina  integral con red de gas,3 alcobas,3 closets,2 ba\u00f1os con cabina, calentador, cit\u00f3fono ,zona de ropas, piso en cer\u00e1mica, parqueadero 239.<\/p>\n","protected":false},"excerpt":{"rendered":"Apartamento En Colina De As\u00eds de Itag\u00fc\u00ed Etapa B. Comodidades:...","protected":false},"author":6880,"featured_media":337637,"template":"","es_locations":[79,1227,475],"es_categories":[124],"es_types":[114],"es_rent_periods":[],"es_labels":[],"es_statuses":[],"es_parkings":[],"es_roofs":[],"es_exterior_materials":[],"es_basements":[],"es_floor_coverings":[],"es_features":[132,2164,133,2166,2148,2296,2177,2202,145,2135,2150,2136,2297,2151],"es_amenities":[2186,2187,2154,2189,2157,2298,2192,2207,2160,2142,2161,2143,2299,162],"es_neighborhoods":[],"es_tags":[],"class_list":["post-337634","properties","type-properties","status-publish","has-post-thumbnail","hentry","es_location-antioquia","es_location-ditaires","es_location-itagui","es_category-arriendo","es_type-apartamentos","es_feature-balcon","es_feature-bano-independiente","es_feature-citofono","es_feature-closet","es_feature-colegios-universidades","es_feature-en-edificio","es_feature-finca-cafetera","es_feature-garaje-parqueaderos","es_feature-instalacion-de-gas","es_feature-sobre-via-principal","es_feature-supermercados-c-comerciales","es_feature-trans-publico-cercano","es_feature-ubicada-en-edificio","es_feature-zona-de-lavanderia","es_amenity-balcon","es_amenity-bano-independiente","es_amenity-citofono","es_amenity-closet","es_amenity-colegios-universidades","es_amenity-en-edificio","es_amenity-finca-cafetera","es_amenity-garaje-parqueaderos","es_amenity-instalacion-de-gas","es_amenity-sobre-via-principal","es_amenity-supermercados-c-comerciales","es_amenity-trans-publico-cercano","es_amenity-ubicada-en-edificio","es_amenity-zona-de-lavanderia","es-post-entity"],"_links":{"self":[{"href":"https:\/\/arriendo.com\/co\/wp-json\/wp\/v2\/properties\/337634","targetHints":{"allow":["GET"]}}],"collection":[{"href":"https:\/\/arriendo.com\/co\/wp-json\/wp\/v2\/properties"}],"about":[{"href":"https:\/\/arriendo.com\/co\/wp-json\/wp\/v2\/types\/properties"}],"author":[{"embeddable":true,"href":"https:\/\/arriendo.com\/co\/wp-json\/wp\/v2\/users\/6880"}],"version-history":[{"count":0,"href":"https:\/\/arriendo.com\/co\/wp-json\/wp\/v2\/properties\/337634\/revisions"}],"wp:featuredmedia":[{"embeddable":true,"href":"https:\/\/arriendo.com\/co\/wp-json\/wp\/v2\/media\/337637"}],"wp:attachment":[{"href":"https:\/\/arriendo.com\/co\/wp-json\/wp\/v2\/media?parent=337634"}],"wp:term":[{"taxonomy":"es_location","embeddable":true,"href":"https:\/\/arriendo.com\/co\/wp-json\/wp\/v2\/es_locations?post=337634"},{"taxonomy":"es_category","embeddable":true,"href":"https:\/\/arriendo.com\/co\/wp-json\/wp\/v2\/es_categories?post=337634"},{"taxonomy":"es_type","embeddable":true,"href":"https:\/\/arriendo.com\/co\/wp-json\/wp\/v2\/es_types?post=337634"},{"taxonomy":"es_rent_period","embeddable":true,"href":"https:\/\/arriendo.com\/co\/wp-json\/wp\/v2\/es_rent_periods?post=337634"},{"taxonomy":"es_label","embeddable":true,"href":"https:\/\/arriendo.com\/co\/wp-json\/wp\/v2\/es_labels?post=337634"},{"taxonomy":"es_status","embeddable":true,"href":"https:\/\/arriendo.com\/co\/wp-json\/wp\/v2\/es_statuses?post=337634"},{"taxonomy":"es_parking","embeddable":true,"href":"https:\/\/arriendo.com\/co\/wp-json\/wp\/v2\/es_parkings?post=337634"},{"taxonomy":"es_roof","embeddable":true,"href":"https:\/\/arriendo.com\/co\/wp-json\/wp\/v2\/es_roofs?post=337634"},{"taxonomy":"es_exterior_material","embeddable":true,"href":"https:\/\/arriendo.com\/co\/wp-json\/wp\/v2\/es_exterior_materials?post=337634"},{"taxonomy":"es_basement","embeddable":true,"href":"https:\/\/arriendo.com\/co\/wp-json\/wp\/v2\/es_basements?post=337634"},{"taxonomy":"es_floor_covering","embeddable":true,"href":"https:\/\/arriendo.com\/co\/wp-json\/wp\/v2\/es_floor_coverings?post=337634"},{"taxonomy":"es_feature","embeddable":true,"href":"https:\/\/arriendo.com\/co\/wp-json\/wp\/v2\/es_features?post=337634"},{"taxonomy":"es_amenity","embeddable":true,"href":"https:\/\/arriendo.com\/co\/wp-json\/wp\/v2\/es_amenities?post=337634"},{"taxonomy":"es_neighborhood","embeddable":true,"href":"https:\/\/arriendo.com\/co\/wp-json\/wp\/v2\/es_neighborhoods?post=337634"},{"taxonomy":"es_tag","embeddable":true,"href":"https:\/\/arriendo.com\/co\/wp-json\/wp\/v2\/es_tags?post=337634"}],"curies":[{"name":"wp","href":"https:\/\/api.w.org\/{rel}","templated":true}]}}

Apartamento en Arriendo en Ditaires, Itaguí

<p>Apartamento En Colina De Asís de Itagüí Etapa B.<br />
Comodidades: Sala-comedor, cocina  integral con red de gas,3 alcobas,3 closets,2 baños con cabina, calentador, citófono ,zona de ropas, piso en cerámica, parqueadero 239.</p>

Apartamento En Colina De Asís de Itagüí Etapa B. Comodidades:...
