{"id":337580,"date":"2026-02-20T09:37:06","date_gmt":"2026-02-20T14:37:06","guid":{"rendered":"https:\/\/arriendo.com\/co\/%es_type%\/%address_city%\/%neighborhood%\/itagui-san-gabriel-apartamento-en-arriendo-en-2433b1\/"},"modified":"2026-02-20T09:37:06","modified_gmt":"2026-02-20T14:37:06","slug":"AR-337580","status":"publish","type":"properties","link":"https:\/\/arriendo.com\/co\/apartamentos\/itagui\/san-gabriel\/AR-337580\/","title":{"rendered":"Apartamento en Arriendo en San gabriel, Itagu\u00ed"},"content":{"rendered":"<p>Apartamento en unidad Territorio Verde, San Gabriel, Itag\u00fc\u00ed. Piso 21.<br \/>\nComodidades: Sala-comedor, cocina integral con red de gas, 3 alcobas con closet, 2 ba\u00f1os, zona de ropas, balc\u00f3n, calentador, piso en cer\u00e1mica. PARQUEADERO COMUN<\/p>\n","protected":false},"excerpt":{"rendered":"Apartamento en unidad Territorio Verde, San Gabriel, Itag\u00fc\u00ed. Piso 21....","protected":false},"author":6880,"featured_media":337583,"template":"","es_locations":[79,475,618],"es_categories":[124],"es_types":[114],"es_rent_periods":[],"es_labels":[],"es_statuses":[],"es_parkings":[],"es_roofs":[],"es_exterior_materials":[],"es_basements":[],"es_floor_coverings":[],"es_features":[2168,131,132,2164,2165,2145,2166,2146,2196,2176,2177,145,2133,2181,2150,2136,2151,2152],"es_amenities":[2195,152,2186,2187,2188,2153,2189,2155,2197,2191,2192,2160,158,2194,2161,2143,162,2162],"es_neighborhoods":[],"es_tags":[],"class_list":["post-337580","properties","type-properties","status-publish","has-post-thumbnail","hentry","es_location-antioquia","es_location-itagui","es_location-san-gabriel","es_category-arriendo","es_type-apartamentos","es_feature-area-urbana","es_feature-ascensor","es_feature-balcon","es_feature-bano-independiente","es_feature-caldera","es_feature-calentador","es_feature-closet","es_feature-cocina-integral","es_feature-en-conjunto-cerrado","es_feature-en-zona-residencial","es_feature-finca-cafetera","es_feature-instalacion-de-gas","es_feature-porteria-recepcion","es_feature-porteria-vigilancia","es_feature-supermercados-c-comerciales","es_feature-trans-publico-cercano","es_feature-zona-de-lavanderia","es_feature-zona-residencial","es_amenity-area-urbana","es_amenity-ascensor-privado","es_amenity-balcon","es_amenity-bano-independiente","es_amenity-caldera","es_amenity-calentador","es_amenity-closet","es_amenity-cocina-integral","es_amenity-en-conjunto-cerrado","es_amenity-en-zona-residencial","es_amenity-finca-cafetera","es_amenity-instalacion-de-gas","es_amenity-porteria-recepcion","es_amenity-porteria-vigilancia","es_amenity-supermercados-c-comerciales","es_amenity-trans-publico-cercano","es_amenity-zona-de-lavanderia","es_amenity-zona-residencial","es-post-entity"],"_links":{"self":[{"href":"https:\/\/arriendo.com\/co\/wp-json\/wp\/v2\/properties\/337580","targetHints":{"allow":["GET"]}}],"collection":[{"href":"https:\/\/arriendo.com\/co\/wp-json\/wp\/v2\/properties"}],"about":[{"href":"https:\/\/arriendo.com\/co\/wp-json\/wp\/v2\/types\/properties"}],"author":[{"embeddable":true,"href":"https:\/\/arriendo.com\/co\/wp-json\/wp\/v2\/users\/6880"}],"version-history":[{"count":0,"href":"https:\/\/arriendo.com\/co\/wp-json\/wp\/v2\/properties\/337580\/revisions"}],"wp:featuredmedia":[{"embeddable":true,"href":"https:\/\/arriendo.com\/co\/wp-json\/wp\/v2\/media\/337583"}],"wp:attachment":[{"href":"https:\/\/arriendo.com\/co\/wp-json\/wp\/v2\/media?parent=337580"}],"wp:term":[{"taxonomy":"es_location","embeddable":true,"href":"https:\/\/arriendo.com\/co\/wp-json\/wp\/v2\/es_locations?post=337580"},{"taxonomy":"es_category","embeddable":true,"href":"https:\/\/arriendo.com\/co\/wp-json\/wp\/v2\/es_categories?post=337580"},{"taxonomy":"es_type","embeddable":true,"href":"https:\/\/arriendo.com\/co\/wp-json\/wp\/v2\/es_types?post=337580"},{"taxonomy":"es_rent_period","embeddable":true,"href":"https:\/\/arriendo.com\/co\/wp-json\/wp\/v2\/es_rent_periods?post=337580"},{"taxonomy":"es_label","embeddable":true,"href":"https:\/\/arriendo.com\/co\/wp-json\/wp\/v2\/es_labels?post=337580"},{"taxonomy":"es_status","embeddable":true,"href":"https:\/\/arriendo.com\/co\/wp-json\/wp\/v2\/es_statuses?post=337580"},{"taxonomy":"es_parking","embeddable":true,"href":"https:\/\/arriendo.com\/co\/wp-json\/wp\/v2\/es_parkings?post=337580"},{"taxonomy":"es_roof","embeddable":true,"href":"https:\/\/arriendo.com\/co\/wp-json\/wp\/v2\/es_roofs?post=337580"},{"taxonomy":"es_exterior_material","embeddable":true,"href":"https:\/\/arriendo.com\/co\/wp-json\/wp\/v2\/es_exterior_materials?post=337580"},{"taxonomy":"es_basement","embeddable":true,"href":"https:\/\/arriendo.com\/co\/wp-json\/wp\/v2\/es_basements?post=337580"},{"taxonomy":"es_floor_covering","embeddable":true,"href":"https:\/\/arriendo.com\/co\/wp-json\/wp\/v2\/es_floor_coverings?post=337580"},{"taxonomy":"es_feature","embeddable":true,"href":"https:\/\/arriendo.com\/co\/wp-json\/wp\/v2\/es_features?post=337580"},{"taxonomy":"es_amenity","embeddable":true,"href":"https:\/\/arriendo.com\/co\/wp-json\/wp\/v2\/es_amenities?post=337580"},{"taxonomy":"es_neighborhood","embeddable":true,"href":"https:\/\/arriendo.com\/co\/wp-json\/wp\/v2\/es_neighborhoods?post=337580"},{"taxonomy":"es_tag","embeddable":true,"href":"https:\/\/arriendo.com\/co\/wp-json\/wp\/v2\/es_tags?post=337580"}],"curies":[{"name":"wp","href":"https:\/\/api.w.org\/{rel}","templated":true}]}}

Apartamento en Arriendo en San gabriel, Itaguí

<p>Apartamento en unidad Territorio Verde, San Gabriel, Itagüí. Piso 21.<br />
Comodidades: Sala-comedor, cocina integral con red de gas, 3 alcobas con closet, 2 baños, zona de ropas, balcón, calentador, piso en cerámica. PARQUEADERO COMUN</p>

Apartamento en unidad Territorio Verde, San Gabriel, Itagüí. Piso 21....
