{"id":336347,"date":"2026-02-20T09:12:00","date_gmt":"2026-02-20T14:12:00","guid":{"rendered":"https:\/\/arriendo.com\/co\/%es_type%\/%address_city%\/%neighborhood%\/pereira-cerritos-apartamento-en-arriendo-0122f1\/"},"modified":"2026-02-20T09:12:00","modified_gmt":"2026-02-20T14:12:00","slug":"AR-336347","status":"publish","type":"properties","link":"https:\/\/arriendo.com\/co\/apartamentos\/pereira\/cerritos\/AR-336347\/","title":{"rendered":"Apartamento en  Arriendo en Cerritos, Pereira"},"content":{"rendered":"<p>SE RENTA!! apartamento en el sector de cerritos, Villa Palma, hermosos acabados, y excelente vista; cerca a colegios, universidades, restaurantes y zona comercial, v\u00edas de f\u00e1cil acceso vehicular. El apartamento cuenta con 2 habitaciones con closet, principal con ba\u00f1o privado, ba\u00f1o social, sala comedor grande, cocina integral, zona de ropas. cont\u00e1ctanos!! ***<\/p>\n","protected":false},"excerpt":{"rendered":"SE RENTA!! apartamento en el sector de cerritos, Villa Palma,...","protected":false},"author":6321,"featured_media":336350,"template":"","es_locations":[232,231,102],"es_categories":[124],"es_types":[114],"es_rent_periods":[],"es_labels":[],"es_statuses":[],"es_parkings":[],"es_roofs":[],"es_exterior_materials":[],"es_basements":[],"es_floor_coverings":[],"es_features":[2230,2168,131,2212,2275,2200,2293,2233,2131,2166,2146,2148,2213,2196,2149,2132,2272,2181,2502,2236,2237,2227,2135,2150,2136,2241,2242,2151,2300],"es_amenities":[2243,2195,152,2217,2277,2205,2295,2248,2139,2189,2155,2157,2218,2197,2159,2140,2273,2194,2504,2253,160,2255,2142,2161,2143,2259,2260,162,2301],"es_neighborhoods":[],"es_tags":[],"class_list":["post-336347","properties","type-properties","status-publish","has-post-thumbnail","hentry","es_location-cerritos","es_location-pereira","es_location-risaralda","es_category-arriendo","es_type-apartamentos","es_feature-alcantarillado","es_feature-area-urbana","es_feature-ascensor","es_feature-bano-auxiliar","es_feature-bombas-de-gasolina","es_feature-cerca-a-sector-comercial","es_feature-cerca-centro-comercial","es_feature-cerca-de-zona-urbana","es_feature-circuito-cerrado-de-tv","es_feature-closet","es_feature-cocina-integral","es_feature-colegios-universidades","es_feature-comedor","es_feature-en-conjunto-cerrado","es_feature-garajes","es_feature-parques-cercanos","es_feature-piso-en-baldosa-marmol","es_feature-porteria-vigilancia","es_feature-puerta-de-seguridad","es_feature-restaurantes","es_feature-seguridad","es_feature-shut-de-basura","es_feature-sobre-via-principal","es_feature-supermercados-c-comerciales","es_feature-trans-publico-cercano","es_feature-vigilancia-24x7","es_feature-vigilancia-privada-247","es_feature-zona-de-lavanderia","es_feature-zona-industrial","es_amenity-alcantarillado","es_amenity-area-urbana","es_amenity-ascensor-privado","es_amenity-bano-auxiliar","es_amenity-bombas-de-gasolina","es_amenity-cerca-a-sector-comercial","es_amenity-cerca-centro-comercial","es_amenity-cerca-de-zona-urbana","es_amenity-circuito-cerrado-de-tv","es_amenity-closet","es_amenity-cocina-integral","es_amenity-colegios-universidades","es_amenity-comedor","es_amenity-en-conjunto-cerrado","es_amenity-garajes","es_amenity-parques-cercanos","es_amenity-piso-en-baldosa-marmol","es_amenity-porteria-vigilancia","es_amenity-puerta-de-seguridad","es_amenity-restaurantes","es_amenity-seguridad-cctv","es_amenity-shut-de-basura","es_amenity-sobre-via-principal","es_amenity-supermercados-c-comerciales","es_amenity-trans-publico-cercano","es_amenity-vigilancia-24x7","es_amenity-vigilancia-privada-247","es_amenity-zona-de-lavanderia","es_amenity-zona-industrial","es-post-entity"],"_links":{"self":[{"href":"https:\/\/arriendo.com\/co\/wp-json\/wp\/v2\/properties\/336347","targetHints":{"allow":["GET"]}}],"collection":[{"href":"https:\/\/arriendo.com\/co\/wp-json\/wp\/v2\/properties"}],"about":[{"href":"https:\/\/arriendo.com\/co\/wp-json\/wp\/v2\/types\/properties"}],"author":[{"embeddable":true,"href":"https:\/\/arriendo.com\/co\/wp-json\/wp\/v2\/users\/6321"}],"version-history":[{"count":0,"href":"https:\/\/arriendo.com\/co\/wp-json\/wp\/v2\/properties\/336347\/revisions"}],"wp:featuredmedia":[{"embeddable":true,"href":"https:\/\/arriendo.com\/co\/wp-json\/wp\/v2\/media\/336350"}],"wp:attachment":[{"href":"https:\/\/arriendo.com\/co\/wp-json\/wp\/v2\/media?parent=336347"}],"wp:term":[{"taxonomy":"es_location","embeddable":true,"href":"https:\/\/arriendo.com\/co\/wp-json\/wp\/v2\/es_locations?post=336347"},{"taxonomy":"es_category","embeddable":true,"href":"https:\/\/arriendo.com\/co\/wp-json\/wp\/v2\/es_categories?post=336347"},{"taxonomy":"es_type","embeddable":true,"href":"https:\/\/arriendo.com\/co\/wp-json\/wp\/v2\/es_types?post=336347"},{"taxonomy":"es_rent_period","embeddable":true,"href":"https:\/\/arriendo.com\/co\/wp-json\/wp\/v2\/es_rent_periods?post=336347"},{"taxonomy":"es_label","embeddable":true,"href":"https:\/\/arriendo.com\/co\/wp-json\/wp\/v2\/es_labels?post=336347"},{"taxonomy":"es_status","embeddable":true,"href":"https:\/\/arriendo.com\/co\/wp-json\/wp\/v2\/es_statuses?post=336347"},{"taxonomy":"es_parking","embeddable":true,"href":"https:\/\/arriendo.com\/co\/wp-json\/wp\/v2\/es_parkings?post=336347"},{"taxonomy":"es_roof","embeddable":true,"href":"https:\/\/arriendo.com\/co\/wp-json\/wp\/v2\/es_roofs?post=336347"},{"taxonomy":"es_exterior_material","embeddable":true,"href":"https:\/\/arriendo.com\/co\/wp-json\/wp\/v2\/es_exterior_materials?post=336347"},{"taxonomy":"es_basement","embeddable":true,"href":"https:\/\/arriendo.com\/co\/wp-json\/wp\/v2\/es_basements?post=336347"},{"taxonomy":"es_floor_covering","embeddable":true,"href":"https:\/\/arriendo.com\/co\/wp-json\/wp\/v2\/es_floor_coverings?post=336347"},{"taxonomy":"es_feature","embeddable":true,"href":"https:\/\/arriendo.com\/co\/wp-json\/wp\/v2\/es_features?post=336347"},{"taxonomy":"es_amenity","embeddable":true,"href":"https:\/\/arriendo.com\/co\/wp-json\/wp\/v2\/es_amenities?post=336347"},{"taxonomy":"es_neighborhood","embeddable":true,"href":"https:\/\/arriendo.com\/co\/wp-json\/wp\/v2\/es_neighborhoods?post=336347"},{"taxonomy":"es_tag","embeddable":true,"href":"https:\/\/arriendo.com\/co\/wp-json\/wp\/v2\/es_tags?post=336347"}],"curies":[{"name":"wp","href":"https:\/\/api.w.org\/{rel}","templated":true}]}}

<p>SE RENTA!! apartamento en el sector de cerritos, Villa Palma, hermosos acabados, y excelente vista; cerca a colegios, universidades, restaurantes y zona comercial, vías de fácil acceso vehicular. El apartamento cuenta con 2 habitaciones con closet, principal con baño privado, baño social, sala comedor grande, cocina integral, zona de ropas. contáctanos!! ***</p>
