{"id":336212,"date":"2026-02-20T09:09:39","date_gmt":"2026-02-20T14:09:39","guid":{"rendered":"https:\/\/arriendo.com\/co\/%es_type%\/%address_city%\/%neighborhood%\/pereira-cerritos-apartamento-en-arriendo-en-3185f3\/"},"modified":"2026-02-20T09:09:39","modified_gmt":"2026-02-20T14:09:39","slug":"AR-336212","status":"publish","type":"properties","link":"https:\/\/arriendo.com\/co\/apartamentos\/pereira\/cerritos\/AR-336212\/","title":{"rendered":"Apartamento en Arriendo en Cerritos, Pereira"},"content":{"rendered":"<p>SE ARRIENDA!! Apartamento v\u00eda cerritos, conjunto Villa Palma, sector exclusivo de la ciudad, con hermosa vista y cerca a todo, colegios, universidades, supermercados, centros comerciales, c\u00f3modas v\u00edas de acceso. el apartamento cuenta con 2 habitaciones con closet, estudio, 2 ba\u00f1os, sala comedor, cocina integral con hermosos acabados, zona de ropas. cuenta adem\u00e1s con parqueadero privado!! CONTACTANOS&#8230;  ***<\/p>\n","protected":false},"excerpt":{"rendered":"SE ARRIENDA!! Apartamento v\u00eda cerritos, conjunto Villa Palma, sector exclusivo...","protected":false},"author":6321,"featured_media":336215,"template":"","es_locations":[232,231,102],"es_categories":[124],"es_types":[114],"es_rent_periods":[],"es_labels":[],"es_statuses":[],"es_parkings":[],"es_roofs":[],"es_exterior_materials":[],"es_basements":[],"es_floor_coverings":[],"es_features":[2230,2168,131,2212,2275,2145,2293,2233,2131,2166,2146,2148,2213,2196,136,2202,2132,2272,2502,2236,2610,2238,2134,2227,2150,2240,2228,2241,2151],"es_amenities":[2243,2195,152,2217,2277,2153,2295,2248,2139,2189,2155,2157,2218,2197,2158,2207,2140,2273,2504,2253,2611,2254,2141,2255,2161,2257,2258,2259,162],"es_neighborhoods":[],"es_tags":[],"class_list":["post-336212","properties","type-properties","status-publish","has-post-thumbnail","hentry","es_location-cerritos","es_location-pereira","es_location-risaralda","es_category-arriendo","es_type-apartamentos","es_feature-alcantarillado","es_feature-area-urbana","es_feature-ascensor","es_feature-bano-auxiliar","es_feature-bombas-de-gasolina","es_feature-calentador","es_feature-cerca-centro-comercial","es_feature-cerca-de-zona-urbana","es_feature-circuito-cerrado-de-tv","es_feature-closet","es_feature-cocina-integral","es_feature-colegios-universidades","es_feature-comedor","es_feature-en-conjunto-cerrado","es_feature-estudio","es_feature-garaje-parqueaderos","es_feature-parques-cercanos","es_feature-piso-en-baldosa-marmol","es_feature-puerta-de-seguridad","es_feature-restaurantes","es_feature-sensor-de-movimiento","es_feature-servicios-independientes","es_feature-servicios-publicos","es_feature-shut-de-basura","es_feature-supermercados-c-comerciales","es_feature-todos-los-servicios","es_feature-ventilacion-natural","es_feature-vigilancia-24x7","es_feature-zona-de-lavanderia","es_amenity-alcantarillado","es_amenity-area-urbana","es_amenity-ascensor-privado","es_amenity-bano-auxiliar","es_amenity-bombas-de-gasolina","es_amenity-calentador","es_amenity-cerca-centro-comercial","es_amenity-cerca-de-zona-urbana","es_amenity-circuito-cerrado-de-tv","es_amenity-closet","es_amenity-cocina-integral","es_amenity-colegios-universidades","es_amenity-comedor","es_amenity-en-conjunto-cerrado","es_amenity-estudio","es_amenity-garaje-parqueaderos","es_amenity-parques-cercanos","es_amenity-piso-en-baldosa-marmol","es_amenity-puerta-de-seguridad","es_amenity-restaurantes","es_amenity-sensor-de-movimiento","es_amenity-servicios-independientes","es_amenity-servicios-publicos","es_amenity-shut-de-basura","es_amenity-supermercados-c-comerciales","es_amenity-todos-los-servicios","es_amenity-ventilacion-natural","es_amenity-vigilancia-24x7","es_amenity-zona-de-lavanderia","es-post-entity"],"_links":{"self":[{"href":"https:\/\/arriendo.com\/co\/wp-json\/wp\/v2\/properties\/336212","targetHints":{"allow":["GET"]}}],"collection":[{"href":"https:\/\/arriendo.com\/co\/wp-json\/wp\/v2\/properties"}],"about":[{"href":"https:\/\/arriendo.com\/co\/wp-json\/wp\/v2\/types\/properties"}],"author":[{"embeddable":true,"href":"https:\/\/arriendo.com\/co\/wp-json\/wp\/v2\/users\/6321"}],"version-history":[{"count":0,"href":"https:\/\/arriendo.com\/co\/wp-json\/wp\/v2\/properties\/336212\/revisions"}],"wp:featuredmedia":[{"embeddable":true,"href":"https:\/\/arriendo.com\/co\/wp-json\/wp\/v2\/media\/336215"}],"wp:attachment":[{"href":"https:\/\/arriendo.com\/co\/wp-json\/wp\/v2\/media?parent=336212"}],"wp:term":[{"taxonomy":"es_location","embeddable":true,"href":"https:\/\/arriendo.com\/co\/wp-json\/wp\/v2\/es_locations?post=336212"},{"taxonomy":"es_category","embeddable":true,"href":"https:\/\/arriendo.com\/co\/wp-json\/wp\/v2\/es_categories?post=336212"},{"taxonomy":"es_type","embeddable":true,"href":"https:\/\/arriendo.com\/co\/wp-json\/wp\/v2\/es_types?post=336212"},{"taxonomy":"es_rent_period","embeddable":true,"href":"https:\/\/arriendo.com\/co\/wp-json\/wp\/v2\/es_rent_periods?post=336212"},{"taxonomy":"es_label","embeddable":true,"href":"https:\/\/arriendo.com\/co\/wp-json\/wp\/v2\/es_labels?post=336212"},{"taxonomy":"es_status","embeddable":true,"href":"https:\/\/arriendo.com\/co\/wp-json\/wp\/v2\/es_statuses?post=336212"},{"taxonomy":"es_parking","embeddable":true,"href":"https:\/\/arriendo.com\/co\/wp-json\/wp\/v2\/es_parkings?post=336212"},{"taxonomy":"es_roof","embeddable":true,"href":"https:\/\/arriendo.com\/co\/wp-json\/wp\/v2\/es_roofs?post=336212"},{"taxonomy":"es_exterior_material","embeddable":true,"href":"https:\/\/arriendo.com\/co\/wp-json\/wp\/v2\/es_exterior_materials?post=336212"},{"taxonomy":"es_basement","embeddable":true,"href":"https:\/\/arriendo.com\/co\/wp-json\/wp\/v2\/es_basements?post=336212"},{"taxonomy":"es_floor_covering","embeddable":true,"href":"https:\/\/arriendo.com\/co\/wp-json\/wp\/v2\/es_floor_coverings?post=336212"},{"taxonomy":"es_feature","embeddable":true,"href":"https:\/\/arriendo.com\/co\/wp-json\/wp\/v2\/es_features?post=336212"},{"taxonomy":"es_amenity","embeddable":true,"href":"https:\/\/arriendo.com\/co\/wp-json\/wp\/v2\/es_amenities?post=336212"},{"taxonomy":"es_neighborhood","embeddable":true,"href":"https:\/\/arriendo.com\/co\/wp-json\/wp\/v2\/es_neighborhoods?post=336212"},{"taxonomy":"es_tag","embeddable":true,"href":"https:\/\/arriendo.com\/co\/wp-json\/wp\/v2\/es_tags?post=336212"}],"curies":[{"name":"wp","href":"https:\/\/api.w.org\/{rel}","templated":true}]}}

<p>SE ARRIENDA!! Apartamento vía cerritos, conjunto Villa Palma, sector exclusivo de la ciudad, con hermosa vista y cerca a todo, colegios, universidades, supermercados, centros comerciales, cómodas vías de acceso. el apartamento cuenta con 2 habitaciones con closet, estudio, 2 baños, sala comedor, cocina integral con hermosos acabados, zona de ropas. cuenta además con parqueadero privado!! CONTACTANOS&#8230;  ***</p>

SE ARRIENDA!! Apartamento vía cerritos, conjunto Villa Palma, sector exclusivo...
