{"id":334675,"date":"2026-02-20T08:42:51","date_gmt":"2026-02-20T13:42:51","guid":{"rendered":"https:\/\/arriendo.com\/co\/%es_type%\/%address_city%\/%neighborhood%\/pereira-cerritos-apartamento-en-arriendo-en-b4d9bb\/"},"modified":"2026-02-20T08:42:51","modified_gmt":"2026-02-20T13:42:51","slug":"AR-334675","status":"publish","type":"properties","link":"https:\/\/arriendo.com\/co\/apartamentos\/pereira\/cerritos\/AR-334675\/","title":{"rendered":"Apartamento en Arriendo en Cerritos, Pereira"},"content":{"rendered":"<p>El valor del canon incluye administraci\u00f3n, NO incluye mobiliario.<\/p>\n<p>Presentamos este hermoso apartamento en alquiler, en el sector campestre de mayor valorizaci\u00f3n en la ciudad de Pereira. Cerritos, una zona de encanto que te permitir\u00e1 disfrutar de todo lo que necesitas para mejorar tu calidad vida. Su ubicaci\u00f3n con vista priviligiada. Este apartamento cuenta desde su acceso con, hall de ingreso, ba\u00f1o de servicio, sala comedor integrada a terraza amplia con vista infinita, cocina italiana integral con torre de hornos, zona de ropas independiente con calentador y mueble de aseo, estudio o sala de estar, 1 habitaci\u00f3n secundaria con closet y ba\u00f1o privado, habitaci\u00f3n principal con balc\u00f3n, vestier, ba\u00f1o amplio con doble lavamanos. Cuenta con 1 parqueadero cubierto  en s\u00f3tano y 1 dep\u00f3sito. El conjunto cuenta con \u00e1rea social tipo club house.<\/p>\n","protected":false},"excerpt":{"rendered":"El valor del canon incluye administraci\u00f3n, NO incluye mobiliario. Presentamos...","protected":false},"author":6343,"featured_media":334678,"template":"","es_locations":[232,231,102],"es_categories":[124],"es_types":[114],"es_rent_periods":[],"es_labels":[],"es_statuses":[],"es_parkings":[],"es_roofs":[],"es_exterior_materials":[],"es_basements":[],"es_floor_coverings":[],"es_features":[2292,149,2229,131,132,2212,2164,2263,2232,2145,2211,2233,2131,2166,2175,2274,2146,2147,2148,2312,2331,151,2225,2196,136,2149,2179,2282,145,2203,2370,2216,2132,2180,2272,2365,2133,2181,2544,2182,2135,2150,143,2136,144,2306,2137,2151,2300,2185,2152,2204],"es_amenities":[2294,2329,2261,152,2186,2217,2187,2269,2246,2153,2210,2248,2139,2189,2190,2278,2155,2156,2157,2314,2332,2270,2250,2197,2158,2159,154,2287,2160,2208,2371,156,2140,157,2273,2366,158,2547,159,2142,2161,2290,2143,161,2289,2308,2144,162,2301,2173,2162,2209],"es_neighborhoods":[],"es_tags":[],"class_list":["post-334675","properties","type-properties","status-publish","has-post-thumbnail","hentry","es_location-cerritos","es_location-pereira","es_location-risaralda","es_category-arriendo","es_type-apartamentos","es_feature-acceso-pavimentado","es_feature-aire-acondicionado","es_feature-arboles-frutales","es_feature-ascensor","es_feature-balcon","es_feature-bano-auxiliar","es_feature-bano-independiente","es_feature-barra-estilo-americano","es_feature-bosque-nativo","es_feature-calentador","es_feature-canchas-deportivas","es_feature-cerca-de-zona-urbana","es_feature-circuito-cerrado-de-tv","es_feature-closet","es_feature-cochera","es_feature-cocina-equipada","es_feature-cocina-integral","es_feature-cocina-tipo-americano","es_feature-colegios-universidades","es_feature-comedor-auxiliar","es_feature-cuarto-de-servicio","es_feature-deposito-bodega","es_feature-despensa","es_feature-en-conjunto-cerrado","es_feature-estudio","es_feature-garajes","es_feature-gimnasio","es_feature-hall-de-alcobas","es_feature-instalacion-de-gas","es_feature-jardines-exteriores","es_feature-oficina-de-negocios","es_feature-parqueadero-visitantes","es_feature-parques-cercanos","es_feature-piscina","es_feature-piso-en-baldosa-marmol","es_feature-planta-electrica","es_feature-porteria-recepcion","es_feature-porteria-vigilancia","es_feature-rio-quebrada-cercanoa","es_feature-salon-comunal","es_feature-sobre-via-principal","es_feature-supermercados-c-comerciales","es_feature-terraza","es_feature-trans-publico-cercano","es_feature-vista-panoramica","es_feature-zona-campestre","es_feature-zona-comercial","es_feature-zona-de-lavanderia","es_feature-zona-industrial","es_feature-zona-infantil","es_feature-zona-residencial","es_feature-zonas-verdes","es_amenity-acceso-pavimentado","es_amenity-aire-acondicionado","es_amenity-arboles-frutales","es_amenity-ascensor-privado","es_amenity-balcon","es_amenity-bano-auxiliar","es_amenity-bano-independiente","es_amenity-barra-estilo-americano","es_amenity-bosque-nativo","es_amenity-calentador","es_amenity-canchas-deportivas","es_amenity-cerca-de-zona-urbana","es_amenity-circuito-cerrado-de-tv","es_amenity-closet","es_amenity-cochera","es_amenity-cocina-equipada","es_amenity-cocina-integral","es_amenity-cocina-tipo-americano","es_amenity-colegios-universidades","es_amenity-comedor-auxiliar","es_amenity-cuarto-de-servicio","es_amenity-deposito-bodega","es_amenity-despensa","es_amenity-en-conjunto-cerrado","es_amenity-estudio","es_amenity-garajes","es_amenity-gimnasio","es_amenity-hall-de-alcobas","es_amenity-instalacion-de-gas","es_amenity-jardines-exteriores","es_amenity-oficina-de-negocios","es_amenity-parqueadero-visitantes","es_amenity-parques-cercanos","es_amenity-piscina","es_amenity-piso-en-baldosa-marmol","es_amenity-planta-electrica","es_amenity-porteria-recepcion","es_amenity-rio-quebrada-cercanoa","es_amenity-salon-comunal","es_amenity-sobre-via-principal","es_amenity-supermercados-c-comerciales","es_amenity-terraza","es_amenity-trans-publico-cercano","es_amenity-vigilancia-24-7","es_amenity-vista-panoramica","es_amenity-zona-campestre","es_amenity-zona-comercial","es_amenity-zona-de-lavanderia","es_amenity-zona-industrial","es_amenity-zona-infantil","es_amenity-zona-residencial","es_amenity-zonas-verdes","es-post-entity"],"_links":{"self":[{"href":"https:\/\/arriendo.com\/co\/wp-json\/wp\/v2\/properties\/334675","targetHints":{"allow":["GET"]}}],"collection":[{"href":"https:\/\/arriendo.com\/co\/wp-json\/wp\/v2\/properties"}],"about":[{"href":"https:\/\/arriendo.com\/co\/wp-json\/wp\/v2\/types\/properties"}],"author":[{"embeddable":true,"href":"https:\/\/arriendo.com\/co\/wp-json\/wp\/v2\/users\/6343"}],"version-history":[{"count":0,"href":"https:\/\/arriendo.com\/co\/wp-json\/wp\/v2\/properties\/334675\/revisions"}],"wp:featuredmedia":[{"embeddable":true,"href":"https:\/\/arriendo.com\/co\/wp-json\/wp\/v2\/media\/334678"}],"wp:attachment":[{"href":"https:\/\/arriendo.com\/co\/wp-json\/wp\/v2\/media?parent=334675"}],"wp:term":[{"taxonomy":"es_location","embeddable":true,"href":"https:\/\/arriendo.com\/co\/wp-json\/wp\/v2\/es_locations?post=334675"},{"taxonomy":"es_category","embeddable":true,"href":"https:\/\/arriendo.com\/co\/wp-json\/wp\/v2\/es_categories?post=334675"},{"taxonomy":"es_type","embeddable":true,"href":"https:\/\/arriendo.com\/co\/wp-json\/wp\/v2\/es_types?post=334675"},{"taxonomy":"es_rent_period","embeddable":true,"href":"https:\/\/arriendo.com\/co\/wp-json\/wp\/v2\/es_rent_periods?post=334675"},{"taxonomy":"es_label","embeddable":true,"href":"https:\/\/arriendo.com\/co\/wp-json\/wp\/v2\/es_labels?post=334675"},{"taxonomy":"es_status","embeddable":true,"href":"https:\/\/arriendo.com\/co\/wp-json\/wp\/v2\/es_statuses?post=334675"},{"taxonomy":"es_parking","embeddable":true,"href":"https:\/\/arriendo.com\/co\/wp-json\/wp\/v2\/es_parkings?post=334675"},{"taxonomy":"es_roof","embeddable":true,"href":"https:\/\/arriendo.com\/co\/wp-json\/wp\/v2\/es_roofs?post=334675"},{"taxonomy":"es_exterior_material","embeddable":true,"href":"https:\/\/arriendo.com\/co\/wp-json\/wp\/v2\/es_exterior_materials?post=334675"},{"taxonomy":"es_basement","embeddable":true,"href":"https:\/\/arriendo.com\/co\/wp-json\/wp\/v2\/es_basements?post=334675"},{"taxonomy":"es_floor_covering","embeddable":true,"href":"https:\/\/arriendo.com\/co\/wp-json\/wp\/v2\/es_floor_coverings?post=334675"},{"taxonomy":"es_feature","embeddable":true,"href":"https:\/\/arriendo.com\/co\/wp-json\/wp\/v2\/es_features?post=334675"},{"taxonomy":"es_amenity","embeddable":true,"href":"https:\/\/arriendo.com\/co\/wp-json\/wp\/v2\/es_amenities?post=334675"},{"taxonomy":"es_neighborhood","embeddable":true,"href":"https:\/\/arriendo.com\/co\/wp-json\/wp\/v2\/es_neighborhoods?post=334675"},{"taxonomy":"es_tag","embeddable":true,"href":"https:\/\/arriendo.com\/co\/wp-json\/wp\/v2\/es_tags?post=334675"}],"curies":[{"name":"wp","href":"https:\/\/api.w.org\/{rel}","templated":true}]}}

<p>El valor del canon incluye administración, NO incluye mobiliario.</p>
<p>Presentamos este hermoso apartamento en alquiler, en el sector campestre de mayor valorización en la ciudad de Pereira. Cerritos, una zona de encanto que te permitirá disfrutar de todo lo que necesitas para mejorar tu calidad vida. Su ubicación con vista priviligiada. Este apartamento cuenta desde su acceso con, hall de ingreso, baño de servicio, sala comedor integrada a terraza amplia con vista infinita, cocina italiana integral con torre de hornos, zona de ropas independiente con calentador y mueble de aseo, estudio o sala de estar, 1 habitación secundaria con closet y baño privado, habitación principal con balcón, vestier, baño amplio con doble lavamanos. Cuenta con 1 parqueadero cubierto  en sótano y 1 depósito. El conjunto cuenta con área social tipo club house.</p>

El valor del canon incluye administración, NO incluye mobiliario. Presentamos...
