{"id":334386,"date":"2026-02-20T08:38:07","date_gmt":"2026-02-20T13:38:07","guid":{"rendered":"https:\/\/arriendo.com\/co\/%es_type%\/%address_city%\/%neighborhood%\/pereira-cerritos-apartamento-en-arriendo-en-f09dce\/"},"modified":"2026-02-20T08:38:07","modified_gmt":"2026-02-20T13:38:07","slug":"AR-334386","status":"publish","type":"properties","link":"https:\/\/arriendo.com\/co\/apartamentos\/pereira\/cerritos\/AR-334386\/","title":{"rendered":"Apartamento en Arriendo en Cerritos, Pereira"},"content":{"rendered":"<p>El valor del canon incluye administraci\u00f3n. Presentamos esta megapropiedad tipo apartamento en alquiler en el sector de cerritos Pereira, con dise\u00f1os vanguardistas y acabados de lujo, justo para quienes gustan de la elegancia y el confort. Est\u00e1 ubicada en un octavo piso, goza de una terraza o balc\u00f3n de grandes proporciones y una distribuci\u00f3n de espacios inteligentes, cocina integral con barra americana, zona de ropas, sala comedor, habitaci\u00f3n principal con ba\u00f1o y vestier, una habitaci\u00f3n auxiliar con closet y ba\u00f1o compartido con la zona social, hall de alcobas, cuarto \u00fatil, parqueadero cubierto para 2 vehiculos. El edificio cuenta con sal\u00f3n social, piscina, gimnasio, canchas m\u00faltiples, BBQ, juegos infantiles entre otros.<\/p>\n","protected":false},"excerpt":{"rendered":"El valor del canon incluye administraci\u00f3n. Presentamos esta megapropiedad tipo...","protected":false},"author":6343,"featured_media":334389,"template":"","es_locations":[232,231,102],"es_categories":[124],"es_types":[114],"es_rent_periods":[],"es_labels":[],"es_statuses":[],"es_parkings":[],"es_roofs":[],"es_exterior_materials":[],"es_basements":[],"es_floor_coverings":[],"es_features":[2292,2407,131,132,2212,2164,2263,2145,2199,2215,2211,2131,2166,2175,2146,2147,2148,2312,151,2225,2196,2149,2179,2282,145,2370,2216,2132,2180,2272,2365,2133,2181,2182,2150,143,2136,144,2306,2137,2151,2185,2152,2204],"es_amenities":[2294,2408,152,2186,2217,2187,2269,2153,2198,2214,2210,2139,2189,2190,2155,2156,2157,2314,2270,2250,2197,2159,154,2287,2160,2371,156,2140,157,2273,2366,158,159,2161,2290,2143,161,2289,2308,2144,162,2173,2162,2209],"es_neighborhoods":[],"es_tags":[],"class_list":["post-334386","properties","type-properties","status-publish","has-post-thumbnail","hentry","es_location-cerritos","es_location-pereira","es_location-risaralda","es_category-arriendo","es_type-apartamentos","es_feature-acceso-pavimentado","es_feature-asador","es_feature-ascensor","es_feature-balcon","es_feature-bano-auxiliar","es_feature-bano-independiente","es_feature-barra-estilo-americano","es_feature-calentador","es_feature-cancha-de-futbol","es_feature-cancha-de-squash","es_feature-canchas-deportivas","es_feature-circuito-cerrado-de-tv","es_feature-closet","es_feature-cochera","es_feature-cocina-integral","es_feature-cocina-tipo-americano","es_feature-colegios-universidades","es_feature-comedor-auxiliar","es_feature-deposito-bodega","es_feature-despensa","es_feature-en-conjunto-cerrado","es_feature-garajes","es_feature-gimnasio","es_feature-hall-de-alcobas","es_feature-instalacion-de-gas","es_feature-oficina-de-negocios","es_feature-parqueadero-visitantes","es_feature-parques-cercanos","es_feature-piscina","es_feature-piso-en-baldosa-marmol","es_feature-planta-electrica","es_feature-porteria-recepcion","es_feature-porteria-vigilancia","es_feature-salon-comunal","es_feature-supermercados-c-comerciales","es_feature-terraza","es_feature-trans-publico-cercano","es_feature-vista-panoramica","es_feature-zona-campestre","es_feature-zona-comercial","es_feature-zona-de-lavanderia","es_feature-zona-infantil","es_feature-zona-residencial","es_feature-zonas-verdes","es_amenity-acceso-pavimentado","es_amenity-asador","es_amenity-ascensor-privado","es_amenity-balcon","es_amenity-bano-auxiliar","es_amenity-bano-independiente","es_amenity-barra-estilo-americano","es_amenity-calentador","es_amenity-cancha-de-futbol","es_amenity-cancha-de-squash","es_amenity-canchas-deportivas","es_amenity-circuito-cerrado-de-tv","es_amenity-closet","es_amenity-cochera","es_amenity-cocina-integral","es_amenity-cocina-tipo-americano","es_amenity-colegios-universidades","es_amenity-comedor-auxiliar","es_amenity-deposito-bodega","es_amenity-despensa","es_amenity-en-conjunto-cerrado","es_amenity-garajes","es_amenity-gimnasio","es_amenity-hall-de-alcobas","es_amenity-instalacion-de-gas","es_amenity-oficina-de-negocios","es_amenity-parqueadero-visitantes","es_amenity-parques-cercanos","es_amenity-piscina","es_amenity-piso-en-baldosa-marmol","es_amenity-planta-electrica","es_amenity-porteria-recepcion","es_amenity-salon-comunal","es_amenity-supermercados-c-comerciales","es_amenity-terraza","es_amenity-trans-publico-cercano","es_amenity-vigilancia-24-7","es_amenity-vista-panoramica","es_amenity-zona-campestre","es_amenity-zona-comercial","es_amenity-zona-de-lavanderia","es_amenity-zona-infantil","es_amenity-zona-residencial","es_amenity-zonas-verdes","es-post-entity"],"_links":{"self":[{"href":"https:\/\/arriendo.com\/co\/wp-json\/wp\/v2\/properties\/334386","targetHints":{"allow":["GET"]}}],"collection":[{"href":"https:\/\/arriendo.com\/co\/wp-json\/wp\/v2\/properties"}],"about":[{"href":"https:\/\/arriendo.com\/co\/wp-json\/wp\/v2\/types\/properties"}],"author":[{"embeddable":true,"href":"https:\/\/arriendo.com\/co\/wp-json\/wp\/v2\/users\/6343"}],"version-history":[{"count":0,"href":"https:\/\/arriendo.com\/co\/wp-json\/wp\/v2\/properties\/334386\/revisions"}],"wp:featuredmedia":[{"embeddable":true,"href":"https:\/\/arriendo.com\/co\/wp-json\/wp\/v2\/media\/334389"}],"wp:attachment":[{"href":"https:\/\/arriendo.com\/co\/wp-json\/wp\/v2\/media?parent=334386"}],"wp:term":[{"taxonomy":"es_location","embeddable":true,"href":"https:\/\/arriendo.com\/co\/wp-json\/wp\/v2\/es_locations?post=334386"},{"taxonomy":"es_category","embeddable":true,"href":"https:\/\/arriendo.com\/co\/wp-json\/wp\/v2\/es_categories?post=334386"},{"taxonomy":"es_type","embeddable":true,"href":"https:\/\/arriendo.com\/co\/wp-json\/wp\/v2\/es_types?post=334386"},{"taxonomy":"es_rent_period","embeddable":true,"href":"https:\/\/arriendo.com\/co\/wp-json\/wp\/v2\/es_rent_periods?post=334386"},{"taxonomy":"es_label","embeddable":true,"href":"https:\/\/arriendo.com\/co\/wp-json\/wp\/v2\/es_labels?post=334386"},{"taxonomy":"es_status","embeddable":true,"href":"https:\/\/arriendo.com\/co\/wp-json\/wp\/v2\/es_statuses?post=334386"},{"taxonomy":"es_parking","embeddable":true,"href":"https:\/\/arriendo.com\/co\/wp-json\/wp\/v2\/es_parkings?post=334386"},{"taxonomy":"es_roof","embeddable":true,"href":"https:\/\/arriendo.com\/co\/wp-json\/wp\/v2\/es_roofs?post=334386"},{"taxonomy":"es_exterior_material","embeddable":true,"href":"https:\/\/arriendo.com\/co\/wp-json\/wp\/v2\/es_exterior_materials?post=334386"},{"taxonomy":"es_basement","embeddable":true,"href":"https:\/\/arriendo.com\/co\/wp-json\/wp\/v2\/es_basements?post=334386"},{"taxonomy":"es_floor_covering","embeddable":true,"href":"https:\/\/arriendo.com\/co\/wp-json\/wp\/v2\/es_floor_coverings?post=334386"},{"taxonomy":"es_feature","embeddable":true,"href":"https:\/\/arriendo.com\/co\/wp-json\/wp\/v2\/es_features?post=334386"},{"taxonomy":"es_amenity","embeddable":true,"href":"https:\/\/arriendo.com\/co\/wp-json\/wp\/v2\/es_amenities?post=334386"},{"taxonomy":"es_neighborhood","embeddable":true,"href":"https:\/\/arriendo.com\/co\/wp-json\/wp\/v2\/es_neighborhoods?post=334386"},{"taxonomy":"es_tag","embeddable":true,"href":"https:\/\/arriendo.com\/co\/wp-json\/wp\/v2\/es_tags?post=334386"}],"curies":[{"name":"wp","href":"https:\/\/api.w.org\/{rel}","templated":true}]}}

<p>El valor del canon incluye administración. Presentamos esta megapropiedad tipo apartamento en alquiler en el sector de cerritos Pereira, con diseños vanguardistas y acabados de lujo, justo para quienes gustan de la elegancia y el confort. Está ubicada en un octavo piso, goza de una terraza o balcón de grandes proporciones y una distribución de espacios inteligentes, cocina integral con barra americana, zona de ropas, sala comedor, habitación principal con baño y vestier, una habitación auxiliar con closet y baño compartido con la zona social, hall de alcobas, cuarto útil, parqueadero cubierto para 2 vehiculos. El edificio cuenta con salón social, piscina, gimnasio, canchas múltiples, BBQ, juegos infantiles entre otros.</p>

El valor del canon incluye administración. Presentamos esta megapropiedad tipo...
