{"id":333242,"date":"2026-02-20T08:18:17","date_gmt":"2026-02-20T13:18:17","guid":{"rendered":"https:\/\/arriendo.com\/co\/%es_type%\/%address_city%\/%neighborhood%\/mosquera-novaterra-apartamento-en-arriendo-904006\/"},"modified":"2026-02-20T08:18:17","modified_gmt":"2026-02-20T13:18:17","slug":"AR-333242","status":"publish","type":"properties","link":"https:\/\/arriendo.com\/co\/apartamentos\/mosquera\/novaterra\/AR-333242\/","title":{"rendered":"Apartamento en  Arriendo en Novaterra, Mosquera"},"content":{"rendered":"<p>Hermoso e iluminado apartamento de aproximadamente 58 m2. Cuenta con sala comedor, balc\u00f3n, cocina integral, 2 habitaciones, un ba\u00f1o social y uno privado, estudio, zona de ropas y parqueadero cubierto. Ubicado a 20 minutos del Parque principal de Mosquera, Centro Comercial Ecoplaza, cerca al Mall Meridiano de Novaterra, Homecenter, supermercados y a sector comercial. C\u00f3modo y gran acceso a transporte p\u00fablico y v\u00edas como Calle 13 y Calle 80.<\/p>\n","protected":false},"excerpt":{"rendered":"Hermoso e iluminado apartamento de aproximadamente 58 m2. Cuenta con...","protected":false},"author":8342,"featured_media":333245,"template":"","es_locations":[91,508,2881],"es_categories":[124],"es_types":[114],"es_rent_periods":[],"es_labels":[],"es_statuses":[],"es_parkings":[],"es_roofs":[],"es_exterior_materials":[],"es_basements":[],"es_floor_coverings":[],"es_features":[131,132,2212,2145,2146,2148,2196,136,2179,2132,2180,2181,2182,2136,2185,2152,2204],"es_amenities":[152,2186,2217,2153,2155,2157,2197,2158,154,2140,157,159,2143,161,2173,2162,2209],"es_neighborhoods":[],"es_tags":[],"class_list":["post-333242","properties","type-properties","status-publish","has-post-thumbnail","hentry","es_location-cundinamarca","es_location-mosquera","es_location-novaterra","es_category-arriendo","es_type-apartamentos","es_feature-ascensor","es_feature-balcon","es_feature-bano-auxiliar","es_feature-calentador","es_feature-cocina-integral","es_feature-colegios-universidades","es_feature-en-conjunto-cerrado","es_feature-estudio","es_feature-gimnasio","es_feature-parques-cercanos","es_feature-piscina","es_feature-porteria-vigilancia","es_feature-salon-comunal","es_feature-trans-publico-cercano","es_feature-zona-infantil","es_feature-zona-residencial","es_feature-zonas-verdes","es_amenity-ascensor-privado","es_amenity-balcon","es_amenity-bano-auxiliar","es_amenity-calentador","es_amenity-cocina-integral","es_amenity-colegios-universidades","es_amenity-en-conjunto-cerrado","es_amenity-estudio","es_amenity-gimnasio","es_amenity-parques-cercanos","es_amenity-piscina","es_amenity-salon-comunal","es_amenity-trans-publico-cercano","es_amenity-vigilancia-24-7","es_amenity-zona-infantil","es_amenity-zona-residencial","es_amenity-zonas-verdes","es-post-entity"],"_links":{"self":[{"href":"https:\/\/arriendo.com\/co\/wp-json\/wp\/v2\/properties\/333242","targetHints":{"allow":["GET"]}}],"collection":[{"href":"https:\/\/arriendo.com\/co\/wp-json\/wp\/v2\/properties"}],"about":[{"href":"https:\/\/arriendo.com\/co\/wp-json\/wp\/v2\/types\/properties"}],"author":[{"embeddable":true,"href":"https:\/\/arriendo.com\/co\/wp-json\/wp\/v2\/users\/8342"}],"version-history":[{"count":0,"href":"https:\/\/arriendo.com\/co\/wp-json\/wp\/v2\/properties\/333242\/revisions"}],"wp:featuredmedia":[{"embeddable":true,"href":"https:\/\/arriendo.com\/co\/wp-json\/wp\/v2\/media\/333245"}],"wp:attachment":[{"href":"https:\/\/arriendo.com\/co\/wp-json\/wp\/v2\/media?parent=333242"}],"wp:term":[{"taxonomy":"es_location","embeddable":true,"href":"https:\/\/arriendo.com\/co\/wp-json\/wp\/v2\/es_locations?post=333242"},{"taxonomy":"es_category","embeddable":true,"href":"https:\/\/arriendo.com\/co\/wp-json\/wp\/v2\/es_categories?post=333242"},{"taxonomy":"es_type","embeddable":true,"href":"https:\/\/arriendo.com\/co\/wp-json\/wp\/v2\/es_types?post=333242"},{"taxonomy":"es_rent_period","embeddable":true,"href":"https:\/\/arriendo.com\/co\/wp-json\/wp\/v2\/es_rent_periods?post=333242"},{"taxonomy":"es_label","embeddable":true,"href":"https:\/\/arriendo.com\/co\/wp-json\/wp\/v2\/es_labels?post=333242"},{"taxonomy":"es_status","embeddable":true,"href":"https:\/\/arriendo.com\/co\/wp-json\/wp\/v2\/es_statuses?post=333242"},{"taxonomy":"es_parking","embeddable":true,"href":"https:\/\/arriendo.com\/co\/wp-json\/wp\/v2\/es_parkings?post=333242"},{"taxonomy":"es_roof","embeddable":true,"href":"https:\/\/arriendo.com\/co\/wp-json\/wp\/v2\/es_roofs?post=333242"},{"taxonomy":"es_exterior_material","embeddable":true,"href":"https:\/\/arriendo.com\/co\/wp-json\/wp\/v2\/es_exterior_materials?post=333242"},{"taxonomy":"es_basement","embeddable":true,"href":"https:\/\/arriendo.com\/co\/wp-json\/wp\/v2\/es_basements?post=333242"},{"taxonomy":"es_floor_covering","embeddable":true,"href":"https:\/\/arriendo.com\/co\/wp-json\/wp\/v2\/es_floor_coverings?post=333242"},{"taxonomy":"es_feature","embeddable":true,"href":"https:\/\/arriendo.com\/co\/wp-json\/wp\/v2\/es_features?post=333242"},{"taxonomy":"es_amenity","embeddable":true,"href":"https:\/\/arriendo.com\/co\/wp-json\/wp\/v2\/es_amenities?post=333242"},{"taxonomy":"es_neighborhood","embeddable":true,"href":"https:\/\/arriendo.com\/co\/wp-json\/wp\/v2\/es_neighborhoods?post=333242"},{"taxonomy":"es_tag","embeddable":true,"href":"https:\/\/arriendo.com\/co\/wp-json\/wp\/v2\/es_tags?post=333242"}],"curies":[{"name":"wp","href":"https:\/\/api.w.org\/{rel}","templated":true}]}}

<p>Hermoso e iluminado apartamento de aproximadamente 58 m2. Cuenta con sala comedor, balcón, cocina integral, 2 habitaciones, un baño social y uno privado, estudio, zona de ropas y parqueadero cubierto. Ubicado a 20 minutos del Parque principal de Mosquera, Centro Comercial Ecoplaza, cerca al Mall Meridiano de Novaterra, Homecenter, supermercados y a sector comercial. Cómodo y gran acceso a transporte público y vías como Calle 13 y Calle 80.</p>
