{"id":333178,"date":"2026-02-20T08:17:14","date_gmt":"2026-02-20T13:17:14","guid":{"rendered":"https:\/\/arriendo.com\/co\/%es_type%\/%address_city%\/%neighborhood%\/mosquera-novaterra-apartamento-en-arriendo-en-ae3a18\/"},"modified":"2026-02-20T08:17:14","modified_gmt":"2026-02-20T13:17:14","slug":"AR-333178","status":"publish","type":"properties","link":"https:\/\/arriendo.com\/co\/apartamentos\/mosquera\/novaterra\/AR-333178\/","title":{"rendered":"Apartamento en arriendo en Novaterra, Mosquera"},"content":{"rendered":"<p>Espectacular y hermoso apartamento amoblado de aproximadamente 64 mt2, cuenta con sala comedor &#8211; espaciosa, 3 habitaciones con su respectivo closet, cocina totalmente integral, 2 ba\u00f1os, privado y compartido, zona de ropas, balc\u00f3n en la sala comedor y parqueadero cubierto privado, pueden hacer uso de zonas verdes, piscina, gimnasio, sal\u00f3n social, parqueadero de visitantes, zona para mascotas y juegos infantiles (Club House). Ubicado cerca al centro principal de Mosquera, a 15 minutos del Centro comercial Ecoplaza, f\u00e1cil y cercano acceso al Mall Meridiano de Novaterra y Homecenter, posee gran facilidad de acceso a transporte p\u00fablico para Bogot\u00e1 calle 13 y calle 80. 679-61563<\/p>\n","protected":false},"excerpt":{"rendered":"Espectacular y hermoso apartamento amoblado de aproximadamente 64 mt2, cuenta...","protected":false},"author":8342,"featured_media":333181,"template":"","es_locations":[91,508,2881],"es_categories":[124],"es_types":[114],"es_rent_periods":[],"es_labels":[],"es_statuses":[],"es_parkings":[],"es_roofs":[],"es_exterior_materials":[],"es_basements":[],"es_floor_coverings":[],"es_features":[131,132,2212,2145,2200,2293,2233,2166,2146,2148,2213,2234,2266,2196,2176,136,2178,2235,2216,2132,2272,2418,2133,2236,2237,2227,2150,2228,2241,2242,2151,2300,2152,2204],"es_amenities":[152,2186,2217,2153,2205,2295,2248,2189,2155,2157,2218,2249,2264,2197,2191,2158,2193,2252,156,2140,2273,2419,158,2253,160,2255,2161,2258,2259,2260,162,2301,2162,2209],"es_neighborhoods":[],"es_tags":[],"class_list":["post-333178","properties","type-properties","status-publish","has-post-thumbnail","hentry","es_location-cundinamarca","es_location-mosquera","es_location-novaterra","es_category-arriendo","es_type-apartamentos","es_feature-ascensor","es_feature-balcon","es_feature-bano-auxiliar","es_feature-calentador","es_feature-cerca-a-sector-comercial","es_feature-cerca-centro-comercial","es_feature-cerca-de-zona-urbana","es_feature-closet","es_feature-cocina-integral","es_feature-colegios-universidades","es_feature-comedor","es_feature-comodas-vias-de-acceso","es_feature-con-casa-club","es_feature-en-conjunto-cerrado","es_feature-en-zona-residencial","es_feature-estudio","es_feature-garaje-cubierto","es_feature-nacimientos-de-agua","es_feature-parqueadero-visitantes","es_feature-parques-cercanos","es_feature-piso-en-baldosa-marmol","es_feature-piso-en-madera","es_feature-porteria-recepcion","es_feature-restaurantes","es_feature-seguridad","es_feature-shut-de-basura","es_feature-supermercados-c-comerciales","es_feature-ventilacion-natural","es_feature-vigilancia-24x7","es_feature-vigilancia-privada-247","es_feature-zona-de-lavanderia","es_feature-zona-industrial","es_feature-zona-residencial","es_feature-zonas-verdes","es_amenity-ascensor-privado","es_amenity-balcon","es_amenity-bano-auxiliar","es_amenity-calentador","es_amenity-cerca-a-sector-comercial","es_amenity-cerca-centro-comercial","es_amenity-cerca-de-zona-urbana","es_amenity-closet","es_amenity-cocina-integral","es_amenity-colegios-universidades","es_amenity-comedor","es_amenity-comodas-vias-de-acceso","es_amenity-con-casa-club","es_amenity-en-conjunto-cerrado","es_amenity-en-zona-residencial","es_amenity-estudio","es_amenity-garaje-cubierto","es_amenity-nacimientos-de-agua","es_amenity-parqueadero-visitantes","es_amenity-parques-cercanos","es_amenity-piso-en-baldosa-marmol","es_amenity-piso-en-madera","es_amenity-porteria-recepcion","es_amenity-restaurantes","es_amenity-seguridad-cctv","es_amenity-shut-de-basura","es_amenity-supermercados-c-comerciales","es_amenity-ventilacion-natural","es_amenity-vigilancia-24x7","es_amenity-vigilancia-privada-247","es_amenity-zona-de-lavanderia","es_amenity-zona-industrial","es_amenity-zona-residencial","es_amenity-zonas-verdes","es-post-entity"],"_links":{"self":[{"href":"https:\/\/arriendo.com\/co\/wp-json\/wp\/v2\/properties\/333178","targetHints":{"allow":["GET"]}}],"collection":[{"href":"https:\/\/arriendo.com\/co\/wp-json\/wp\/v2\/properties"}],"about":[{"href":"https:\/\/arriendo.com\/co\/wp-json\/wp\/v2\/types\/properties"}],"author":[{"embeddable":true,"href":"https:\/\/arriendo.com\/co\/wp-json\/wp\/v2\/users\/8342"}],"version-history":[{"count":0,"href":"https:\/\/arriendo.com\/co\/wp-json\/wp\/v2\/properties\/333178\/revisions"}],"wp:featuredmedia":[{"embeddable":true,"href":"https:\/\/arriendo.com\/co\/wp-json\/wp\/v2\/media\/333181"}],"wp:attachment":[{"href":"https:\/\/arriendo.com\/co\/wp-json\/wp\/v2\/media?parent=333178"}],"wp:term":[{"taxonomy":"es_location","embeddable":true,"href":"https:\/\/arriendo.com\/co\/wp-json\/wp\/v2\/es_locations?post=333178"},{"taxonomy":"es_category","embeddable":true,"href":"https:\/\/arriendo.com\/co\/wp-json\/wp\/v2\/es_categories?post=333178"},{"taxonomy":"es_type","embeddable":true,"href":"https:\/\/arriendo.com\/co\/wp-json\/wp\/v2\/es_types?post=333178"},{"taxonomy":"es_rent_period","embeddable":true,"href":"https:\/\/arriendo.com\/co\/wp-json\/wp\/v2\/es_rent_periods?post=333178"},{"taxonomy":"es_label","embeddable":true,"href":"https:\/\/arriendo.com\/co\/wp-json\/wp\/v2\/es_labels?post=333178"},{"taxonomy":"es_status","embeddable":true,"href":"https:\/\/arriendo.com\/co\/wp-json\/wp\/v2\/es_statuses?post=333178"},{"taxonomy":"es_parking","embeddable":true,"href":"https:\/\/arriendo.com\/co\/wp-json\/wp\/v2\/es_parkings?post=333178"},{"taxonomy":"es_roof","embeddable":true,"href":"https:\/\/arriendo.com\/co\/wp-json\/wp\/v2\/es_roofs?post=333178"},{"taxonomy":"es_exterior_material","embeddable":true,"href":"https:\/\/arriendo.com\/co\/wp-json\/wp\/v2\/es_exterior_materials?post=333178"},{"taxonomy":"es_basement","embeddable":true,"href":"https:\/\/arriendo.com\/co\/wp-json\/wp\/v2\/es_basements?post=333178"},{"taxonomy":"es_floor_covering","embeddable":true,"href":"https:\/\/arriendo.com\/co\/wp-json\/wp\/v2\/es_floor_coverings?post=333178"},{"taxonomy":"es_feature","embeddable":true,"href":"https:\/\/arriendo.com\/co\/wp-json\/wp\/v2\/es_features?post=333178"},{"taxonomy":"es_amenity","embeddable":true,"href":"https:\/\/arriendo.com\/co\/wp-json\/wp\/v2\/es_amenities?post=333178"},{"taxonomy":"es_neighborhood","embeddable":true,"href":"https:\/\/arriendo.com\/co\/wp-json\/wp\/v2\/es_neighborhoods?post=333178"},{"taxonomy":"es_tag","embeddable":true,"href":"https:\/\/arriendo.com\/co\/wp-json\/wp\/v2\/es_tags?post=333178"}],"curies":[{"name":"wp","href":"https:\/\/api.w.org\/{rel}","templated":true}]}}

<p>Espectacular y hermoso apartamento amoblado de aproximadamente 64 mt2, cuenta con sala comedor &#8211; espaciosa, 3 habitaciones con su respectivo closet, cocina totalmente integral, 2 baños, privado y compartido, zona de ropas, balcón en la sala comedor y parqueadero cubierto privado, pueden hacer uso de zonas verdes, piscina, gimnasio, salón social, parqueadero de visitantes, zona para mascotas y juegos infantiles (Club House). Ubicado cerca al centro principal de Mosquera, a 15 minutos del Centro comercial Ecoplaza, fácil y cercano acceso al Mall Meridiano de Novaterra y Homecenter, posee gran facilidad de acceso a transporte público para Bogotá calle 13 y calle 80. 679-61563</p>
