{"id":333164,"date":"2026-02-20T08:17:03","date_gmt":"2026-02-20T13:17:03","guid":{"rendered":"https:\/\/arriendo.com\/co\/%es_type%\/%address_city%\/%neighborhood%\/madrid-la-prosperidad-apartamento-en-arriendo-en-f1d0f0\/"},"modified":"2026-02-20T08:17:03","modified_gmt":"2026-02-20T13:17:03","slug":"AR-333164","status":"publish","type":"properties","link":"https:\/\/arriendo.com\/co\/apartamentos\/madrid\/la-prosperidad\/AR-333164\/","title":{"rendered":"Apartamento en arriendo en La Prosperidad, Madrid"},"content":{"rendered":"<p>Hermoso apartamento de aproximadamente 60 mt2. cuenta con sala comedor, balc\u00f3n, cocina semi integral, 3 habitaciones con su respectivo closet, un ba\u00f1o social y uno privado, estudio y zona de ropas, dispone de zonas comunes como gimnasio, piscina, sal\u00f3n social, zonas verdes, parque infantil, parqueadero comunal y para visitantes. Ubicado a 20 minutos de la Plazoleta de Madrid, Centro Comercial Casablanca, supermercados y sector comercial, c\u00f3modo y gran acceso a transporte p\u00fablico y v\u00edas como Calle 13 y Calle 80.<br \/>\n 679-60319<\/p>\n","protected":false},"excerpt":{"rendered":"Hermoso apartamento de aproximadamente 60 mt2. cuenta con sala comedor,...","protected":false},"author":8342,"featured_media":333167,"template":"","es_locations":[91,558,182],"es_categories":[124],"es_types":[114],"es_rent_periods":[],"es_labels":[],"es_statuses":[],"es_parkings":[],"es_roofs":[],"es_exterior_materials":[],"es_basements":[],"es_floor_coverings":[],"es_features":[131,132,2212,2145,2211,2146,2196,136,2149,2179,2216,2180,2272,2133,2182,2150,2136,2151,2185,2152,2204],"es_amenities":[152,2186,2217,2153,2210,2155,2197,2158,2159,154,156,157,2273,158,159,2161,2143,162,2173,2162,2209],"es_neighborhoods":[],"es_tags":[],"class_list":["post-333164","properties","type-properties","status-publish","has-post-thumbnail","hentry","es_location-cundinamarca","es_location-la-prosperidad","es_location-madrid","es_category-arriendo","es_type-apartamentos","es_feature-ascensor","es_feature-balcon","es_feature-bano-auxiliar","es_feature-calentador","es_feature-canchas-deportivas","es_feature-cocina-integral","es_feature-en-conjunto-cerrado","es_feature-estudio","es_feature-garajes","es_feature-gimnasio","es_feature-parqueadero-visitantes","es_feature-piscina","es_feature-piso-en-baldosa-marmol","es_feature-porteria-recepcion","es_feature-salon-comunal","es_feature-supermercados-c-comerciales","es_feature-trans-publico-cercano","es_feature-zona-de-lavanderia","es_feature-zona-infantil","es_feature-zona-residencial","es_feature-zonas-verdes","es_amenity-ascensor-privado","es_amenity-balcon","es_amenity-bano-auxiliar","es_amenity-calentador","es_amenity-canchas-deportivas","es_amenity-cocina-integral","es_amenity-en-conjunto-cerrado","es_amenity-estudio","es_amenity-garajes","es_amenity-gimnasio","es_amenity-parqueadero-visitantes","es_amenity-piscina","es_amenity-piso-en-baldosa-marmol","es_amenity-porteria-recepcion","es_amenity-salon-comunal","es_amenity-supermercados-c-comerciales","es_amenity-trans-publico-cercano","es_amenity-zona-de-lavanderia","es_amenity-zona-infantil","es_amenity-zona-residencial","es_amenity-zonas-verdes","es-post-entity"],"_links":{"self":[{"href":"https:\/\/arriendo.com\/co\/wp-json\/wp\/v2\/properties\/333164","targetHints":{"allow":["GET"]}}],"collection":[{"href":"https:\/\/arriendo.com\/co\/wp-json\/wp\/v2\/properties"}],"about":[{"href":"https:\/\/arriendo.com\/co\/wp-json\/wp\/v2\/types\/properties"}],"author":[{"embeddable":true,"href":"https:\/\/arriendo.com\/co\/wp-json\/wp\/v2\/users\/8342"}],"version-history":[{"count":0,"href":"https:\/\/arriendo.com\/co\/wp-json\/wp\/v2\/properties\/333164\/revisions"}],"wp:featuredmedia":[{"embeddable":true,"href":"https:\/\/arriendo.com\/co\/wp-json\/wp\/v2\/media\/333167"}],"wp:attachment":[{"href":"https:\/\/arriendo.com\/co\/wp-json\/wp\/v2\/media?parent=333164"}],"wp:term":[{"taxonomy":"es_location","embeddable":true,"href":"https:\/\/arriendo.com\/co\/wp-json\/wp\/v2\/es_locations?post=333164"},{"taxonomy":"es_category","embeddable":true,"href":"https:\/\/arriendo.com\/co\/wp-json\/wp\/v2\/es_categories?post=333164"},{"taxonomy":"es_type","embeddable":true,"href":"https:\/\/arriendo.com\/co\/wp-json\/wp\/v2\/es_types?post=333164"},{"taxonomy":"es_rent_period","embeddable":true,"href":"https:\/\/arriendo.com\/co\/wp-json\/wp\/v2\/es_rent_periods?post=333164"},{"taxonomy":"es_label","embeddable":true,"href":"https:\/\/arriendo.com\/co\/wp-json\/wp\/v2\/es_labels?post=333164"},{"taxonomy":"es_status","embeddable":true,"href":"https:\/\/arriendo.com\/co\/wp-json\/wp\/v2\/es_statuses?post=333164"},{"taxonomy":"es_parking","embeddable":true,"href":"https:\/\/arriendo.com\/co\/wp-json\/wp\/v2\/es_parkings?post=333164"},{"taxonomy":"es_roof","embeddable":true,"href":"https:\/\/arriendo.com\/co\/wp-json\/wp\/v2\/es_roofs?post=333164"},{"taxonomy":"es_exterior_material","embeddable":true,"href":"https:\/\/arriendo.com\/co\/wp-json\/wp\/v2\/es_exterior_materials?post=333164"},{"taxonomy":"es_basement","embeddable":true,"href":"https:\/\/arriendo.com\/co\/wp-json\/wp\/v2\/es_basements?post=333164"},{"taxonomy":"es_floor_covering","embeddable":true,"href":"https:\/\/arriendo.com\/co\/wp-json\/wp\/v2\/es_floor_coverings?post=333164"},{"taxonomy":"es_feature","embeddable":true,"href":"https:\/\/arriendo.com\/co\/wp-json\/wp\/v2\/es_features?post=333164"},{"taxonomy":"es_amenity","embeddable":true,"href":"https:\/\/arriendo.com\/co\/wp-json\/wp\/v2\/es_amenities?post=333164"},{"taxonomy":"es_neighborhood","embeddable":true,"href":"https:\/\/arriendo.com\/co\/wp-json\/wp\/v2\/es_neighborhoods?post=333164"},{"taxonomy":"es_tag","embeddable":true,"href":"https:\/\/arriendo.com\/co\/wp-json\/wp\/v2\/es_tags?post=333164"}],"curies":[{"name":"wp","href":"https:\/\/api.w.org\/{rel}","templated":true}]}}

<p>Hermoso apartamento de aproximadamente 60 mt2. cuenta con sala comedor, balcón, cocina semi integral, 3 habitaciones con su respectivo closet, un baño social y uno privado, estudio y zona de ropas, dispone de zonas comunes como gimnasio, piscina, salón social, zonas verdes, parque infantil, parqueadero comunal y para visitantes. Ubicado a 20 minutos de la Plazoleta de Madrid, Centro Comercial Casablanca, supermercados y sector comercial, cómodo y gran acceso a transporte público y vías como Calle 13 y Calle 80.<br />
 679-60319</p>
