{"id":333071,"date":"2026-02-20T08:15:49","date_gmt":"2026-02-20T13:15:49","guid":{"rendered":"https:\/\/arriendo.com\/co\/%es_type%\/%address_city%\/%neighborhood%\/mosquera-san-jorge-apartamento-en-arriendo-56c01d\/"},"modified":"2026-02-20T08:15:49","modified_gmt":"2026-02-20T13:15:49","slug":"AR-333071","status":"publish","type":"properties","link":"https:\/\/arriendo.com\/co\/apartamentos\/mosquera\/san-jorge\/AR-333071\/","title":{"rendered":"Apartamento en  Arriendo en San jorge, Mosquera"},"content":{"rendered":"<p>Lindo apartamento de aproximadamente 54 m2. Cuenta con sala comedor, 3 habitaciones con su respectivo closet, cocina semi integral, 2 ba\u00f1os, zona de ropas, balc\u00f3n y parqueadero privado. Zonas comunes est\u00e1 en proceso de entrega. Ubicado cerca al centro principal de Mosquera, a 15 minutos del Centro comercial Ecoplaza, Mall Meridiano de Novaterra y Homecenter, posee gran facilidad de acceso a transporte p\u00fablico, c\u00f3modas v\u00edas de acceso como Calle 13 y Calle 80. 679-63344<\/p>\n","protected":false},"excerpt":{"rendered":"Lindo apartamento de aproximadamente 54 m2. Cuenta con sala comedor,...","protected":false},"author":8342,"featured_media":333074,"template":"","es_locations":[91,508,3043],"es_categories":[124],"es_types":[114],"es_rent_periods":[],"es_labels":[],"es_statuses":[],"es_parkings":[],"es_roofs":[],"es_exterior_materials":[],"es_basements":[],"es_floor_coverings":[],"es_features":[2168,131,2212,2275,2145,2200,2233,2166,2302,2213,2234,2196,2176,2178,2216,2272,2133,2227,2228,2241,2242,2151,2152],"es_amenities":[2195,152,2217,2277,2153,2205,2248,2189,2303,2218,2249,2197,2191,2193,156,2273,158,2255,2258,2259,2260,162,2162],"es_neighborhoods":[],"es_tags":[],"class_list":["post-333071","properties","type-properties","status-publish","has-post-thumbnail","hentry","es_location-cundinamarca","es_location-mosquera","es_location-san-jorge","es_category-arriendo","es_type-apartamentos","es_feature-area-urbana","es_feature-ascensor","es_feature-bano-auxiliar","es_feature-bombas-de-gasolina","es_feature-calentador","es_feature-cerca-a-sector-comercial","es_feature-cerca-de-zona-urbana","es_feature-closet","es_feature-cocineta","es_feature-comedor","es_feature-comodas-vias-de-acceso","es_feature-en-conjunto-cerrado","es_feature-en-zona-residencial","es_feature-garaje-cubierto","es_feature-parqueadero-visitantes","es_feature-piso-en-baldosa-marmol","es_feature-porteria-recepcion","es_feature-shut-de-basura","es_feature-ventilacion-natural","es_feature-vigilancia-24x7","es_feature-vigilancia-privada-247","es_feature-zona-de-lavanderia","es_feature-zona-residencial","es_amenity-area-urbana","es_amenity-ascensor-privado","es_amenity-bano-auxiliar","es_amenity-bombas-de-gasolina","es_amenity-calentador","es_amenity-cerca-a-sector-comercial","es_amenity-cerca-de-zona-urbana","es_amenity-closet","es_amenity-cocineta","es_amenity-comedor","es_amenity-comodas-vias-de-acceso","es_amenity-en-conjunto-cerrado","es_amenity-en-zona-residencial","es_amenity-garaje-cubierto","es_amenity-parqueadero-visitantes","es_amenity-piso-en-baldosa-marmol","es_amenity-porteria-recepcion","es_amenity-shut-de-basura","es_amenity-ventilacion-natural","es_amenity-vigilancia-24x7","es_amenity-vigilancia-privada-247","es_amenity-zona-de-lavanderia","es_amenity-zona-residencial","es-post-entity"],"_links":{"self":[{"href":"https:\/\/arriendo.com\/co\/wp-json\/wp\/v2\/properties\/333071","targetHints":{"allow":["GET"]}}],"collection":[{"href":"https:\/\/arriendo.com\/co\/wp-json\/wp\/v2\/properties"}],"about":[{"href":"https:\/\/arriendo.com\/co\/wp-json\/wp\/v2\/types\/properties"}],"author":[{"embeddable":true,"href":"https:\/\/arriendo.com\/co\/wp-json\/wp\/v2\/users\/8342"}],"version-history":[{"count":0,"href":"https:\/\/arriendo.com\/co\/wp-json\/wp\/v2\/properties\/333071\/revisions"}],"wp:featuredmedia":[{"embeddable":true,"href":"https:\/\/arriendo.com\/co\/wp-json\/wp\/v2\/media\/333074"}],"wp:attachment":[{"href":"https:\/\/arriendo.com\/co\/wp-json\/wp\/v2\/media?parent=333071"}],"wp:term":[{"taxonomy":"es_location","embeddable":true,"href":"https:\/\/arriendo.com\/co\/wp-json\/wp\/v2\/es_locations?post=333071"},{"taxonomy":"es_category","embeddable":true,"href":"https:\/\/arriendo.com\/co\/wp-json\/wp\/v2\/es_categories?post=333071"},{"taxonomy":"es_type","embeddable":true,"href":"https:\/\/arriendo.com\/co\/wp-json\/wp\/v2\/es_types?post=333071"},{"taxonomy":"es_rent_period","embeddable":true,"href":"https:\/\/arriendo.com\/co\/wp-json\/wp\/v2\/es_rent_periods?post=333071"},{"taxonomy":"es_label","embeddable":true,"href":"https:\/\/arriendo.com\/co\/wp-json\/wp\/v2\/es_labels?post=333071"},{"taxonomy":"es_status","embeddable":true,"href":"https:\/\/arriendo.com\/co\/wp-json\/wp\/v2\/es_statuses?post=333071"},{"taxonomy":"es_parking","embeddable":true,"href":"https:\/\/arriendo.com\/co\/wp-json\/wp\/v2\/es_parkings?post=333071"},{"taxonomy":"es_roof","embeddable":true,"href":"https:\/\/arriendo.com\/co\/wp-json\/wp\/v2\/es_roofs?post=333071"},{"taxonomy":"es_exterior_material","embeddable":true,"href":"https:\/\/arriendo.com\/co\/wp-json\/wp\/v2\/es_exterior_materials?post=333071"},{"taxonomy":"es_basement","embeddable":true,"href":"https:\/\/arriendo.com\/co\/wp-json\/wp\/v2\/es_basements?post=333071"},{"taxonomy":"es_floor_covering","embeddable":true,"href":"https:\/\/arriendo.com\/co\/wp-json\/wp\/v2\/es_floor_coverings?post=333071"},{"taxonomy":"es_feature","embeddable":true,"href":"https:\/\/arriendo.com\/co\/wp-json\/wp\/v2\/es_features?post=333071"},{"taxonomy":"es_amenity","embeddable":true,"href":"https:\/\/arriendo.com\/co\/wp-json\/wp\/v2\/es_amenities?post=333071"},{"taxonomy":"es_neighborhood","embeddable":true,"href":"https:\/\/arriendo.com\/co\/wp-json\/wp\/v2\/es_neighborhoods?post=333071"},{"taxonomy":"es_tag","embeddable":true,"href":"https:\/\/arriendo.com\/co\/wp-json\/wp\/v2\/es_tags?post=333071"}],"curies":[{"name":"wp","href":"https:\/\/api.w.org\/{rel}","templated":true}]}}

<p>Lindo apartamento de aproximadamente 54 m2. Cuenta con sala comedor, 3 habitaciones con su respectivo closet, cocina semi integral, 2 baños, zona de ropas, balcón y parqueadero privado. Zonas comunes está en proceso de entrega. Ubicado cerca al centro principal de Mosquera, a 15 minutos del Centro comercial Ecoplaza, Mall Meridiano de Novaterra y Homecenter, posee gran facilidad de acceso a transporte público, cómodas vías de acceso como Calle 13 y Calle 80. 679-63344</p>
