{"id":332921,"date":"2026-02-20T08:13:48","date_gmt":"2026-02-20T13:13:48","guid":{"rendered":"https:\/\/arriendo.com\/co\/%es_type%\/%address_city%\/%neighborhood%\/funza-novaterra-apartamento-en-arriendo-cef4ee\/"},"modified":"2026-02-20T08:13:49","modified_gmt":"2026-02-20T13:13:49","slug":"AR-332921","status":"publish","type":"properties","link":"https:\/\/arriendo.com\/co\/apartamentos\/funza\/novaterra\/AR-332921\/","title":{"rendered":"Apartamento en  Arriendo en Novaterra, Funza"},"content":{"rendered":"<p>Hermoso apartamento con excelente vista externa de aproximadamente 54 m2. Cuenta con sala comedor, 2 habitaciones con su respectivo closet, cocina integral, 2 ba\u00f1os, zona de ropas, balc\u00f3n y parqueadero privado. Se colocar\u00e1n blackout y divisiones de vidrio en los ba\u00f1os. El conjunto dispone de zonas verdes, piscina, gimnasio, sal\u00f3n social y juegos infantiles. Ubicado cerca al centro principal de Mosquera, a 15 minutos del Centro comercial Ecoplaza, Mall Meridiano de Novaterra y Homecenter, posee gran facilidad de acceso a transporte p\u00fablico, c\u00f3modas v\u00edas de acceso como Calle 13 y Calle 80.<\/p>\n","protected":false},"excerpt":{"rendered":"Hermoso apartamento con excelente vista externa de aproximadamente 54 m2....","protected":false},"author":8342,"featured_media":332924,"template":"","es_locations":[91,547,2881],"es_categories":[124],"es_types":[114],"es_rent_periods":[],"es_labels":[],"es_statuses":[],"es_parkings":[],"es_roofs":[],"es_exterior_materials":[],"es_basements":[],"es_floor_coverings":[],"es_features":[131,132,2145,2211,2146,2196,136,2179,145,2216,2180,2133,2181,2182,2183,2150,2136,2137,2185,2152,2204],"es_amenities":[152,2186,2153,2210,2155,2197,2158,154,2160,156,157,158,159,2170,2161,2143,161,2144,2173,2162,2209],"es_neighborhoods":[],"es_tags":[],"class_list":["post-332921","properties","type-properties","status-publish","has-post-thumbnail","hentry","es_location-cundinamarca","es_location-funza","es_location-novaterra","es_category-arriendo","es_type-apartamentos","es_feature-ascensor","es_feature-balcon","es_feature-calentador","es_feature-canchas-deportivas","es_feature-cocina-integral","es_feature-en-conjunto-cerrado","es_feature-estudio","es_feature-gimnasio","es_feature-instalacion-de-gas","es_feature-parqueadero-visitantes","es_feature-piscina","es_feature-porteria-recepcion","es_feature-porteria-vigilancia","es_feature-salon-comunal","es_feature-salon-de-juegos","es_feature-supermercados-c-comerciales","es_feature-trans-publico-cercano","es_feature-zona-comercial","es_feature-zona-infantil","es_feature-zona-residencial","es_feature-zonas-verdes","es_amenity-ascensor-privado","es_amenity-balcon","es_amenity-calentador","es_amenity-canchas-deportivas","es_amenity-cocina-integral","es_amenity-en-conjunto-cerrado","es_amenity-estudio","es_amenity-gimnasio","es_amenity-instalacion-de-gas","es_amenity-parqueadero-visitantes","es_amenity-piscina","es_amenity-porteria-recepcion","es_amenity-salon-comunal","es_amenity-salon-de-juegos","es_amenity-supermercados-c-comerciales","es_amenity-trans-publico-cercano","es_amenity-vigilancia-24-7","es_amenity-zona-comercial","es_amenity-zona-infantil","es_amenity-zona-residencial","es_amenity-zonas-verdes","es-post-entity"],"_links":{"self":[{"href":"https:\/\/arriendo.com\/co\/wp-json\/wp\/v2\/properties\/332921","targetHints":{"allow":["GET"]}}],"collection":[{"href":"https:\/\/arriendo.com\/co\/wp-json\/wp\/v2\/properties"}],"about":[{"href":"https:\/\/arriendo.com\/co\/wp-json\/wp\/v2\/types\/properties"}],"author":[{"embeddable":true,"href":"https:\/\/arriendo.com\/co\/wp-json\/wp\/v2\/users\/8342"}],"version-history":[{"count":0,"href":"https:\/\/arriendo.com\/co\/wp-json\/wp\/v2\/properties\/332921\/revisions"}],"wp:featuredmedia":[{"embeddable":true,"href":"https:\/\/arriendo.com\/co\/wp-json\/wp\/v2\/media\/332924"}],"wp:attachment":[{"href":"https:\/\/arriendo.com\/co\/wp-json\/wp\/v2\/media?parent=332921"}],"wp:term":[{"taxonomy":"es_location","embeddable":true,"href":"https:\/\/arriendo.com\/co\/wp-json\/wp\/v2\/es_locations?post=332921"},{"taxonomy":"es_category","embeddable":true,"href":"https:\/\/arriendo.com\/co\/wp-json\/wp\/v2\/es_categories?post=332921"},{"taxonomy":"es_type","embeddable":true,"href":"https:\/\/arriendo.com\/co\/wp-json\/wp\/v2\/es_types?post=332921"},{"taxonomy":"es_rent_period","embeddable":true,"href":"https:\/\/arriendo.com\/co\/wp-json\/wp\/v2\/es_rent_periods?post=332921"},{"taxonomy":"es_label","embeddable":true,"href":"https:\/\/arriendo.com\/co\/wp-json\/wp\/v2\/es_labels?post=332921"},{"taxonomy":"es_status","embeddable":true,"href":"https:\/\/arriendo.com\/co\/wp-json\/wp\/v2\/es_statuses?post=332921"},{"taxonomy":"es_parking","embeddable":true,"href":"https:\/\/arriendo.com\/co\/wp-json\/wp\/v2\/es_parkings?post=332921"},{"taxonomy":"es_roof","embeddable":true,"href":"https:\/\/arriendo.com\/co\/wp-json\/wp\/v2\/es_roofs?post=332921"},{"taxonomy":"es_exterior_material","embeddable":true,"href":"https:\/\/arriendo.com\/co\/wp-json\/wp\/v2\/es_exterior_materials?post=332921"},{"taxonomy":"es_basement","embeddable":true,"href":"https:\/\/arriendo.com\/co\/wp-json\/wp\/v2\/es_basements?post=332921"},{"taxonomy":"es_floor_covering","embeddable":true,"href":"https:\/\/arriendo.com\/co\/wp-json\/wp\/v2\/es_floor_coverings?post=332921"},{"taxonomy":"es_feature","embeddable":true,"href":"https:\/\/arriendo.com\/co\/wp-json\/wp\/v2\/es_features?post=332921"},{"taxonomy":"es_amenity","embeddable":true,"href":"https:\/\/arriendo.com\/co\/wp-json\/wp\/v2\/es_amenities?post=332921"},{"taxonomy":"es_neighborhood","embeddable":true,"href":"https:\/\/arriendo.com\/co\/wp-json\/wp\/v2\/es_neighborhoods?post=332921"},{"taxonomy":"es_tag","embeddable":true,"href":"https:\/\/arriendo.com\/co\/wp-json\/wp\/v2\/es_tags?post=332921"}],"curies":[{"name":"wp","href":"https:\/\/api.w.org\/{rel}","templated":true}]}}

<p>Hermoso apartamento con excelente vista externa de aproximadamente 54 m2. Cuenta con sala comedor, 2 habitaciones con su respectivo closet, cocina integral, 2 baños, zona de ropas, balcón y parqueadero privado. Se colocarán blackout y divisiones de vidrio en los baños. El conjunto dispone de zonas verdes, piscina, gimnasio, salón social y juegos infantiles. Ubicado cerca al centro principal de Mosquera, a 15 minutos del Centro comercial Ecoplaza, Mall Meridiano de Novaterra y Homecenter, posee gran facilidad de acceso a transporte público, cómodas vías de acceso como Calle 13 y Calle 80.</p>
