{"id":330477,"date":"2026-02-19T19:13:05","date_gmt":"2026-02-20T00:13:05","guid":{"rendered":"https:\/\/arriendo.com\/co\/%es_type%\/%address_city%\/%neighborhood%\/jamundi-santa-teresita-apartamento-en-arriendo-en-1ee965\/"},"modified":"2026-02-19T19:13:06","modified_gmt":"2026-02-20T00:13:06","slug":"AR-330477","status":"publish","type":"properties","link":"https:\/\/arriendo.com\/co\/apartamentos\/jamundi\/santa-teresita\/AR-330477\/","title":{"rendered":"Apartamento en Arriendo en Santa teresita, Jamund\u00ed"},"content":{"rendered":"<p>LINDO APARTAMENTO PARA ALQUILAR EN JAMUND\u00cd, VALLE. EXCELENTE UBICACI\u00d3N. PISO ONCE. DOS ASCENSORES POR TORRE. EL APARTAMENTO CUENTA CON SALA, COMEDOR, COCINA INTEGRAL TIPO AMERICANA, DOS HABITACIONES M\u00c1S HABITACI\u00d3N VESTIER, DOS BA\u00d1OS, ZONA DE ROPAS COMPLETAMENTE INDEPENDIENTE. DOS BALCONES CON LINDA VISTA A ZONA VERDE. CONJUNTO CON ZONAS MUY ESPACIOSAS Y ZONAS SOCIALES COMPLETAS. PISCINA ADULTOS Y NI\u00d1OS, GIMNASIO, KIOSKO\/SAL\u00d3N COMUNAL, MASCOTARIO, GIMNASIO, CANCHA M\u00daLTIPLE. ZONA INFANTIL. PORTERIA 24 HORAS. PARQUEADERO. EL VALOR DEL CANON INCLUYE ADMIN. VISITA CON CITA.<\/p>\n","protected":false},"excerpt":{"rendered":"LINDO APARTAMENTO PARA ALQUILAR EN JAMUND\u00cd, VALLE. EXCELENTE UBICACI\u00d3N. PISO...","protected":false},"author":4102,"featured_media":330480,"template":"","es_locations":[321],"es_categories":[124],"es_types":[114],"es_rent_periods":[],"es_labels":[],"es_statuses":[],"es_parkings":[],"es_roofs":[],"es_exterior_materials":[],"es_basements":[],"es_floor_coverings":[],"es_features":[131,132,2212,2164,133,2166,2146,2179,145,2180,2133,2181,2182,144,2151,2185],"es_amenities":[152,2186,2217,2187,2154,2189,2155,154,2160,157,158,159,161,2289,162,2173],"es_neighborhoods":[],"es_tags":[],"class_list":["post-330477","properties","type-properties","status-publish","has-post-thumbnail","hentry","es_location-santa-teresita","es_category-arriendo","es_type-apartamentos","es_feature-ascensor","es_feature-balcon","es_feature-bano-auxiliar","es_feature-bano-independiente","es_feature-citofono","es_feature-closet","es_feature-cocina-integral","es_feature-gimnasio","es_feature-instalacion-de-gas","es_feature-piscina","es_feature-porteria-recepcion","es_feature-porteria-vigilancia","es_feature-salon-comunal","es_feature-vista-panoramica","es_feature-zona-de-lavanderia","es_feature-zona-infantil","es_amenity-ascensor-privado","es_amenity-balcon","es_amenity-bano-auxiliar","es_amenity-bano-independiente","es_amenity-citofono","es_amenity-closet","es_amenity-cocina-integral","es_amenity-gimnasio","es_amenity-instalacion-de-gas","es_amenity-piscina","es_amenity-porteria-recepcion","es_amenity-salon-comunal","es_amenity-vigilancia-24-7","es_amenity-vista-panoramica","es_amenity-zona-de-lavanderia","es_amenity-zona-infantil","es-post-entity"],"_links":{"self":[{"href":"https:\/\/arriendo.com\/co\/wp-json\/wp\/v2\/properties\/330477","targetHints":{"allow":["GET"]}}],"collection":[{"href":"https:\/\/arriendo.com\/co\/wp-json\/wp\/v2\/properties"}],"about":[{"href":"https:\/\/arriendo.com\/co\/wp-json\/wp\/v2\/types\/properties"}],"author":[{"embeddable":true,"href":"https:\/\/arriendo.com\/co\/wp-json\/wp\/v2\/users\/4102"}],"version-history":[{"count":0,"href":"https:\/\/arriendo.com\/co\/wp-json\/wp\/v2\/properties\/330477\/revisions"}],"wp:featuredmedia":[{"embeddable":true,"href":"https:\/\/arriendo.com\/co\/wp-json\/wp\/v2\/media\/330480"}],"wp:attachment":[{"href":"https:\/\/arriendo.com\/co\/wp-json\/wp\/v2\/media?parent=330477"}],"wp:term":[{"taxonomy":"es_location","embeddable":true,"href":"https:\/\/arriendo.com\/co\/wp-json\/wp\/v2\/es_locations?post=330477"},{"taxonomy":"es_category","embeddable":true,"href":"https:\/\/arriendo.com\/co\/wp-json\/wp\/v2\/es_categories?post=330477"},{"taxonomy":"es_type","embeddable":true,"href":"https:\/\/arriendo.com\/co\/wp-json\/wp\/v2\/es_types?post=330477"},{"taxonomy":"es_rent_period","embeddable":true,"href":"https:\/\/arriendo.com\/co\/wp-json\/wp\/v2\/es_rent_periods?post=330477"},{"taxonomy":"es_label","embeddable":true,"href":"https:\/\/arriendo.com\/co\/wp-json\/wp\/v2\/es_labels?post=330477"},{"taxonomy":"es_status","embeddable":true,"href":"https:\/\/arriendo.com\/co\/wp-json\/wp\/v2\/es_statuses?post=330477"},{"taxonomy":"es_parking","embeddable":true,"href":"https:\/\/arriendo.com\/co\/wp-json\/wp\/v2\/es_parkings?post=330477"},{"taxonomy":"es_roof","embeddable":true,"href":"https:\/\/arriendo.com\/co\/wp-json\/wp\/v2\/es_roofs?post=330477"},{"taxonomy":"es_exterior_material","embeddable":true,"href":"https:\/\/arriendo.com\/co\/wp-json\/wp\/v2\/es_exterior_materials?post=330477"},{"taxonomy":"es_basement","embeddable":true,"href":"https:\/\/arriendo.com\/co\/wp-json\/wp\/v2\/es_basements?post=330477"},{"taxonomy":"es_floor_covering","embeddable":true,"href":"https:\/\/arriendo.com\/co\/wp-json\/wp\/v2\/es_floor_coverings?post=330477"},{"taxonomy":"es_feature","embeddable":true,"href":"https:\/\/arriendo.com\/co\/wp-json\/wp\/v2\/es_features?post=330477"},{"taxonomy":"es_amenity","embeddable":true,"href":"https:\/\/arriendo.com\/co\/wp-json\/wp\/v2\/es_amenities?post=330477"},{"taxonomy":"es_neighborhood","embeddable":true,"href":"https:\/\/arriendo.com\/co\/wp-json\/wp\/v2\/es_neighborhoods?post=330477"},{"taxonomy":"es_tag","embeddable":true,"href":"https:\/\/arriendo.com\/co\/wp-json\/wp\/v2\/es_tags?post=330477"}],"curies":[{"name":"wp","href":"https:\/\/api.w.org\/{rel}","templated":true}]}}

Apartamento en Arriendo en Santa teresita, Jamundí

<p>LINDO APARTAMENTO PARA ALQUILAR EN JAMUNDÍ, VALLE. EXCELENTE UBICACIÓN. PISO ONCE. DOS ASCENSORES POR TORRE. EL APARTAMENTO CUENTA CON SALA, COMEDOR, COCINA INTEGRAL TIPO AMERICANA, DOS HABITACIONES MÁS HABITACIÓN VESTIER, DOS BAÑOS, ZONA DE ROPAS COMPLETAMENTE INDEPENDIENTE. DOS BALCONES CON LINDA VISTA A ZONA VERDE. CONJUNTO CON ZONAS MUY ESPACIOSAS Y ZONAS SOCIALES COMPLETAS. PISCINA ADULTOS Y NIÑOS, GIMNASIO, KIOSKO/SALÓN COMUNAL, MASCOTARIO, GIMNASIO, CANCHA MÚLTIPLE. ZONA INFANTIL. PORTERIA 24 HORAS. PARQUEADERO. EL VALOR DEL CANON INCLUYE ADMIN. VISITA CON CITA.</p>

LINDO APARTAMENTO PARA ALQUILAR EN JAMUNDÍ, VALLE. EXCELENTE UBICACIÓN. PISO...
