{"id":330195,"date":"2026-02-19T19:08:57","date_gmt":"2026-02-20T00:08:57","guid":{"rendered":"https:\/\/arriendo.com\/co\/%es_type%\/%address_city%\/%neighborhood%\/ibague-reservas-de-san-fermin-apartamento-en-arriendo-9446cf\/"},"modified":"2026-02-19T19:08:57","modified_gmt":"2026-02-20T00:08:57","slug":"AR-330195","status":"publish","type":"properties","link":"https:\/\/arriendo.com\/co\/apartamentos\/ibague\/reservas-de-san-fermin\/AR-330195\/","title":{"rendered":"Apartamento en  Arriendo en Reservas de San Ferm\u00edn, Ibagu\u00e9"},"content":{"rendered":"<p>Apartamento en arriendo ubicado en el Conjunto Reservas de San Ferm\u00edn, cerca del Megacolegio Antonio Nari\u00f1o, Megaparque Nazareth, Droguer\u00edas, Tiendas, por el sector transitan las siguientes rutas: 21, 31, 82, 90, c\u00f3modas v\u00edas de acceso. El inmueble se encuentra distribuido: Sala comedor, tres habitaciones sin closet, cocina sencilla, zona de ropas, ba\u00f1o. El conjunta cuenta con zonas comunes: Parque infantil, sal\u00f3n social, piscina, vigilancia las 24 horas, parqueadero comunitario.. El valor de la administracion $ 104.000<\/p>\n","protected":false},"excerpt":{"rendered":"Apartamento en arriendo ubicado en el Conjunto Reservas de San...","protected":false},"author":8285,"featured_media":330198,"template":"","es_locations":[337,3435,106],"es_categories":[124],"es_types":[114],"es_rent_periods":[],"es_labels":[],"es_statuses":[],"es_parkings":[],"es_roofs":[],"es_exterior_materials":[],"es_basements":[],"es_floor_coverings":[],"es_features":[145,2180,2182,144,2185,2152],"es_amenities":[2160,157,159,2289,2173,2162],"es_neighborhoods":[],"es_tags":[],"class_list":["post-330195","properties","type-properties","status-publish","has-post-thumbnail","hentry","es_location-ibague","es_location-reservas-de-san-fermin","es_location-tolima","es_category-arriendo","es_type-apartamentos","es_feature-instalacion-de-gas","es_feature-piscina","es_feature-salon-comunal","es_feature-vista-panoramica","es_feature-zona-infantil","es_feature-zona-residencial","es_amenity-instalacion-de-gas","es_amenity-piscina","es_amenity-salon-comunal","es_amenity-vista-panoramica","es_amenity-zona-infantil","es_amenity-zona-residencial","es-post-entity"],"_links":{"self":[{"href":"https:\/\/arriendo.com\/co\/wp-json\/wp\/v2\/properties\/330195","targetHints":{"allow":["GET"]}}],"collection":[{"href":"https:\/\/arriendo.com\/co\/wp-json\/wp\/v2\/properties"}],"about":[{"href":"https:\/\/arriendo.com\/co\/wp-json\/wp\/v2\/types\/properties"}],"author":[{"embeddable":true,"href":"https:\/\/arriendo.com\/co\/wp-json\/wp\/v2\/users\/8285"}],"version-history":[{"count":0,"href":"https:\/\/arriendo.com\/co\/wp-json\/wp\/v2\/properties\/330195\/revisions"}],"wp:featuredmedia":[{"embeddable":true,"href":"https:\/\/arriendo.com\/co\/wp-json\/wp\/v2\/media\/330198"}],"wp:attachment":[{"href":"https:\/\/arriendo.com\/co\/wp-json\/wp\/v2\/media?parent=330195"}],"wp:term":[{"taxonomy":"es_location","embeddable":true,"href":"https:\/\/arriendo.com\/co\/wp-json\/wp\/v2\/es_locations?post=330195"},{"taxonomy":"es_category","embeddable":true,"href":"https:\/\/arriendo.com\/co\/wp-json\/wp\/v2\/es_categories?post=330195"},{"taxonomy":"es_type","embeddable":true,"href":"https:\/\/arriendo.com\/co\/wp-json\/wp\/v2\/es_types?post=330195"},{"taxonomy":"es_rent_period","embeddable":true,"href":"https:\/\/arriendo.com\/co\/wp-json\/wp\/v2\/es_rent_periods?post=330195"},{"taxonomy":"es_label","embeddable":true,"href":"https:\/\/arriendo.com\/co\/wp-json\/wp\/v2\/es_labels?post=330195"},{"taxonomy":"es_status","embeddable":true,"href":"https:\/\/arriendo.com\/co\/wp-json\/wp\/v2\/es_statuses?post=330195"},{"taxonomy":"es_parking","embeddable":true,"href":"https:\/\/arriendo.com\/co\/wp-json\/wp\/v2\/es_parkings?post=330195"},{"taxonomy":"es_roof","embeddable":true,"href":"https:\/\/arriendo.com\/co\/wp-json\/wp\/v2\/es_roofs?post=330195"},{"taxonomy":"es_exterior_material","embeddable":true,"href":"https:\/\/arriendo.com\/co\/wp-json\/wp\/v2\/es_exterior_materials?post=330195"},{"taxonomy":"es_basement","embeddable":true,"href":"https:\/\/arriendo.com\/co\/wp-json\/wp\/v2\/es_basements?post=330195"},{"taxonomy":"es_floor_covering","embeddable":true,"href":"https:\/\/arriendo.com\/co\/wp-json\/wp\/v2\/es_floor_coverings?post=330195"},{"taxonomy":"es_feature","embeddable":true,"href":"https:\/\/arriendo.com\/co\/wp-json\/wp\/v2\/es_features?post=330195"},{"taxonomy":"es_amenity","embeddable":true,"href":"https:\/\/arriendo.com\/co\/wp-json\/wp\/v2\/es_amenities?post=330195"},{"taxonomy":"es_neighborhood","embeddable":true,"href":"https:\/\/arriendo.com\/co\/wp-json\/wp\/v2\/es_neighborhoods?post=330195"},{"taxonomy":"es_tag","embeddable":true,"href":"https:\/\/arriendo.com\/co\/wp-json\/wp\/v2\/es_tags?post=330195"}],"curies":[{"name":"wp","href":"https:\/\/api.w.org\/{rel}","templated":true}]}}

Apartamento en  Arriendo en Reservas de San Fermín, Ibagué

<p>Apartamento en arriendo ubicado en el Conjunto Reservas de San Fermín, cerca del Megacolegio Antonio Nariño, Megaparque Nazareth, Droguerías, Tiendas, por el sector transitan las siguientes rutas: 21, 31, 82, 90, cómodas vías de acceso. El inmueble se encuentra distribuido: Sala comedor, tres habitaciones sin closet, cocina sencilla, zona de ropas, baño. El conjunta cuenta con zonas comunes: Parque infantil, salón social, piscina, vigilancia las 24 horas, parqueadero comunitario.. El valor de la administracion $ 104.000</p>
