{"id":329813,"date":"2026-02-19T19:03:08","date_gmt":"2026-02-20T00:03:08","guid":{"rendered":"https:\/\/arriendo.com\/co\/%es_type%\/%address_city%\/%neighborhood%\/ibague-picalena-y-mirolindo-apartamento-en-arriendo-en-c04899\/"},"modified":"2026-02-19T19:03:08","modified_gmt":"2026-02-20T00:03:08","slug":"AR-329813","status":"publish","type":"properties","link":"https:\/\/arriendo.com\/co\/apartamentos\/ibague\/picalena-y-mirolindo\/AR-329813\/","title":{"rendered":"Apartamento en Arriendo en Picale\u00f1a y Mirolindo, Ibagu\u00e9"},"content":{"rendered":"<p>C\u00f3digo interno 13885 Apartamento en arriendo ubicado en el Edificio Torres del Bosque II, cerca del \u00c9xito 80, Homecenter, Fruver, Restaurantes, Panader\u00edas, Papeler\u00edas, Droguer\u00edas, por el sector transitan las siguientes rutas: 14, 18, 33, 48, c\u00f3modas v\u00edas de acceso. El inmueble se encuentra distribuido: Sala comedor, tres habitaciones con closet, la principal con ba\u00f1o, cocina integral, zona de ropas, ba\u00f1o social, parqueadero descubierto es asignado por la administracion. El valor de la administracion $200.000<\/p>\n","protected":false},"excerpt":{"rendered":"C\u00f3digo interno 13885 Apartamento en arriendo ubicado en el Edificio...","protected":false},"author":8285,"featured_media":329816,"template":"","es_locations":[337,2686,106],"es_categories":[124],"es_types":[114],"es_rent_periods":[],"es_labels":[],"es_statuses":[],"es_parkings":[],"es_roofs":[],"es_exterior_materials":[],"es_basements":[],"es_floor_coverings":[],"es_features":[132,2293,2166,2146,145,2136],"es_amenities":[2186,2295,2189,2155,2160,2143],"es_neighborhoods":[],"es_tags":[],"class_list":["post-329813","properties","type-properties","status-publish","has-post-thumbnail","hentry","es_location-ibague","es_location-picalena-y-mirolindo","es_location-tolima","es_category-arriendo","es_type-apartamentos","es_feature-balcon","es_feature-cerca-centro-comercial","es_feature-closet","es_feature-cocina-integral","es_feature-instalacion-de-gas","es_feature-trans-publico-cercano","es_amenity-balcon","es_amenity-cerca-centro-comercial","es_amenity-closet","es_amenity-cocina-integral","es_amenity-instalacion-de-gas","es_amenity-trans-publico-cercano","es-post-entity"],"_links":{"self":[{"href":"https:\/\/arriendo.com\/co\/wp-json\/wp\/v2\/properties\/329813","targetHints":{"allow":["GET"]}}],"collection":[{"href":"https:\/\/arriendo.com\/co\/wp-json\/wp\/v2\/properties"}],"about":[{"href":"https:\/\/arriendo.com\/co\/wp-json\/wp\/v2\/types\/properties"}],"author":[{"embeddable":true,"href":"https:\/\/arriendo.com\/co\/wp-json\/wp\/v2\/users\/8285"}],"version-history":[{"count":0,"href":"https:\/\/arriendo.com\/co\/wp-json\/wp\/v2\/properties\/329813\/revisions"}],"wp:featuredmedia":[{"embeddable":true,"href":"https:\/\/arriendo.com\/co\/wp-json\/wp\/v2\/media\/329816"}],"wp:attachment":[{"href":"https:\/\/arriendo.com\/co\/wp-json\/wp\/v2\/media?parent=329813"}],"wp:term":[{"taxonomy":"es_location","embeddable":true,"href":"https:\/\/arriendo.com\/co\/wp-json\/wp\/v2\/es_locations?post=329813"},{"taxonomy":"es_category","embeddable":true,"href":"https:\/\/arriendo.com\/co\/wp-json\/wp\/v2\/es_categories?post=329813"},{"taxonomy":"es_type","embeddable":true,"href":"https:\/\/arriendo.com\/co\/wp-json\/wp\/v2\/es_types?post=329813"},{"taxonomy":"es_rent_period","embeddable":true,"href":"https:\/\/arriendo.com\/co\/wp-json\/wp\/v2\/es_rent_periods?post=329813"},{"taxonomy":"es_label","embeddable":true,"href":"https:\/\/arriendo.com\/co\/wp-json\/wp\/v2\/es_labels?post=329813"},{"taxonomy":"es_status","embeddable":true,"href":"https:\/\/arriendo.com\/co\/wp-json\/wp\/v2\/es_statuses?post=329813"},{"taxonomy":"es_parking","embeddable":true,"href":"https:\/\/arriendo.com\/co\/wp-json\/wp\/v2\/es_parkings?post=329813"},{"taxonomy":"es_roof","embeddable":true,"href":"https:\/\/arriendo.com\/co\/wp-json\/wp\/v2\/es_roofs?post=329813"},{"taxonomy":"es_exterior_material","embeddable":true,"href":"https:\/\/arriendo.com\/co\/wp-json\/wp\/v2\/es_exterior_materials?post=329813"},{"taxonomy":"es_basement","embeddable":true,"href":"https:\/\/arriendo.com\/co\/wp-json\/wp\/v2\/es_basements?post=329813"},{"taxonomy":"es_floor_covering","embeddable":true,"href":"https:\/\/arriendo.com\/co\/wp-json\/wp\/v2\/es_floor_coverings?post=329813"},{"taxonomy":"es_feature","embeddable":true,"href":"https:\/\/arriendo.com\/co\/wp-json\/wp\/v2\/es_features?post=329813"},{"taxonomy":"es_amenity","embeddable":true,"href":"https:\/\/arriendo.com\/co\/wp-json\/wp\/v2\/es_amenities?post=329813"},{"taxonomy":"es_neighborhood","embeddable":true,"href":"https:\/\/arriendo.com\/co\/wp-json\/wp\/v2\/es_neighborhoods?post=329813"},{"taxonomy":"es_tag","embeddable":true,"href":"https:\/\/arriendo.com\/co\/wp-json\/wp\/v2\/es_tags?post=329813"}],"curies":[{"name":"wp","href":"https:\/\/api.w.org\/{rel}","templated":true}]}}

Apartamento en Arriendo en Picaleña y Mirolindo, Ibagué

<p>Código interno 13885 Apartamento en arriendo ubicado en el Edificio Torres del Bosque II, cerca del Éxito 80, Homecenter, Fruver, Restaurantes, Panaderías, Papelerías, Droguerías, por el sector transitan las siguientes rutas: 14, 18, 33, 48, cómodas vías de acceso. El inmueble se encuentra distribuido: Sala comedor, tres habitaciones con closet, la principal con baño, cocina integral, zona de ropas, baño social, parqueadero descubierto es asignado por la administracion. El valor de la administracion $200.000</p>

Código interno 13885 Apartamento en arriendo ubicado en el Edificio...
