{"id":329782,"date":"2026-02-19T19:02:42","date_gmt":"2026-02-20T00:02:42","guid":{"rendered":"https:\/\/arriendo.com\/co\/%es_type%\/%address_city%\/%neighborhood%\/ibague-la-pola-apartaestudio-en-arriendo-2ed02a\/"},"modified":"2026-02-19T19:02:43","modified_gmt":"2026-02-20T00:02:43","slug":"AR-329782","status":"publish","type":"properties","link":"https:\/\/arriendo.com\/co\/apartaestudios\/ibague\/la-pola\/AR-329782\/","title":{"rendered":"Apartaestudio en  Arriendo en La pola, Ibagu\u00e9"},"content":{"rendered":"<p>Apartaestudio amoblado en arriendo ubicado en el barrio La Pola, a pocos minutos del Centro de la Ciudad, por el Sector encontramos: Restaurantes, Tiendas, Supermercados, Droguer\u00edas, Parques, muy cerca a la Alcald\u00eda de Ibagu\u00e9 y otras Oficinas Gubernamentales. El inmueble consta de: Sala Comedor,  una Habitaci\u00f3n con Closet, Cocina semi Integral, ba\u00f1o, zona de lavado en la terraza del edificio (uso de lavadora y secadora). El valor del canon de arrendamiento incluye los servicio publicos<\/p>\n","protected":false},"excerpt":{"rendered":"Apartaestudio amoblado en arriendo ubicado en el barrio La Pola,...","protected":false},"author":8285,"featured_media":329785,"template":"","es_locations":[337,1491,106],"es_categories":[124],"es_types":[299],"es_rent_periods":[],"es_labels":[],"es_statuses":[],"es_parkings":[],"es_roofs":[],"es_exterior_materials":[],"es_basements":[],"es_floor_coverings":[],"es_features":[2211,2293,2166,2135,2136,144,2137,2152],"es_amenities":[2210,2295,2189,2142,2143,2289,2144,2162],"es_neighborhoods":[],"es_tags":[],"class_list":["post-329782","properties","type-properties","status-publish","has-post-thumbnail","hentry","es_location-ibague","es_location-la-pola","es_location-tolima","es_category-arriendo","es_type-apartaestudios","es_feature-canchas-deportivas","es_feature-cerca-centro-comercial","es_feature-closet","es_feature-sobre-via-principal","es_feature-trans-publico-cercano","es_feature-vista-panoramica","es_feature-zona-comercial","es_feature-zona-residencial","es_amenity-canchas-deportivas","es_amenity-cerca-centro-comercial","es_amenity-closet","es_amenity-sobre-via-principal","es_amenity-trans-publico-cercano","es_amenity-vista-panoramica","es_amenity-zona-comercial","es_amenity-zona-residencial","es-post-entity"],"_links":{"self":[{"href":"https:\/\/arriendo.com\/co\/wp-json\/wp\/v2\/properties\/329782","targetHints":{"allow":["GET"]}}],"collection":[{"href":"https:\/\/arriendo.com\/co\/wp-json\/wp\/v2\/properties"}],"about":[{"href":"https:\/\/arriendo.com\/co\/wp-json\/wp\/v2\/types\/properties"}],"author":[{"embeddable":true,"href":"https:\/\/arriendo.com\/co\/wp-json\/wp\/v2\/users\/8285"}],"version-history":[{"count":0,"href":"https:\/\/arriendo.com\/co\/wp-json\/wp\/v2\/properties\/329782\/revisions"}],"wp:featuredmedia":[{"embeddable":true,"href":"https:\/\/arriendo.com\/co\/wp-json\/wp\/v2\/media\/329785"}],"wp:attachment":[{"href":"https:\/\/arriendo.com\/co\/wp-json\/wp\/v2\/media?parent=329782"}],"wp:term":[{"taxonomy":"es_location","embeddable":true,"href":"https:\/\/arriendo.com\/co\/wp-json\/wp\/v2\/es_locations?post=329782"},{"taxonomy":"es_category","embeddable":true,"href":"https:\/\/arriendo.com\/co\/wp-json\/wp\/v2\/es_categories?post=329782"},{"taxonomy":"es_type","embeddable":true,"href":"https:\/\/arriendo.com\/co\/wp-json\/wp\/v2\/es_types?post=329782"},{"taxonomy":"es_rent_period","embeddable":true,"href":"https:\/\/arriendo.com\/co\/wp-json\/wp\/v2\/es_rent_periods?post=329782"},{"taxonomy":"es_label","embeddable":true,"href":"https:\/\/arriendo.com\/co\/wp-json\/wp\/v2\/es_labels?post=329782"},{"taxonomy":"es_status","embeddable":true,"href":"https:\/\/arriendo.com\/co\/wp-json\/wp\/v2\/es_statuses?post=329782"},{"taxonomy":"es_parking","embeddable":true,"href":"https:\/\/arriendo.com\/co\/wp-json\/wp\/v2\/es_parkings?post=329782"},{"taxonomy":"es_roof","embeddable":true,"href":"https:\/\/arriendo.com\/co\/wp-json\/wp\/v2\/es_roofs?post=329782"},{"taxonomy":"es_exterior_material","embeddable":true,"href":"https:\/\/arriendo.com\/co\/wp-json\/wp\/v2\/es_exterior_materials?post=329782"},{"taxonomy":"es_basement","embeddable":true,"href":"https:\/\/arriendo.com\/co\/wp-json\/wp\/v2\/es_basements?post=329782"},{"taxonomy":"es_floor_covering","embeddable":true,"href":"https:\/\/arriendo.com\/co\/wp-json\/wp\/v2\/es_floor_coverings?post=329782"},{"taxonomy":"es_feature","embeddable":true,"href":"https:\/\/arriendo.com\/co\/wp-json\/wp\/v2\/es_features?post=329782"},{"taxonomy":"es_amenity","embeddable":true,"href":"https:\/\/arriendo.com\/co\/wp-json\/wp\/v2\/es_amenities?post=329782"},{"taxonomy":"es_neighborhood","embeddable":true,"href":"https:\/\/arriendo.com\/co\/wp-json\/wp\/v2\/es_neighborhoods?post=329782"},{"taxonomy":"es_tag","embeddable":true,"href":"https:\/\/arriendo.com\/co\/wp-json\/wp\/v2\/es_tags?post=329782"}],"curies":[{"name":"wp","href":"https:\/\/api.w.org\/{rel}","templated":true}]}}

Apartaestudio en  Arriendo en La pola, Ibagué

<p>Apartaestudio amoblado en arriendo ubicado en el barrio La Pola, a pocos minutos del Centro de la Ciudad, por el Sector encontramos: Restaurantes, Tiendas, Supermercados, Droguerías, Parques, muy cerca a la Alcaldía de Ibagué y otras Oficinas Gubernamentales. El inmueble consta de: Sala Comedor,  una Habitación con Closet, Cocina semi Integral, baño, zona de lavado en la terraza del edificio (uso de lavadora y secadora). El valor del canon de arrendamiento incluye los servicio publicos</p>
