{"id":329748,"date":"2026-02-19T19:02:15","date_gmt":"2026-02-20T00:02:15","guid":{"rendered":"https:\/\/arriendo.com\/co\/%es_type%\/%address_city%\/%neighborhood%\/ibague-picalenita-apartamento-en-arriendo-en-7e04f1\/"},"modified":"2026-02-19T19:02:15","modified_gmt":"2026-02-20T00:02:15","slug":"AR-329748","status":"publish","type":"properties","link":"https:\/\/arriendo.com\/co\/apartamentos\/ibague\/picalenita\/AR-329748\/","title":{"rendered":"Apartamento en Arriendo en Picale\u00f1ita, Ibagu\u00e9"},"content":{"rendered":"<p>Apartamento amoblado en arriendo, ubicado junto al Centro Recreacional Comfenalco en la Ciudad de Ibagu\u00e9 v\u00eda Mirolindo, comodas vias de acceso. El inmueble se encuentra distribuido: Sala comedor, tres habitaciones con closet, la principal con ba\u00f1o, balc\u00f3n, cocina integral, zona de ropas, ba\u00f1o social, parqueadero cubierto. Zonas comunes: Parque acu\u00e1tico infantil, cancha de micro, piscina, cancha de mini b\u00e1squet, vigilancia las 24 horas. El valor del canon de arrendamiento es mas administracion y servicios<\/p>\n","protected":false},"excerpt":{"rendered":"Apartamento amoblado en arriendo, ubicado junto al Centro Recreacional Comfenalco...","protected":false},"author":8285,"featured_media":329751,"template":"","es_locations":[337,3431,106],"es_categories":[124],"es_types":[114],"es_rent_periods":[],"es_labels":[],"es_statuses":[],"es_parkings":[],"es_roofs":[],"es_exterior_materials":[],"es_basements":[],"es_floor_coverings":[],"es_features":[2262,131,132,2211,133,2166,2146,2147,2179,145,2182,2136,2184,2185,2152],"es_amenities":[2267,152,2186,2210,2154,2189,2155,2156,154,2160,159,2143,2172,2173,2162],"es_neighborhoods":[],"es_tags":[],"class_list":["post-329748","properties","type-properties","status-publish","has-post-thumbnail","hentry","es_location-ibague","es_location-picalenita","es_location-tolima","es_category-arriendo","es_type-apartamentos","es_feature-amoblado","es_feature-ascensor","es_feature-balcon","es_feature-canchas-deportivas","es_feature-citofono","es_feature-closet","es_feature-cocina-integral","es_feature-cocina-tipo-americano","es_feature-gimnasio","es_feature-instalacion-de-gas","es_feature-salon-comunal","es_feature-trans-publico-cercano","es_feature-zona-de-bbq","es_feature-zona-infantil","es_feature-zona-residencial","es_amenity-amoblado","es_amenity-ascensor-privado","es_amenity-balcon","es_amenity-canchas-deportivas","es_amenity-citofono","es_amenity-closet","es_amenity-cocina-integral","es_amenity-cocina-tipo-americano","es_amenity-gimnasio","es_amenity-instalacion-de-gas","es_amenity-salon-comunal","es_amenity-trans-publico-cercano","es_amenity-zona-de-bbq","es_amenity-zona-infantil","es_amenity-zona-residencial","es-post-entity"],"_links":{"self":[{"href":"https:\/\/arriendo.com\/co\/wp-json\/wp\/v2\/properties\/329748","targetHints":{"allow":["GET"]}}],"collection":[{"href":"https:\/\/arriendo.com\/co\/wp-json\/wp\/v2\/properties"}],"about":[{"href":"https:\/\/arriendo.com\/co\/wp-json\/wp\/v2\/types\/properties"}],"author":[{"embeddable":true,"href":"https:\/\/arriendo.com\/co\/wp-json\/wp\/v2\/users\/8285"}],"version-history":[{"count":0,"href":"https:\/\/arriendo.com\/co\/wp-json\/wp\/v2\/properties\/329748\/revisions"}],"wp:featuredmedia":[{"embeddable":true,"href":"https:\/\/arriendo.com\/co\/wp-json\/wp\/v2\/media\/329751"}],"wp:attachment":[{"href":"https:\/\/arriendo.com\/co\/wp-json\/wp\/v2\/media?parent=329748"}],"wp:term":[{"taxonomy":"es_location","embeddable":true,"href":"https:\/\/arriendo.com\/co\/wp-json\/wp\/v2\/es_locations?post=329748"},{"taxonomy":"es_category","embeddable":true,"href":"https:\/\/arriendo.com\/co\/wp-json\/wp\/v2\/es_categories?post=329748"},{"taxonomy":"es_type","embeddable":true,"href":"https:\/\/arriendo.com\/co\/wp-json\/wp\/v2\/es_types?post=329748"},{"taxonomy":"es_rent_period","embeddable":true,"href":"https:\/\/arriendo.com\/co\/wp-json\/wp\/v2\/es_rent_periods?post=329748"},{"taxonomy":"es_label","embeddable":true,"href":"https:\/\/arriendo.com\/co\/wp-json\/wp\/v2\/es_labels?post=329748"},{"taxonomy":"es_status","embeddable":true,"href":"https:\/\/arriendo.com\/co\/wp-json\/wp\/v2\/es_statuses?post=329748"},{"taxonomy":"es_parking","embeddable":true,"href":"https:\/\/arriendo.com\/co\/wp-json\/wp\/v2\/es_parkings?post=329748"},{"taxonomy":"es_roof","embeddable":true,"href":"https:\/\/arriendo.com\/co\/wp-json\/wp\/v2\/es_roofs?post=329748"},{"taxonomy":"es_exterior_material","embeddable":true,"href":"https:\/\/arriendo.com\/co\/wp-json\/wp\/v2\/es_exterior_materials?post=329748"},{"taxonomy":"es_basement","embeddable":true,"href":"https:\/\/arriendo.com\/co\/wp-json\/wp\/v2\/es_basements?post=329748"},{"taxonomy":"es_floor_covering","embeddable":true,"href":"https:\/\/arriendo.com\/co\/wp-json\/wp\/v2\/es_floor_coverings?post=329748"},{"taxonomy":"es_feature","embeddable":true,"href":"https:\/\/arriendo.com\/co\/wp-json\/wp\/v2\/es_features?post=329748"},{"taxonomy":"es_amenity","embeddable":true,"href":"https:\/\/arriendo.com\/co\/wp-json\/wp\/v2\/es_amenities?post=329748"},{"taxonomy":"es_neighborhood","embeddable":true,"href":"https:\/\/arriendo.com\/co\/wp-json\/wp\/v2\/es_neighborhoods?post=329748"},{"taxonomy":"es_tag","embeddable":true,"href":"https:\/\/arriendo.com\/co\/wp-json\/wp\/v2\/es_tags?post=329748"}],"curies":[{"name":"wp","href":"https:\/\/api.w.org\/{rel}","templated":true}]}}

Apartamento en Arriendo en Picaleñita, Ibagué

<p>Apartamento amoblado en arriendo, ubicado junto al Centro Recreacional Comfenalco en la Ciudad de Ibagué vía Mirolindo, comodas vias de acceso. El inmueble se encuentra distribuido: Sala comedor, tres habitaciones con closet, la principal con baño, balcón, cocina integral, zona de ropas, baño social, parqueadero cubierto. Zonas comunes: Parque acuático infantil, cancha de micro, piscina, cancha de mini básquet, vigilancia las 24 horas. El valor del canon de arrendamiento es mas administracion y servicios</p>
