{"id":329314,"date":"2026-02-19T18:56:31","date_gmt":"2026-02-19T23:56:31","guid":{"rendered":"https:\/\/arriendo.com\/co\/%es_type%\/%address_city%\/%neighborhood%\/itagui-asturias-local-en-arriendo-en-fedd3d\/"},"modified":"2026-02-19T18:56:32","modified_gmt":"2026-02-19T23:56:32","slug":"AR-329314","status":"publish","type":"properties","link":"https:\/\/arriendo.com\/co\/locales\/itagui\/asturias\/AR-329314\/","title":{"rendered":"Local en Arriendo en Asturias, Itagu\u00ed"},"content":{"rendered":"<p>Local en arriendo  y venta sector Itagui, 89 mts un ba\u00f1o,cocineta, piso cer\u00e1mica<\/p>\n<p>Excelente zona comercial, Rutas de transporte.<\/p>\n<p>Arrendamientos ***Web.Desarrollo Inmobiliario del Sur<\/p>\n","protected":false},"excerpt":{"rendered":"Local en arriendo y venta sector Itagui, 89 mts un...","protected":false},"author":7244,"featured_media":329317,"template":"","es_locations":[79,445,475],"es_categories":[124],"es_types":[117],"es_rent_periods":[],"es_labels":[],"es_statuses":[],"es_parkings":[],"es_roofs":[],"es_exterior_materials":[],"es_basements":[],"es_floor_coverings":[],"es_features":[2168,2164,2200,2302,2148,2201,2176,2132,2150,2136,2137,2152],"es_amenities":[2195,2187,2205,2303,2157,2206,2191,2140,2161,2143,2144,2162],"es_neighborhoods":[],"es_tags":[],"class_list":["post-329314","properties","type-properties","status-publish","has-post-thumbnail","hentry","es_location-antioquia","es_location-asturias","es_location-itagui","es_category-arriendo","es_type-locales","es_feature-area-urbana","es_feature-bano-independiente","es_feature-cerca-a-sector-comercial","es_feature-cocineta","es_feature-colegios-universidades","es_feature-en-zona-comercial","es_feature-en-zona-residencial","es_feature-parques-cercanos","es_feature-supermercados-c-comerciales","es_feature-trans-publico-cercano","es_feature-zona-comercial","es_feature-zona-residencial","es_amenity-area-urbana","es_amenity-bano-independiente","es_amenity-cerca-a-sector-comercial","es_amenity-cocineta","es_amenity-colegios-universidades","es_amenity-en-zona-comercial","es_amenity-en-zona-residencial","es_amenity-parques-cercanos","es_amenity-supermercados-c-comerciales","es_amenity-trans-publico-cercano","es_amenity-zona-comercial","es_amenity-zona-residencial","es-post-entity"],"_links":{"self":[{"href":"https:\/\/arriendo.com\/co\/wp-json\/wp\/v2\/properties\/329314","targetHints":{"allow":["GET"]}}],"collection":[{"href":"https:\/\/arriendo.com\/co\/wp-json\/wp\/v2\/properties"}],"about":[{"href":"https:\/\/arriendo.com\/co\/wp-json\/wp\/v2\/types\/properties"}],"author":[{"embeddable":true,"href":"https:\/\/arriendo.com\/co\/wp-json\/wp\/v2\/users\/7244"}],"version-history":[{"count":0,"href":"https:\/\/arriendo.com\/co\/wp-json\/wp\/v2\/properties\/329314\/revisions"}],"wp:featuredmedia":[{"embeddable":true,"href":"https:\/\/arriendo.com\/co\/wp-json\/wp\/v2\/media\/329317"}],"wp:attachment":[{"href":"https:\/\/arriendo.com\/co\/wp-json\/wp\/v2\/media?parent=329314"}],"wp:term":[{"taxonomy":"es_location","embeddable":true,"href":"https:\/\/arriendo.com\/co\/wp-json\/wp\/v2\/es_locations?post=329314"},{"taxonomy":"es_category","embeddable":true,"href":"https:\/\/arriendo.com\/co\/wp-json\/wp\/v2\/es_categories?post=329314"},{"taxonomy":"es_type","embeddable":true,"href":"https:\/\/arriendo.com\/co\/wp-json\/wp\/v2\/es_types?post=329314"},{"taxonomy":"es_rent_period","embeddable":true,"href":"https:\/\/arriendo.com\/co\/wp-json\/wp\/v2\/es_rent_periods?post=329314"},{"taxonomy":"es_label","embeddable":true,"href":"https:\/\/arriendo.com\/co\/wp-json\/wp\/v2\/es_labels?post=329314"},{"taxonomy":"es_status","embeddable":true,"href":"https:\/\/arriendo.com\/co\/wp-json\/wp\/v2\/es_statuses?post=329314"},{"taxonomy":"es_parking","embeddable":true,"href":"https:\/\/arriendo.com\/co\/wp-json\/wp\/v2\/es_parkings?post=329314"},{"taxonomy":"es_roof","embeddable":true,"href":"https:\/\/arriendo.com\/co\/wp-json\/wp\/v2\/es_roofs?post=329314"},{"taxonomy":"es_exterior_material","embeddable":true,"href":"https:\/\/arriendo.com\/co\/wp-json\/wp\/v2\/es_exterior_materials?post=329314"},{"taxonomy":"es_basement","embeddable":true,"href":"https:\/\/arriendo.com\/co\/wp-json\/wp\/v2\/es_basements?post=329314"},{"taxonomy":"es_floor_covering","embeddable":true,"href":"https:\/\/arriendo.com\/co\/wp-json\/wp\/v2\/es_floor_coverings?post=329314"},{"taxonomy":"es_feature","embeddable":true,"href":"https:\/\/arriendo.com\/co\/wp-json\/wp\/v2\/es_features?post=329314"},{"taxonomy":"es_amenity","embeddable":true,"href":"https:\/\/arriendo.com\/co\/wp-json\/wp\/v2\/es_amenities?post=329314"},{"taxonomy":"es_neighborhood","embeddable":true,"href":"https:\/\/arriendo.com\/co\/wp-json\/wp\/v2\/es_neighborhoods?post=329314"},{"taxonomy":"es_tag","embeddable":true,"href":"https:\/\/arriendo.com\/co\/wp-json\/wp\/v2\/es_tags?post=329314"}],"curies":[{"name":"wp","href":"https:\/\/api.w.org\/{rel}","templated":true}]}}

Local en Arriendo en Asturias, Itaguí

<p>Local en arriendo  y venta sector Itagui, 89 mts un baño,cocineta, piso cerámica</p>
<p>Excelente zona comercial, Rutas de transporte.</p>
<p>Arrendamientos ***Web.Desarrollo Inmobiliario del Sur</p>
