{"id":328917,"date":"2026-02-19T18:49:33","date_gmt":"2026-02-19T23:49:33","guid":{"rendered":"https:\/\/arriendo.com\/co\/%es_type%\/%address_city%\/%neighborhood%\/ginebra-ginebra-casa-en-arriendo-en-de67c9\/"},"modified":"2026-02-19T18:49:34","modified_gmt":"2026-02-19T23:49:34","slug":"AR-328917","status":"publish","type":"properties","link":"https:\/\/arriendo.com\/co\/casas\/ginebra\/ginebra\/AR-328917\/","title":{"rendered":"Casa en Arriendo en Ginebra"},"content":{"rendered":"<p>Alquilo en Ginebra Valle. Propiedad de 2 pisos con 112 m2 construidos, excelente distribuci\u00f3n, Iluminaci\u00f3n y ventilaci\u00f3n. Con fachada moderna, parqueadero externo, puerta y rejas de seguridad en ventanas, puerta principal y patio. En su primer piso cuenta con sala amplia, cocina integral con lindo mes\u00f3n en m\u00e1rmol y gabinetes con buen almacenamiento de buena calidad, patio de ropas, lavadero cubierto, instalaci\u00f3n para calentador, comedor, dep\u00f3sito y ba\u00f1o social. En su segundo piso cuenta con (3) habitaciones, la principal con ba\u00f1o y vestier, las otras con closet y ba\u00f1o completo compartido. Las divisiones de los ba\u00f1os en vidrio templado, pisos de porcelanato, cielo falso con luces empotradas.<br \/>\nUbicaci\u00f3n privilegiada en urbanizaci\u00f3n abierta Camino Real, muy cerca del parque principal, v\u00edas de transporte p\u00fablico, entidades educativas, entre otros.<\/p>\n","protected":false},"excerpt":{"rendered":"Alquilo en Ginebra Valle. Propiedad de 2 pisos con 112...","protected":false},"author":8354,"featured_media":328920,"template":"","es_locations":[2493],"es_categories":[124],"es_types":[115],"es_rent_periods":[],"es_labels":[],"es_statuses":[],"es_parkings":[],"es_roofs":[],"es_exterior_materials":[],"es_basements":[],"es_floor_coverings":[],"es_features":[132,2211,2293,2166,2146,145,2136,2137,2152],"es_amenities":[2186,2210,2295,2189,2155,2160,2143,2144,2162],"es_neighborhoods":[],"es_tags":[],"class_list":["post-328917","properties","type-properties","status-publish","has-post-thumbnail","hentry","es_location-ginebra","es_category-arriendo","es_type-casas","es_feature-balcon","es_feature-canchas-deportivas","es_feature-cerca-centro-comercial","es_feature-closet","es_feature-cocina-integral","es_feature-instalacion-de-gas","es_feature-trans-publico-cercano","es_feature-zona-comercial","es_feature-zona-residencial","es_amenity-balcon","es_amenity-canchas-deportivas","es_amenity-cerca-centro-comercial","es_amenity-closet","es_amenity-cocina-integral","es_amenity-instalacion-de-gas","es_amenity-trans-publico-cercano","es_amenity-zona-comercial","es_amenity-zona-residencial","es-post-entity"],"_links":{"self":[{"href":"https:\/\/arriendo.com\/co\/wp-json\/wp\/v2\/properties\/328917","targetHints":{"allow":["GET"]}}],"collection":[{"href":"https:\/\/arriendo.com\/co\/wp-json\/wp\/v2\/properties"}],"about":[{"href":"https:\/\/arriendo.com\/co\/wp-json\/wp\/v2\/types\/properties"}],"author":[{"embeddable":true,"href":"https:\/\/arriendo.com\/co\/wp-json\/wp\/v2\/users\/8354"}],"version-history":[{"count":0,"href":"https:\/\/arriendo.com\/co\/wp-json\/wp\/v2\/properties\/328917\/revisions"}],"wp:featuredmedia":[{"embeddable":true,"href":"https:\/\/arriendo.com\/co\/wp-json\/wp\/v2\/media\/328920"}],"wp:attachment":[{"href":"https:\/\/arriendo.com\/co\/wp-json\/wp\/v2\/media?parent=328917"}],"wp:term":[{"taxonomy":"es_location","embeddable":true,"href":"https:\/\/arriendo.com\/co\/wp-json\/wp\/v2\/es_locations?post=328917"},{"taxonomy":"es_category","embeddable":true,"href":"https:\/\/arriendo.com\/co\/wp-json\/wp\/v2\/es_categories?post=328917"},{"taxonomy":"es_type","embeddable":true,"href":"https:\/\/arriendo.com\/co\/wp-json\/wp\/v2\/es_types?post=328917"},{"taxonomy":"es_rent_period","embeddable":true,"href":"https:\/\/arriendo.com\/co\/wp-json\/wp\/v2\/es_rent_periods?post=328917"},{"taxonomy":"es_label","embeddable":true,"href":"https:\/\/arriendo.com\/co\/wp-json\/wp\/v2\/es_labels?post=328917"},{"taxonomy":"es_status","embeddable":true,"href":"https:\/\/arriendo.com\/co\/wp-json\/wp\/v2\/es_statuses?post=328917"},{"taxonomy":"es_parking","embeddable":true,"href":"https:\/\/arriendo.com\/co\/wp-json\/wp\/v2\/es_parkings?post=328917"},{"taxonomy":"es_roof","embeddable":true,"href":"https:\/\/arriendo.com\/co\/wp-json\/wp\/v2\/es_roofs?post=328917"},{"taxonomy":"es_exterior_material","embeddable":true,"href":"https:\/\/arriendo.com\/co\/wp-json\/wp\/v2\/es_exterior_materials?post=328917"},{"taxonomy":"es_basement","embeddable":true,"href":"https:\/\/arriendo.com\/co\/wp-json\/wp\/v2\/es_basements?post=328917"},{"taxonomy":"es_floor_covering","embeddable":true,"href":"https:\/\/arriendo.com\/co\/wp-json\/wp\/v2\/es_floor_coverings?post=328917"},{"taxonomy":"es_feature","embeddable":true,"href":"https:\/\/arriendo.com\/co\/wp-json\/wp\/v2\/es_features?post=328917"},{"taxonomy":"es_amenity","embeddable":true,"href":"https:\/\/arriendo.com\/co\/wp-json\/wp\/v2\/es_amenities?post=328917"},{"taxonomy":"es_neighborhood","embeddable":true,"href":"https:\/\/arriendo.com\/co\/wp-json\/wp\/v2\/es_neighborhoods?post=328917"},{"taxonomy":"es_tag","embeddable":true,"href":"https:\/\/arriendo.com\/co\/wp-json\/wp\/v2\/es_tags?post=328917"}],"curies":[{"name":"wp","href":"https:\/\/api.w.org\/{rel}","templated":true}]}}

<p>Alquilo en Ginebra Valle. Propiedad de 2 pisos con 112 m2 construidos, excelente distribución, Iluminación y ventilación. Con fachada moderna, parqueadero externo, puerta y rejas de seguridad en ventanas, puerta principal y patio. En su primer piso cuenta con sala amplia, cocina integral con lindo mesón en mármol y gabinetes con buen almacenamiento de buena calidad, patio de ropas, lavadero cubierto, instalación para calentador, comedor, depósito y baño social. En su segundo piso cuenta con (3) habitaciones, la principal con baño y vestier, las otras con closet y baño completo compartido. Las divisiones de los baños en vidrio templado, pisos de porcelanato, cielo falso con luces empotradas.<br />
Ubicación privilegiada en urbanización abierta Camino Real, muy cerca del parque principal, vías de transporte público, entidades educativas, entre otros.</p>
