{"id":328592,"date":"2026-02-19T18:42:20","date_gmt":"2026-02-19T23:42:20","guid":{"rendered":"https:\/\/arriendo.com\/co\/%es_type%\/%address_city%\/%neighborhood%\/rionegro-barro-blanco-apartamento-en-arriendo-cf2bf5\/"},"modified":"2026-02-19T18:42:21","modified_gmt":"2026-02-19T23:42:21","slug":"AR-328592","status":"publish","type":"properties","link":"https:\/\/arriendo.com\/co\/apartamentos\/rionegro\/barro-blanco\/AR-328592\/","title":{"rendered":"Apartamento en  Arriendo en Barro blanco, Rionegro"},"content":{"rendered":"<p>Apartamento en renta sector porvenir- barroblanco <\/p>\n<p>Hermoso y comodo apartamento dipsonible para renta, cuenta con 2 habitaciones cada una con vestier y ba\u00f1o , ba\u00f1o social, sala, cocina integral, zona de ropas, estudio,balcon con hermosa vista, cuarto \u00fatil y parqueadero.<\/p>\n<p>Contactanos y agenda tu visita hoy mismo!!<\/p>\n","protected":false},"excerpt":{"rendered":"Apartamento en renta sector porvenir- barroblanco Hermoso y comodo apartamento...","protected":false},"author":8174,"featured_media":328595,"template":"","es_locations":[79,1675,502],"es_categories":[124],"es_types":[114],"es_rent_periods":[],"es_labels":[],"es_statuses":[],"es_parkings":[],"es_roofs":[],"es_exterior_materials":[],"es_basements":[],"es_floor_coverings":[],"es_features":[2292,131,132,2212,2164,2233,2166,2146,2148,2196,136,2179,2216,2133,2181,2182,2135,2136,144,2151,2185,2204],"es_amenities":[2294,152,2186,2217,2187,2248,2189,2155,2157,2197,2158,154,156,158,159,2142,2143,161,2289,162,2173,2209],"es_neighborhoods":[],"es_tags":[],"class_list":["post-328592","properties","type-properties","status-publish","has-post-thumbnail","hentry","es_location-antioquia","es_location-barro-blanco","es_location-rionegro","es_category-arriendo","es_type-apartamentos","es_feature-acceso-pavimentado","es_feature-ascensor","es_feature-balcon","es_feature-bano-auxiliar","es_feature-bano-independiente","es_feature-cerca-de-zona-urbana","es_feature-closet","es_feature-cocina-integral","es_feature-colegios-universidades","es_feature-en-conjunto-cerrado","es_feature-estudio","es_feature-gimnasio","es_feature-parqueadero-visitantes","es_feature-porteria-recepcion","es_feature-porteria-vigilancia","es_feature-salon-comunal","es_feature-sobre-via-principal","es_feature-trans-publico-cercano","es_feature-vista-panoramica","es_feature-zona-de-lavanderia","es_feature-zona-infantil","es_feature-zonas-verdes","es_amenity-acceso-pavimentado","es_amenity-ascensor-privado","es_amenity-balcon","es_amenity-bano-auxiliar","es_amenity-bano-independiente","es_amenity-cerca-de-zona-urbana","es_amenity-closet","es_amenity-cocina-integral","es_amenity-colegios-universidades","es_amenity-en-conjunto-cerrado","es_amenity-estudio","es_amenity-gimnasio","es_amenity-parqueadero-visitantes","es_amenity-porteria-recepcion","es_amenity-salon-comunal","es_amenity-sobre-via-principal","es_amenity-trans-publico-cercano","es_amenity-vigilancia-24-7","es_amenity-vista-panoramica","es_amenity-zona-de-lavanderia","es_amenity-zona-infantil","es_amenity-zonas-verdes","es-post-entity"],"_links":{"self":[{"href":"https:\/\/arriendo.com\/co\/wp-json\/wp\/v2\/properties\/328592","targetHints":{"allow":["GET"]}}],"collection":[{"href":"https:\/\/arriendo.com\/co\/wp-json\/wp\/v2\/properties"}],"about":[{"href":"https:\/\/arriendo.com\/co\/wp-json\/wp\/v2\/types\/properties"}],"author":[{"embeddable":true,"href":"https:\/\/arriendo.com\/co\/wp-json\/wp\/v2\/users\/8174"}],"version-history":[{"count":0,"href":"https:\/\/arriendo.com\/co\/wp-json\/wp\/v2\/properties\/328592\/revisions"}],"wp:featuredmedia":[{"embeddable":true,"href":"https:\/\/arriendo.com\/co\/wp-json\/wp\/v2\/media\/328595"}],"wp:attachment":[{"href":"https:\/\/arriendo.com\/co\/wp-json\/wp\/v2\/media?parent=328592"}],"wp:term":[{"taxonomy":"es_location","embeddable":true,"href":"https:\/\/arriendo.com\/co\/wp-json\/wp\/v2\/es_locations?post=328592"},{"taxonomy":"es_category","embeddable":true,"href":"https:\/\/arriendo.com\/co\/wp-json\/wp\/v2\/es_categories?post=328592"},{"taxonomy":"es_type","embeddable":true,"href":"https:\/\/arriendo.com\/co\/wp-json\/wp\/v2\/es_types?post=328592"},{"taxonomy":"es_rent_period","embeddable":true,"href":"https:\/\/arriendo.com\/co\/wp-json\/wp\/v2\/es_rent_periods?post=328592"},{"taxonomy":"es_label","embeddable":true,"href":"https:\/\/arriendo.com\/co\/wp-json\/wp\/v2\/es_labels?post=328592"},{"taxonomy":"es_status","embeddable":true,"href":"https:\/\/arriendo.com\/co\/wp-json\/wp\/v2\/es_statuses?post=328592"},{"taxonomy":"es_parking","embeddable":true,"href":"https:\/\/arriendo.com\/co\/wp-json\/wp\/v2\/es_parkings?post=328592"},{"taxonomy":"es_roof","embeddable":true,"href":"https:\/\/arriendo.com\/co\/wp-json\/wp\/v2\/es_roofs?post=328592"},{"taxonomy":"es_exterior_material","embeddable":true,"href":"https:\/\/arriendo.com\/co\/wp-json\/wp\/v2\/es_exterior_materials?post=328592"},{"taxonomy":"es_basement","embeddable":true,"href":"https:\/\/arriendo.com\/co\/wp-json\/wp\/v2\/es_basements?post=328592"},{"taxonomy":"es_floor_covering","embeddable":true,"href":"https:\/\/arriendo.com\/co\/wp-json\/wp\/v2\/es_floor_coverings?post=328592"},{"taxonomy":"es_feature","embeddable":true,"href":"https:\/\/arriendo.com\/co\/wp-json\/wp\/v2\/es_features?post=328592"},{"taxonomy":"es_amenity","embeddable":true,"href":"https:\/\/arriendo.com\/co\/wp-json\/wp\/v2\/es_amenities?post=328592"},{"taxonomy":"es_neighborhood","embeddable":true,"href":"https:\/\/arriendo.com\/co\/wp-json\/wp\/v2\/es_neighborhoods?post=328592"},{"taxonomy":"es_tag","embeddable":true,"href":"https:\/\/arriendo.com\/co\/wp-json\/wp\/v2\/es_tags?post=328592"}],"curies":[{"name":"wp","href":"https:\/\/api.w.org\/{rel}","templated":true}]}}

<p>Apartamento en renta sector porvenir- barroblanco </p>
<p>Hermoso y comodo apartamento dipsonible para renta, cuenta con 2 habitaciones cada una con vestier y baño , baño social, sala, cocina integral, zona de ropas, estudio,balcon con hermosa vista, cuarto útil y parqueadero.</p>
<p>Contactanos y agenda tu visita hoy mismo!!</p>
