{"id":328499,"date":"2026-02-19T18:40:35","date_gmt":"2026-02-19T23:40:35","guid":{"rendered":"https:\/\/arriendo.com\/co\/%es_type%\/%address_city%\/%neighborhood%\/el-carmen-de-viboral-los-salados-apartamento-en-arriendo-30f52f\/"},"modified":"2026-02-19T18:40:35","modified_gmt":"2026-02-19T23:40:35","slug":"AR-328499","status":"publish","type":"properties","link":"https:\/\/arriendo.com\/co\/apartamentos\/el-carmen-de-viboral\/los-salados\/AR-328499\/","title":{"rendered":"Apartamento en  Arriendo en Los salados, El carmen de viboral"},"content":{"rendered":"<p>\u00a1Tu nuevo hogar te espera!<br \/>\nHermoso apartamento disponible, con excelente ubicaci\u00f3n Iluminado, comodo y con todo lo que necesitas para vivir tranquilo y feliz<br \/>\nCuenta con:<br \/>\n3 habitaciones, 2 ba\u00f1os, sala, comedor, balc\u00f3n, zona de ropas, parqueadero y cuarto \u00fatil<br \/>\n\u00a1Cont\u00e1ctanos y agenda tu visita hoy mismo! 1450-49<\/p>\n","protected":false},"excerpt":{"rendered":"\u00a1Tu nuevo hogar te espera! Hermoso apartamento disponible, con excelente...","protected":false},"author":8174,"featured_media":328502,"template":"","es_locations":[79,1503,3232],"es_categories":[124],"es_types":[114],"es_rent_periods":[],"es_labels":[],"es_statuses":[],"es_parkings":[],"es_roofs":[],"es_exterior_materials":[],"es_basements":[],"es_floor_coverings":[],"es_features":[2230,131,132,2212,2145,2166,2147,151,2296,2178,2149,145,2216,2133,2227,2228,2241,2242,2306,2151,2204],"es_amenities":[2243,152,2186,2217,2153,2189,2156,2270,2298,2193,2159,2160,156,158,2255,2258,2259,2260,2308,162,2209],"es_neighborhoods":[],"es_tags":[],"class_list":["post-328499","properties","type-properties","status-publish","has-post-thumbnail","hentry","es_location-antioquia","es_location-el-carmen-de-viboral","es_location-los-salados","es_category-arriendo","es_type-apartamentos","es_feature-alcantarillado","es_feature-ascensor","es_feature-balcon","es_feature-bano-auxiliar","es_feature-calentador","es_feature-closet","es_feature-cocina-tipo-americano","es_feature-deposito-bodega","es_feature-en-edificio","es_feature-garaje-cubierto","es_feature-garajes","es_feature-instalacion-de-gas","es_feature-parqueadero-visitantes","es_feature-porteria-recepcion","es_feature-shut-de-basura","es_feature-ventilacion-natural","es_feature-vigilancia-24x7","es_feature-vigilancia-privada-247","es_feature-zona-campestre","es_feature-zona-de-lavanderia","es_feature-zonas-verdes","es_amenity-alcantarillado","es_amenity-ascensor-privado","es_amenity-balcon","es_amenity-bano-auxiliar","es_amenity-calentador","es_amenity-closet","es_amenity-cocina-tipo-americano","es_amenity-deposito-bodega","es_amenity-en-edificio","es_amenity-garaje-cubierto","es_amenity-garajes","es_amenity-instalacion-de-gas","es_amenity-parqueadero-visitantes","es_amenity-porteria-recepcion","es_amenity-shut-de-basura","es_amenity-ventilacion-natural","es_amenity-vigilancia-24x7","es_amenity-vigilancia-privada-247","es_amenity-zona-campestre","es_amenity-zona-de-lavanderia","es_amenity-zonas-verdes","es-post-entity"],"_links":{"self":[{"href":"https:\/\/arriendo.com\/co\/wp-json\/wp\/v2\/properties\/328499","targetHints":{"allow":["GET"]}}],"collection":[{"href":"https:\/\/arriendo.com\/co\/wp-json\/wp\/v2\/properties"}],"about":[{"href":"https:\/\/arriendo.com\/co\/wp-json\/wp\/v2\/types\/properties"}],"author":[{"embeddable":true,"href":"https:\/\/arriendo.com\/co\/wp-json\/wp\/v2\/users\/8174"}],"version-history":[{"count":0,"href":"https:\/\/arriendo.com\/co\/wp-json\/wp\/v2\/properties\/328499\/revisions"}],"wp:featuredmedia":[{"embeddable":true,"href":"https:\/\/arriendo.com\/co\/wp-json\/wp\/v2\/media\/328502"}],"wp:attachment":[{"href":"https:\/\/arriendo.com\/co\/wp-json\/wp\/v2\/media?parent=328499"}],"wp:term":[{"taxonomy":"es_location","embeddable":true,"href":"https:\/\/arriendo.com\/co\/wp-json\/wp\/v2\/es_locations?post=328499"},{"taxonomy":"es_category","embeddable":true,"href":"https:\/\/arriendo.com\/co\/wp-json\/wp\/v2\/es_categories?post=328499"},{"taxonomy":"es_type","embeddable":true,"href":"https:\/\/arriendo.com\/co\/wp-json\/wp\/v2\/es_types?post=328499"},{"taxonomy":"es_rent_period","embeddable":true,"href":"https:\/\/arriendo.com\/co\/wp-json\/wp\/v2\/es_rent_periods?post=328499"},{"taxonomy":"es_label","embeddable":true,"href":"https:\/\/arriendo.com\/co\/wp-json\/wp\/v2\/es_labels?post=328499"},{"taxonomy":"es_status","embeddable":true,"href":"https:\/\/arriendo.com\/co\/wp-json\/wp\/v2\/es_statuses?post=328499"},{"taxonomy":"es_parking","embeddable":true,"href":"https:\/\/arriendo.com\/co\/wp-json\/wp\/v2\/es_parkings?post=328499"},{"taxonomy":"es_roof","embeddable":true,"href":"https:\/\/arriendo.com\/co\/wp-json\/wp\/v2\/es_roofs?post=328499"},{"taxonomy":"es_exterior_material","embeddable":true,"href":"https:\/\/arriendo.com\/co\/wp-json\/wp\/v2\/es_exterior_materials?post=328499"},{"taxonomy":"es_basement","embeddable":true,"href":"https:\/\/arriendo.com\/co\/wp-json\/wp\/v2\/es_basements?post=328499"},{"taxonomy":"es_floor_covering","embeddable":true,"href":"https:\/\/arriendo.com\/co\/wp-json\/wp\/v2\/es_floor_coverings?post=328499"},{"taxonomy":"es_feature","embeddable":true,"href":"https:\/\/arriendo.com\/co\/wp-json\/wp\/v2\/es_features?post=328499"},{"taxonomy":"es_amenity","embeddable":true,"href":"https:\/\/arriendo.com\/co\/wp-json\/wp\/v2\/es_amenities?post=328499"},{"taxonomy":"es_neighborhood","embeddable":true,"href":"https:\/\/arriendo.com\/co\/wp-json\/wp\/v2\/es_neighborhoods?post=328499"},{"taxonomy":"es_tag","embeddable":true,"href":"https:\/\/arriendo.com\/co\/wp-json\/wp\/v2\/es_tags?post=328499"}],"curies":[{"name":"wp","href":"https:\/\/api.w.org\/{rel}","templated":true}]}}

<p>¡Tu nuevo hogar te espera!<br />
Hermoso apartamento disponible, con excelente ubicación Iluminado, comodo y con todo lo que necesitas para vivir tranquilo y feliz<br />
Cuenta con:<br />
3 habitaciones, 2 baños, sala, comedor, balcón, zona de ropas, parqueadero y cuarto útil<br />
¡Contáctanos y agenda tu visita hoy mismo! 1450-49</p>
