{"id":326683,"date":"2026-02-19T18:12:48","date_gmt":"2026-02-19T23:12:48","guid":{"rendered":"https:\/\/arriendo.com\/co\/%es_type%\/%address_city%\/%neighborhood%\/pereira-pinares-apartamento-en-arriendo-en-0e6183\/"},"modified":"2026-02-19T18:12:49","modified_gmt":"2026-02-19T23:12:49","slug":"AR-326683","status":"publish","type":"properties","link":"https:\/\/arriendo.com\/co\/apartamentos\/pereira\/pinares\/AR-326683\/","title":{"rendered":"Apartamento en Arriendo en Pinares, Pereira"},"content":{"rendered":"<p>\u00a1Bienvenido al apartamento totalmente amoblado! Este acogedor espacio cuenta con 2 habitaciones perfectas para descansar. Con 70 metros cuadrados, encontrar\u00e1s el equilibrio ideal entre comodidad y funcionalidad. Ubicado en una zona privilegiada, este lugar te brinda la oportunidad de crear nuevos recuerdos y vivir experiencias inolvidables.<br \/>\n&#8211; Acomodaci\u00f3n: 4 Personas<br \/>\n&#8211; Habitaciones: 2<br \/>\n&#8211; Ba\u00f1os: 1 .5<br \/>\n&#8211; Camas: 2<br \/>\n&#8211; Sof\u00e1 cama: SI<br \/>\n&#8211; Piso: 6<br \/>\n&#8211; Metros cuadrado: 85<br \/>\n&#8211; Ascensor: si<br \/>\n&#8211; Parqueadero: si<br \/>\n&#8211; Porter\u00eda: si<br \/>\n&#8211; Zona social: sal\u00f3n social<br \/>\n&#8211; SMART TV<br \/>\n&#8211; WIFI<br \/>\n&#8211; Administraci\u00f3n<br \/>\n&#8211; Servicios incluidos<br \/>\n&#8211; Calentador de agua<br \/>\n&#8211; Nevera<br \/>\n&#8211; Electrodom\u00e9sticos b\u00e1sicos en cocina<\/p>\n<p>\u00bfEst\u00e1s listo para dar el siguiente paso? \u00a1Cont\u00e1ctanos hoy mismo para m\u00e1s informaci\u00f3n! INVERSIONES VICTORIA EUGENIA BOTERO SAS &#8211; Numero *** &#8211; ***<\/p>\n","protected":false},"excerpt":{"rendered":"\u00a1Bienvenido al apartamento totalmente amoblado! Este acogedor espacio cuenta con...","protected":false},"author":1795,"featured_media":326686,"template":"","es_locations":[231,346,102],"es_categories":[124],"es_types":[114],"es_rent_periods":[],"es_labels":[],"es_statuses":[],"es_parkings":[],"es_roofs":[],"es_exterior_materials":[],"es_basements":[],"es_floor_coverings":[],"es_features":[2262,2168,131,132,2145,2293,2166,2146,2179,145,2368,2220,2180,2182,2135,143,2136,144,2137,2152],"es_amenities":[2267,2195,152,2186,2153,2295,2189,2155,154,2160,2369,2221,157,159,2142,2290,2143,2289,2144,2162],"es_neighborhoods":[],"es_tags":[],"class_list":["post-326683","properties","type-properties","status-publish","has-post-thumbnail","hentry","es_location-pereira","es_location-pinares","es_location-risaralda","es_category-arriendo","es_type-apartamentos","es_feature-amoblado","es_feature-area-urbana","es_feature-ascensor","es_feature-balcon","es_feature-calentador","es_feature-cerca-centro-comercial","es_feature-closet","es_feature-cocina-integral","es_feature-gimnasio","es_feature-instalacion-de-gas","es_feature-loft","es_feature-patio","es_feature-piscina","es_feature-salon-comunal","es_feature-sobre-via-principal","es_feature-terraza","es_feature-trans-publico-cercano","es_feature-vista-panoramica","es_feature-zona-comercial","es_feature-zona-residencial","es_amenity-amoblado","es_amenity-area-urbana","es_amenity-ascensor-privado","es_amenity-balcon","es_amenity-calentador","es_amenity-cerca-centro-comercial","es_amenity-closet","es_amenity-cocina-integral","es_amenity-gimnasio","es_amenity-instalacion-de-gas","es_amenity-loft","es_amenity-patio","es_amenity-piscina","es_amenity-salon-comunal","es_amenity-sobre-via-principal","es_amenity-terraza","es_amenity-trans-publico-cercano","es_amenity-vista-panoramica","es_amenity-zona-comercial","es_amenity-zona-residencial","es-post-entity"],"_links":{"self":[{"href":"https:\/\/arriendo.com\/co\/wp-json\/wp\/v2\/properties\/326683","targetHints":{"allow":["GET"]}}],"collection":[{"href":"https:\/\/arriendo.com\/co\/wp-json\/wp\/v2\/properties"}],"about":[{"href":"https:\/\/arriendo.com\/co\/wp-json\/wp\/v2\/types\/properties"}],"author":[{"embeddable":true,"href":"https:\/\/arriendo.com\/co\/wp-json\/wp\/v2\/users\/1795"}],"version-history":[{"count":0,"href":"https:\/\/arriendo.com\/co\/wp-json\/wp\/v2\/properties\/326683\/revisions"}],"wp:featuredmedia":[{"embeddable":true,"href":"https:\/\/arriendo.com\/co\/wp-json\/wp\/v2\/media\/326686"}],"wp:attachment":[{"href":"https:\/\/arriendo.com\/co\/wp-json\/wp\/v2\/media?parent=326683"}],"wp:term":[{"taxonomy":"es_location","embeddable":true,"href":"https:\/\/arriendo.com\/co\/wp-json\/wp\/v2\/es_locations?post=326683"},{"taxonomy":"es_category","embeddable":true,"href":"https:\/\/arriendo.com\/co\/wp-json\/wp\/v2\/es_categories?post=326683"},{"taxonomy":"es_type","embeddable":true,"href":"https:\/\/arriendo.com\/co\/wp-json\/wp\/v2\/es_types?post=326683"},{"taxonomy":"es_rent_period","embeddable":true,"href":"https:\/\/arriendo.com\/co\/wp-json\/wp\/v2\/es_rent_periods?post=326683"},{"taxonomy":"es_label","embeddable":true,"href":"https:\/\/arriendo.com\/co\/wp-json\/wp\/v2\/es_labels?post=326683"},{"taxonomy":"es_status","embeddable":true,"href":"https:\/\/arriendo.com\/co\/wp-json\/wp\/v2\/es_statuses?post=326683"},{"taxonomy":"es_parking","embeddable":true,"href":"https:\/\/arriendo.com\/co\/wp-json\/wp\/v2\/es_parkings?post=326683"},{"taxonomy":"es_roof","embeddable":true,"href":"https:\/\/arriendo.com\/co\/wp-json\/wp\/v2\/es_roofs?post=326683"},{"taxonomy":"es_exterior_material","embeddable":true,"href":"https:\/\/arriendo.com\/co\/wp-json\/wp\/v2\/es_exterior_materials?post=326683"},{"taxonomy":"es_basement","embeddable":true,"href":"https:\/\/arriendo.com\/co\/wp-json\/wp\/v2\/es_basements?post=326683"},{"taxonomy":"es_floor_covering","embeddable":true,"href":"https:\/\/arriendo.com\/co\/wp-json\/wp\/v2\/es_floor_coverings?post=326683"},{"taxonomy":"es_feature","embeddable":true,"href":"https:\/\/arriendo.com\/co\/wp-json\/wp\/v2\/es_features?post=326683"},{"taxonomy":"es_amenity","embeddable":true,"href":"https:\/\/arriendo.com\/co\/wp-json\/wp\/v2\/es_amenities?post=326683"},{"taxonomy":"es_neighborhood","embeddable":true,"href":"https:\/\/arriendo.com\/co\/wp-json\/wp\/v2\/es_neighborhoods?post=326683"},{"taxonomy":"es_tag","embeddable":true,"href":"https:\/\/arriendo.com\/co\/wp-json\/wp\/v2\/es_tags?post=326683"}],"curies":[{"name":"wp","href":"https:\/\/api.w.org\/{rel}","templated":true}]}}

<p>¡Bienvenido al apartamento totalmente amoblado! Este acogedor espacio cuenta con 2 habitaciones perfectas para descansar. Con 70 metros cuadrados, encontrarás el equilibrio ideal entre comodidad y funcionalidad. Ubicado en una zona privilegiada, este lugar te brinda la oportunidad de crear nuevos recuerdos y vivir experiencias inolvidables.<br />
&#8211; Acomodación: 4 Personas<br />
&#8211; Habitaciones: 2<br />
&#8211; Baños: 1 .5<br />
&#8211; Camas: 2<br />
&#8211; Sofá cama: SI<br />
&#8211; Piso: 6<br />
&#8211; Metros cuadrado: 85<br />
&#8211; Ascensor: si<br />
&#8211; Parqueadero: si<br />
&#8211; Portería: si<br />
&#8211; Zona social: salón social<br />
&#8211; SMART TV<br />
&#8211; WIFI<br />
&#8211; Administración<br />
&#8211; Servicios incluidos<br />
&#8211; Calentador de agua<br />
&#8211; Nevera<br />
&#8211; Electrodomésticos básicos en cocina</p>
<p>¿Estás listo para dar el siguiente paso? ¡Contáctanos hoy mismo para más información! INVERSIONES VICTORIA EUGENIA BOTERO SAS &#8211; Numero *** &#8211; ***</p>
