{"id":326593,"date":"2026-02-19T18:11:30","date_gmt":"2026-02-19T23:11:30","guid":{"rendered":"https:\/\/arriendo.com\/co\/%es_type%\/%address_city%\/%neighborhood%\/pereira-pinares-apartamento-en-arriendo-en-2c67ab\/"},"modified":"2026-02-19T18:11:30","modified_gmt":"2026-02-19T23:11:30","slug":"AR-326593","status":"publish","type":"properties","link":"https:\/\/arriendo.com\/co\/apartamentos\/pereira\/pinares\/AR-326593\/","title":{"rendered":"Apartamento en Arriendo en Pinares, Pereira"},"content":{"rendered":"<p>Descubre la elegancia y comodidad en este encantador apartamento completamente amoblado y equipado ; en Pinares de 2 habitaciones y 1 ba\u00f1o, con 86 metros cuadrados de espacio para disfrutar. Con una ubicaci\u00f3n privilegiada y un dise\u00f1o moderno, este hogar te brinda la tranquilidad que buscas. Adem\u00e1s, cuenta con 1 parqueadero cubierto para tu conveniencia.<br \/>\n&#8211; Acomodaci\u00f3n: 2<br \/>\n&#8211; Habitaciones: 1<br \/>\n&#8211; Ba\u00f1os: 1.5<br \/>\n&#8211; Camas: 1 de 1.60.<br \/>\n&#8211; Sof\u00e1 cama: NO<br \/>\n&#8211; Piso: 5<br \/>\n&#8211; Ascensor: SI<br \/>\n&#8211; Parqueadero: SI<br \/>\n&#8211; Porter\u00eda: SI<br \/>\n&#8211; Zona social:<br \/>\n&#8211; WIFI: SI<br \/>\n&#8211; TV CABLE: SI<\/p>\n<p>&#8211; Calentador de agua: SI<br \/>\n&#8211; Nevera<br \/>\n&#8211; Lavadora<br \/>\n&#8211; Electrodom\u00e9sticos b\u00e1sicos en cocina<\/p>\n<p>Cont\u00e1ctanos para m\u00e1s informaci\u00f3n: INVERSIONES VICTORIA EUGENIA BOTERO SAS &#8211; N\u00famero *** &#8211; ***<\/p>\n","protected":false},"excerpt":{"rendered":"Descubre la elegancia y comodidad en este encantador apartamento completamente...","protected":false},"author":1795,"featured_media":326596,"template":"","es_locations":[231,346,102],"es_categories":[124],"es_types":[114],"es_rent_periods":[],"es_labels":[],"es_statuses":[],"es_parkings":[],"es_roofs":[],"es_exterior_materials":[],"es_basements":[],"es_floor_coverings":[],"es_features":[2262,2168,131,132,2145,2293,2166,2274,2146,145,2368,2136,2152],"es_amenities":[2267,2195,152,2186,2153,2295,2189,2278,2155,2160,2369,2143,2162],"es_neighborhoods":[],"es_tags":[],"class_list":["post-326593","properties","type-properties","status-publish","has-post-thumbnail","hentry","es_location-pereira","es_location-pinares","es_location-risaralda","es_category-arriendo","es_type-apartamentos","es_feature-amoblado","es_feature-area-urbana","es_feature-ascensor","es_feature-balcon","es_feature-calentador","es_feature-cerca-centro-comercial","es_feature-closet","es_feature-cocina-equipada","es_feature-cocina-integral","es_feature-instalacion-de-gas","es_feature-loft","es_feature-trans-publico-cercano","es_feature-zona-residencial","es_amenity-amoblado","es_amenity-area-urbana","es_amenity-ascensor-privado","es_amenity-balcon","es_amenity-calentador","es_amenity-cerca-centro-comercial","es_amenity-closet","es_amenity-cocina-equipada","es_amenity-cocina-integral","es_amenity-instalacion-de-gas","es_amenity-loft","es_amenity-trans-publico-cercano","es_amenity-zona-residencial","es-post-entity"],"_links":{"self":[{"href":"https:\/\/arriendo.com\/co\/wp-json\/wp\/v2\/properties\/326593","targetHints":{"allow":["GET"]}}],"collection":[{"href":"https:\/\/arriendo.com\/co\/wp-json\/wp\/v2\/properties"}],"about":[{"href":"https:\/\/arriendo.com\/co\/wp-json\/wp\/v2\/types\/properties"}],"author":[{"embeddable":true,"href":"https:\/\/arriendo.com\/co\/wp-json\/wp\/v2\/users\/1795"}],"version-history":[{"count":0,"href":"https:\/\/arriendo.com\/co\/wp-json\/wp\/v2\/properties\/326593\/revisions"}],"wp:featuredmedia":[{"embeddable":true,"href":"https:\/\/arriendo.com\/co\/wp-json\/wp\/v2\/media\/326596"}],"wp:attachment":[{"href":"https:\/\/arriendo.com\/co\/wp-json\/wp\/v2\/media?parent=326593"}],"wp:term":[{"taxonomy":"es_location","embeddable":true,"href":"https:\/\/arriendo.com\/co\/wp-json\/wp\/v2\/es_locations?post=326593"},{"taxonomy":"es_category","embeddable":true,"href":"https:\/\/arriendo.com\/co\/wp-json\/wp\/v2\/es_categories?post=326593"},{"taxonomy":"es_type","embeddable":true,"href":"https:\/\/arriendo.com\/co\/wp-json\/wp\/v2\/es_types?post=326593"},{"taxonomy":"es_rent_period","embeddable":true,"href":"https:\/\/arriendo.com\/co\/wp-json\/wp\/v2\/es_rent_periods?post=326593"},{"taxonomy":"es_label","embeddable":true,"href":"https:\/\/arriendo.com\/co\/wp-json\/wp\/v2\/es_labels?post=326593"},{"taxonomy":"es_status","embeddable":true,"href":"https:\/\/arriendo.com\/co\/wp-json\/wp\/v2\/es_statuses?post=326593"},{"taxonomy":"es_parking","embeddable":true,"href":"https:\/\/arriendo.com\/co\/wp-json\/wp\/v2\/es_parkings?post=326593"},{"taxonomy":"es_roof","embeddable":true,"href":"https:\/\/arriendo.com\/co\/wp-json\/wp\/v2\/es_roofs?post=326593"},{"taxonomy":"es_exterior_material","embeddable":true,"href":"https:\/\/arriendo.com\/co\/wp-json\/wp\/v2\/es_exterior_materials?post=326593"},{"taxonomy":"es_basement","embeddable":true,"href":"https:\/\/arriendo.com\/co\/wp-json\/wp\/v2\/es_basements?post=326593"},{"taxonomy":"es_floor_covering","embeddable":true,"href":"https:\/\/arriendo.com\/co\/wp-json\/wp\/v2\/es_floor_coverings?post=326593"},{"taxonomy":"es_feature","embeddable":true,"href":"https:\/\/arriendo.com\/co\/wp-json\/wp\/v2\/es_features?post=326593"},{"taxonomy":"es_amenity","embeddable":true,"href":"https:\/\/arriendo.com\/co\/wp-json\/wp\/v2\/es_amenities?post=326593"},{"taxonomy":"es_neighborhood","embeddable":true,"href":"https:\/\/arriendo.com\/co\/wp-json\/wp\/v2\/es_neighborhoods?post=326593"},{"taxonomy":"es_tag","embeddable":true,"href":"https:\/\/arriendo.com\/co\/wp-json\/wp\/v2\/es_tags?post=326593"}],"curies":[{"name":"wp","href":"https:\/\/api.w.org\/{rel}","templated":true}]}}

<p>Descubre la elegancia y comodidad en este encantador apartamento completamente amoblado y equipado ; en Pinares de 2 habitaciones y 1 baño, con 86 metros cuadrados de espacio para disfrutar. Con una ubicación privilegiada y un diseño moderno, este hogar te brinda la tranquilidad que buscas. Además, cuenta con 1 parqueadero cubierto para tu conveniencia.<br />
&#8211; Acomodación: 2<br />
&#8211; Habitaciones: 1<br />
&#8211; Baños: 1.5<br />
&#8211; Camas: 1 de 1.60.<br />
&#8211; Sofá cama: NO<br />
&#8211; Piso: 5<br />
&#8211; Ascensor: SI<br />
&#8211; Parqueadero: SI<br />
&#8211; Portería: SI<br />
&#8211; Zona social:<br />
&#8211; WIFI: SI<br />
&#8211; TV CABLE: SI</p>
<p>&#8211; Calentador de agua: SI<br />
&#8211; Nevera<br />
&#8211; Lavadora<br />
&#8211; Electrodomésticos básicos en cocina</p>
<p>Contáctanos para más información: INVERSIONES VICTORIA EUGENIA BOTERO SAS &#8211; Número *** &#8211; ***</p>
