{"id":326339,"date":"2026-02-19T18:07:20","date_gmt":"2026-02-19T23:07:20","guid":{"rendered":"https:\/\/arriendo.com\/co\/%es_type%\/%address_city%\/%neighborhood%\/envigado-la-cuenca-apartamento-en-arriendo-en-8bf687\/"},"modified":"2026-02-19T18:07:20","modified_gmt":"2026-02-19T23:07:20","slug":"AR-326339","status":"publish","type":"properties","link":"https:\/\/arriendo.com\/co\/apartamentos\/envigado\/la-cuenca\/AR-326339\/","title":{"rendered":"Apartamento en Arriendo en La Cuenca, Envigado"},"content":{"rendered":"<p>Cuenta con 3 habitaciones, 2 ba\u00f1os, cocina integral, balc\u00f3n, sala, comedor, zona de ropas, piso en cer\u00e1mica, parqueadero y cuarto \u00fatil. <\/p>\n<p>Unidad con porteria las 24 horas, con zonas comunes proximas en entregar.<\/p>\n<p>Ubicado cerca a la universidad CES.<\/p>\n<p>Dise\u00f1o, comodidad y ubicaci\u00f3n&#8230; \u00a1Este moderno apartamento lo tiene todo!<\/p>\n","protected":false},"excerpt":{"rendered":"Cuenta con 3 habitaciones, 2 ba\u00f1os, cocina integral, balc\u00f3n, sala,...","protected":false},"author":8379,"featured_media":326342,"template":"","es_locations":[79,511,3215],"es_categories":[124],"es_types":[114],"es_rent_periods":[],"es_labels":[],"es_statuses":[],"es_parkings":[],"es_roofs":[],"es_exterior_materials":[],"es_basements":[],"es_floor_coverings":[],"es_features":[2292,131,132,2212,2164,2145,2233,2166,2146,2196,145,2133,2181,2136],"es_amenities":[2294,152,2186,2217,2187,2153,2248,2189,2155,2197,2160,158,2143,161],"es_neighborhoods":[],"es_tags":[],"class_list":["post-326339","properties","type-properties","status-publish","has-post-thumbnail","hentry","es_location-antioquia","es_location-envigado","es_location-la-cuenca","es_category-arriendo","es_type-apartamentos","es_feature-acceso-pavimentado","es_feature-ascensor","es_feature-balcon","es_feature-bano-auxiliar","es_feature-bano-independiente","es_feature-calentador","es_feature-cerca-de-zona-urbana","es_feature-closet","es_feature-cocina-integral","es_feature-en-conjunto-cerrado","es_feature-instalacion-de-gas","es_feature-porteria-recepcion","es_feature-porteria-vigilancia","es_feature-trans-publico-cercano","es_amenity-acceso-pavimentado","es_amenity-ascensor-privado","es_amenity-balcon","es_amenity-bano-auxiliar","es_amenity-bano-independiente","es_amenity-calentador","es_amenity-cerca-de-zona-urbana","es_amenity-closet","es_amenity-cocina-integral","es_amenity-en-conjunto-cerrado","es_amenity-instalacion-de-gas","es_amenity-porteria-recepcion","es_amenity-trans-publico-cercano","es_amenity-vigilancia-24-7","es-post-entity"],"_links":{"self":[{"href":"https:\/\/arriendo.com\/co\/wp-json\/wp\/v2\/properties\/326339","targetHints":{"allow":["GET"]}}],"collection":[{"href":"https:\/\/arriendo.com\/co\/wp-json\/wp\/v2\/properties"}],"about":[{"href":"https:\/\/arriendo.com\/co\/wp-json\/wp\/v2\/types\/properties"}],"author":[{"embeddable":true,"href":"https:\/\/arriendo.com\/co\/wp-json\/wp\/v2\/users\/8379"}],"version-history":[{"count":0,"href":"https:\/\/arriendo.com\/co\/wp-json\/wp\/v2\/properties\/326339\/revisions"}],"wp:featuredmedia":[{"embeddable":true,"href":"https:\/\/arriendo.com\/co\/wp-json\/wp\/v2\/media\/326342"}],"wp:attachment":[{"href":"https:\/\/arriendo.com\/co\/wp-json\/wp\/v2\/media?parent=326339"}],"wp:term":[{"taxonomy":"es_location","embeddable":true,"href":"https:\/\/arriendo.com\/co\/wp-json\/wp\/v2\/es_locations?post=326339"},{"taxonomy":"es_category","embeddable":true,"href":"https:\/\/arriendo.com\/co\/wp-json\/wp\/v2\/es_categories?post=326339"},{"taxonomy":"es_type","embeddable":true,"href":"https:\/\/arriendo.com\/co\/wp-json\/wp\/v2\/es_types?post=326339"},{"taxonomy":"es_rent_period","embeddable":true,"href":"https:\/\/arriendo.com\/co\/wp-json\/wp\/v2\/es_rent_periods?post=326339"},{"taxonomy":"es_label","embeddable":true,"href":"https:\/\/arriendo.com\/co\/wp-json\/wp\/v2\/es_labels?post=326339"},{"taxonomy":"es_status","embeddable":true,"href":"https:\/\/arriendo.com\/co\/wp-json\/wp\/v2\/es_statuses?post=326339"},{"taxonomy":"es_parking","embeddable":true,"href":"https:\/\/arriendo.com\/co\/wp-json\/wp\/v2\/es_parkings?post=326339"},{"taxonomy":"es_roof","embeddable":true,"href":"https:\/\/arriendo.com\/co\/wp-json\/wp\/v2\/es_roofs?post=326339"},{"taxonomy":"es_exterior_material","embeddable":true,"href":"https:\/\/arriendo.com\/co\/wp-json\/wp\/v2\/es_exterior_materials?post=326339"},{"taxonomy":"es_basement","embeddable":true,"href":"https:\/\/arriendo.com\/co\/wp-json\/wp\/v2\/es_basements?post=326339"},{"taxonomy":"es_floor_covering","embeddable":true,"href":"https:\/\/arriendo.com\/co\/wp-json\/wp\/v2\/es_floor_coverings?post=326339"},{"taxonomy":"es_feature","embeddable":true,"href":"https:\/\/arriendo.com\/co\/wp-json\/wp\/v2\/es_features?post=326339"},{"taxonomy":"es_amenity","embeddable":true,"href":"https:\/\/arriendo.com\/co\/wp-json\/wp\/v2\/es_amenities?post=326339"},{"taxonomy":"es_neighborhood","embeddable":true,"href":"https:\/\/arriendo.com\/co\/wp-json\/wp\/v2\/es_neighborhoods?post=326339"},{"taxonomy":"es_tag","embeddable":true,"href":"https:\/\/arriendo.com\/co\/wp-json\/wp\/v2\/es_tags?post=326339"}],"curies":[{"name":"wp","href":"https:\/\/api.w.org\/{rel}","templated":true}]}}

<p>Cuenta con 3 habitaciones, 2 baños, cocina integral, balcón, sala, comedor, zona de ropas, piso en cerámica, parqueadero y cuarto útil. </p>
<p>Unidad con porteria las 24 horas, con zonas comunes proximas en entregar.</p>
<p>Ubicado cerca a la universidad CES.</p>
<p>Diseño, comodidad y ubicación&#8230; ¡Este moderno apartamento lo tiene todo!</p>

Cuenta con 3 habitaciones, 2 baños, cocina integral, balcón, sala,...
