{"id":325840,"date":"2026-02-19T17:58:32","date_gmt":"2026-02-19T22:58:32","guid":{"rendered":"https:\/\/arriendo.com\/co\/%es_type%\/%address_city%\/%neighborhood%\/pereira-cerritos-local-en-arriendo-8bb98d\/"},"modified":"2026-02-19T17:58:32","modified_gmt":"2026-02-19T22:58:32","slug":"AR-325840","status":"publish","type":"properties","link":"https:\/\/arriendo.com\/co\/locales\/pereira\/cerritos\/AR-325840\/","title":{"rendered":"Local en  Arriendo en Cerritos, Pereira"},"content":{"rendered":"<p>VENTA O RENTA LOCAL EN CENTRO COMERCIAL SECTOR CERRITOS PEREIRA<\/p>\n<p>Local v\u00eda cerritos, sobre uno de los sectores con m\u00e1s potencial, sobre una zona de continuo desarrollo urban\u00edstico y de mayor valorizaci\u00f3n, hay buena eficiencia de inversi\u00f3n, tiene buena accesibilidad v\u00edal y retornos, cerritos, queda cerca a centros comerciales, colegios, club campestre, restaurantes, centro log\u00edstico, pr\u00f3ximamente cl\u00ednicas de quinta categor\u00eda.<\/p>\n<p>El local 130 esta ubicado en el Primer piso, diagonal a Supermercado Olimpica, al frente de las escaleras electricas, Diagonal al punto de informaci\u00f3n del centro comercial.<\/p>\n<p>El precio es mas iva del 19% y mas administracion de 800 mil pesos. <\/p>\n<p>Cuenta con doble altura para hacer un mesanini. <\/p>\n<p>No dudes en contactarnos<\/p>\n","protected":false},"excerpt":{"rendered":"VENTA O RENTA LOCAL EN CENTRO COMERCIAL SECTOR CERRITOS PEREIRA...","protected":false},"author":6353,"featured_media":325843,"template":"","es_locations":[232,231,102],"es_categories":[124],"es_types":[117],"es_rent_periods":[],"es_labels":[],"es_statuses":[],"es_parkings":[],"es_roofs":[],"es_exterior_materials":[],"es_basements":[],"es_floor_coverings":[],"es_features":[2292,131,2148,2132,2135,2136,2137],"es_amenities":[2294,152,2157,2140,2142,2143,2144],"es_neighborhoods":[],"es_tags":[],"class_list":["post-325840","properties","type-properties","status-publish","has-post-thumbnail","hentry","es_location-cerritos","es_location-pereira","es_location-risaralda","es_category-arriendo","es_type-locales","es_feature-acceso-pavimentado","es_feature-ascensor","es_feature-colegios-universidades","es_feature-parques-cercanos","es_feature-sobre-via-principal","es_feature-trans-publico-cercano","es_feature-zona-comercial","es_amenity-acceso-pavimentado","es_amenity-ascensor-privado","es_amenity-colegios-universidades","es_amenity-parques-cercanos","es_amenity-sobre-via-principal","es_amenity-trans-publico-cercano","es_amenity-zona-comercial","es-post-entity"],"_links":{"self":[{"href":"https:\/\/arriendo.com\/co\/wp-json\/wp\/v2\/properties\/325840","targetHints":{"allow":["GET"]}}],"collection":[{"href":"https:\/\/arriendo.com\/co\/wp-json\/wp\/v2\/properties"}],"about":[{"href":"https:\/\/arriendo.com\/co\/wp-json\/wp\/v2\/types\/properties"}],"author":[{"embeddable":true,"href":"https:\/\/arriendo.com\/co\/wp-json\/wp\/v2\/users\/6353"}],"version-history":[{"count":0,"href":"https:\/\/arriendo.com\/co\/wp-json\/wp\/v2\/properties\/325840\/revisions"}],"wp:featuredmedia":[{"embeddable":true,"href":"https:\/\/arriendo.com\/co\/wp-json\/wp\/v2\/media\/325843"}],"wp:attachment":[{"href":"https:\/\/arriendo.com\/co\/wp-json\/wp\/v2\/media?parent=325840"}],"wp:term":[{"taxonomy":"es_location","embeddable":true,"href":"https:\/\/arriendo.com\/co\/wp-json\/wp\/v2\/es_locations?post=325840"},{"taxonomy":"es_category","embeddable":true,"href":"https:\/\/arriendo.com\/co\/wp-json\/wp\/v2\/es_categories?post=325840"},{"taxonomy":"es_type","embeddable":true,"href":"https:\/\/arriendo.com\/co\/wp-json\/wp\/v2\/es_types?post=325840"},{"taxonomy":"es_rent_period","embeddable":true,"href":"https:\/\/arriendo.com\/co\/wp-json\/wp\/v2\/es_rent_periods?post=325840"},{"taxonomy":"es_label","embeddable":true,"href":"https:\/\/arriendo.com\/co\/wp-json\/wp\/v2\/es_labels?post=325840"},{"taxonomy":"es_status","embeddable":true,"href":"https:\/\/arriendo.com\/co\/wp-json\/wp\/v2\/es_statuses?post=325840"},{"taxonomy":"es_parking","embeddable":true,"href":"https:\/\/arriendo.com\/co\/wp-json\/wp\/v2\/es_parkings?post=325840"},{"taxonomy":"es_roof","embeddable":true,"href":"https:\/\/arriendo.com\/co\/wp-json\/wp\/v2\/es_roofs?post=325840"},{"taxonomy":"es_exterior_material","embeddable":true,"href":"https:\/\/arriendo.com\/co\/wp-json\/wp\/v2\/es_exterior_materials?post=325840"},{"taxonomy":"es_basement","embeddable":true,"href":"https:\/\/arriendo.com\/co\/wp-json\/wp\/v2\/es_basements?post=325840"},{"taxonomy":"es_floor_covering","embeddable":true,"href":"https:\/\/arriendo.com\/co\/wp-json\/wp\/v2\/es_floor_coverings?post=325840"},{"taxonomy":"es_feature","embeddable":true,"href":"https:\/\/arriendo.com\/co\/wp-json\/wp\/v2\/es_features?post=325840"},{"taxonomy":"es_amenity","embeddable":true,"href":"https:\/\/arriendo.com\/co\/wp-json\/wp\/v2\/es_amenities?post=325840"},{"taxonomy":"es_neighborhood","embeddable":true,"href":"https:\/\/arriendo.com\/co\/wp-json\/wp\/v2\/es_neighborhoods?post=325840"},{"taxonomy":"es_tag","embeddable":true,"href":"https:\/\/arriendo.com\/co\/wp-json\/wp\/v2\/es_tags?post=325840"}],"curies":[{"name":"wp","href":"https:\/\/api.w.org\/{rel}","templated":true}]}}

<p>VENTA O RENTA LOCAL EN CENTRO COMERCIAL SECTOR CERRITOS PEREIRA</p>
<p>Local vía cerritos, sobre uno de los sectores con más potencial, sobre una zona de continuo desarrollo urbanístico y de mayor valorización, hay buena eficiencia de inversión, tiene buena accesibilidad víal y retornos, cerritos, queda cerca a centros comerciales, colegios, club campestre, restaurantes, centro logístico, próximamente clínicas de quinta categoría.</p>
<p>El local 130 esta ubicado en el Primer piso, diagonal a Supermercado Olimpica, al frente de las escaleras electricas, Diagonal al punto de información del centro comercial.</p>
<p>El precio es mas iva del 19% y mas administracion de 800 mil pesos. </p>
<p>Cuenta con doble altura para hacer un mesanini. </p>
<p>No dudes en contactarnos</p>
