{"id":325738,"date":"2026-02-19T17:57:00","date_gmt":"2026-02-19T22:57:00","guid":{"rendered":"https:\/\/arriendo.com\/co\/%es_type%\/%address_city%\/%neighborhood%\/pereira-cerritos-local-en-arriendo-en-cd4100\/"},"modified":"2026-02-19T17:57:00","modified_gmt":"2026-02-19T22:57:00","slug":"AR-325738","status":"publish","type":"properties","link":"https:\/\/arriendo.com\/co\/locales\/pereira\/cerritos\/AR-325738\/","title":{"rendered":"Local en Arriendo en Cerritos, Pereira"},"content":{"rendered":"<p>\u00a1Invierte en tu futuro en el coraz\u00f3n de la zona comercial de Cerritos, Pereira!<\/p>\n<p>Te presentamos una excelente oportunidad de tener tu negocio en una de las burbujas mejor ubicada en la plazoleta de comidas del  Centro comercial Cerritos Mall, ubicado en una de las zonas m\u00e1s din\u00e1micas y en constante crecimiento de Pereira. Este complejo ofrece un espacio perfecto para tu negocio, rodeado de una gran variedad de opciones gastron\u00f3micas y servicios.<\/p>\n<p>Caracter\u00edsticas del Complejo Cerritos Mall:<\/p>\n<p> 96 consultorios distribuidos en 8 pisos, con 12 consultorios por nivel, ideal para profesionales que buscan un espacio cercano a sus clientes.<br \/>\n 91 apartasuites dise\u00f1adas para quienes buscan comodidad y practicidad, fomentando el turismo a traves de las rentas cortas y medias.<br \/>\n 90 locales comerciales en 3 pisos, lo que garantiza un flujo constante de clientes potenciales.<br \/>\n 8 oficinas, especialmente pensadas para quienes desean un espacio profesional en una ubicaci\u00f3n privilegiada.<\/p>\n<p>Con un total de m\u00e1s de 300 parqueaderos disponibles para propietarios y visitantes, tu cliente nunca tendr\u00e1 problemas para estacionar. Adem\u00e1s, el complejo cuenta con 7 ascensores y 3 escaleras el\u00e9ctricas que facilitan el acceso r\u00e1pido y eficiente a todos los niveles del edificio, garantizando una experiencia c\u00f3moda para todos los visitantes y empleados.<\/p>\n<p>Ventajas de este local:<\/p>\n<p> Ubicaci\u00f3n estrat\u00e9gica en el primer piso, un lugar con gran movimiento comercial y afluencia de personas.<br \/>\n Acceso dir<\/p>\n","protected":false},"excerpt":{"rendered":"\u00a1Invierte en tu futuro en el coraz\u00f3n de la zona...","protected":false},"author":6353,"featured_media":325741,"template":"","es_locations":[232,231,102],"es_categories":[124],"es_types":[117],"es_rent_periods":[],"es_labels":[],"es_statuses":[],"es_parkings":[],"es_roofs":[],"es_exterior_materials":[],"es_basements":[],"es_floor_coverings":[],"es_features":[2292,131,2216,2181,2150,2137],"es_amenities":[2294,152,156,2161,161,2144],"es_neighborhoods":[],"es_tags":[],"class_list":["post-325738","properties","type-properties","status-publish","has-post-thumbnail","hentry","es_location-cerritos","es_location-pereira","es_location-risaralda","es_category-arriendo","es_type-locales","es_feature-acceso-pavimentado","es_feature-ascensor","es_feature-parqueadero-visitantes","es_feature-porteria-vigilancia","es_feature-supermercados-c-comerciales","es_feature-zona-comercial","es_amenity-acceso-pavimentado","es_amenity-ascensor-privado","es_amenity-parqueadero-visitantes","es_amenity-supermercados-c-comerciales","es_amenity-vigilancia-24-7","es_amenity-zona-comercial","es-post-entity"],"_links":{"self":[{"href":"https:\/\/arriendo.com\/co\/wp-json\/wp\/v2\/properties\/325738","targetHints":{"allow":["GET"]}}],"collection":[{"href":"https:\/\/arriendo.com\/co\/wp-json\/wp\/v2\/properties"}],"about":[{"href":"https:\/\/arriendo.com\/co\/wp-json\/wp\/v2\/types\/properties"}],"author":[{"embeddable":true,"href":"https:\/\/arriendo.com\/co\/wp-json\/wp\/v2\/users\/6353"}],"version-history":[{"count":0,"href":"https:\/\/arriendo.com\/co\/wp-json\/wp\/v2\/properties\/325738\/revisions"}],"wp:featuredmedia":[{"embeddable":true,"href":"https:\/\/arriendo.com\/co\/wp-json\/wp\/v2\/media\/325741"}],"wp:attachment":[{"href":"https:\/\/arriendo.com\/co\/wp-json\/wp\/v2\/media?parent=325738"}],"wp:term":[{"taxonomy":"es_location","embeddable":true,"href":"https:\/\/arriendo.com\/co\/wp-json\/wp\/v2\/es_locations?post=325738"},{"taxonomy":"es_category","embeddable":true,"href":"https:\/\/arriendo.com\/co\/wp-json\/wp\/v2\/es_categories?post=325738"},{"taxonomy":"es_type","embeddable":true,"href":"https:\/\/arriendo.com\/co\/wp-json\/wp\/v2\/es_types?post=325738"},{"taxonomy":"es_rent_period","embeddable":true,"href":"https:\/\/arriendo.com\/co\/wp-json\/wp\/v2\/es_rent_periods?post=325738"},{"taxonomy":"es_label","embeddable":true,"href":"https:\/\/arriendo.com\/co\/wp-json\/wp\/v2\/es_labels?post=325738"},{"taxonomy":"es_status","embeddable":true,"href":"https:\/\/arriendo.com\/co\/wp-json\/wp\/v2\/es_statuses?post=325738"},{"taxonomy":"es_parking","embeddable":true,"href":"https:\/\/arriendo.com\/co\/wp-json\/wp\/v2\/es_parkings?post=325738"},{"taxonomy":"es_roof","embeddable":true,"href":"https:\/\/arriendo.com\/co\/wp-json\/wp\/v2\/es_roofs?post=325738"},{"taxonomy":"es_exterior_material","embeddable":true,"href":"https:\/\/arriendo.com\/co\/wp-json\/wp\/v2\/es_exterior_materials?post=325738"},{"taxonomy":"es_basement","embeddable":true,"href":"https:\/\/arriendo.com\/co\/wp-json\/wp\/v2\/es_basements?post=325738"},{"taxonomy":"es_floor_covering","embeddable":true,"href":"https:\/\/arriendo.com\/co\/wp-json\/wp\/v2\/es_floor_coverings?post=325738"},{"taxonomy":"es_feature","embeddable":true,"href":"https:\/\/arriendo.com\/co\/wp-json\/wp\/v2\/es_features?post=325738"},{"taxonomy":"es_amenity","embeddable":true,"href":"https:\/\/arriendo.com\/co\/wp-json\/wp\/v2\/es_amenities?post=325738"},{"taxonomy":"es_neighborhood","embeddable":true,"href":"https:\/\/arriendo.com\/co\/wp-json\/wp\/v2\/es_neighborhoods?post=325738"},{"taxonomy":"es_tag","embeddable":true,"href":"https:\/\/arriendo.com\/co\/wp-json\/wp\/v2\/es_tags?post=325738"}],"curies":[{"name":"wp","href":"https:\/\/api.w.org\/{rel}","templated":true}]}}

<p>¡Invierte en tu futuro en el corazón de la zona comercial de Cerritos, Pereira!</p>
<p>Te presentamos una excelente oportunidad de tener tu negocio en una de las burbujas mejor ubicada en la plazoleta de comidas del  Centro comercial Cerritos Mall, ubicado en una de las zonas más dinámicas y en constante crecimiento de Pereira. Este complejo ofrece un espacio perfecto para tu negocio, rodeado de una gran variedad de opciones gastronómicas y servicios.</p>
<p>Características del Complejo Cerritos Mall:</p>
<p> 96 consultorios distribuidos en 8 pisos, con 12 consultorios por nivel, ideal para profesionales que buscan un espacio cercano a sus clientes.<br />
 91 apartasuites diseñadas para quienes buscan comodidad y practicidad, fomentando el turismo a traves de las rentas cortas y medias.<br />
 90 locales comerciales en 3 pisos, lo que garantiza un flujo constante de clientes potenciales.<br />
 8 oficinas, especialmente pensadas para quienes desean un espacio profesional en una ubicación privilegiada.</p>
<p>Con un total de más de 300 parqueaderos disponibles para propietarios y visitantes, tu cliente nunca tendrá problemas para estacionar. Además, el complejo cuenta con 7 ascensores y 3 escaleras eléctricas que facilitan el acceso rápido y eficiente a todos los niveles del edificio, garantizando una experiencia cómoda para todos los visitantes y empleados.</p>
<p>Ventajas de este local:</p>
<p> Ubicación estratégica en el primer piso, un lugar con gran movimiento comercial y afluencia de personas.<br />
 Acceso dir</p>

¡Invierte en tu futuro en el corazón de la zona...
