{"id":325667,"date":"2026-02-19T17:55:50","date_gmt":"2026-02-19T22:55:50","guid":{"rendered":"https:\/\/arriendo.com\/co\/%es_type%\/%address_city%\/%neighborhood%\/pereira-pinares-local-en-arriendo-en-6c64c1\/"},"modified":"2026-02-19T17:55:50","modified_gmt":"2026-02-19T22:55:50","slug":"AR-325667","status":"publish","type":"properties","link":"https:\/\/arriendo.com\/co\/locales\/pereira\/pinares\/AR-325667\/","title":{"rendered":"Local en Arriendo en Pinares, Pereira"},"content":{"rendered":"<p>RENTA LOCALES EN EXCLUSIVA ZONA PINARES, PEREIRA<\/p>\n<p>\u00a1Oportunidad \u00fanica! Disponemos de locales comerciales con \u00e1reas de 200 y 280 m\u00b2, ubicados en uno de los sectores con mayor potencial y desarrollo en Pereira. Estos locales est\u00e1n situados cerca de centros comerciales, restaurantes reconocidos como Diego Panneso, cl\u00ednicas de prestigio y con excelente accesibilidad vial.<\/p>\n<p>Caracter\u00edsticas destacadas:<\/p>\n<p> Locales en la cota m\u00e1s alta de Pinares.<br \/>\n Entorno ideal para restaurantes, supermercados, o caf\u00e9s exclusivos.<br \/>\n Dise\u00f1ados para ofrecer cercan\u00eda a toda la ciudad y brindar tranquilidad a tus clientes.<\/p>\n<p>\u00bfEst\u00e1s listo para llevar tu marca al siguiente nivel? No pierdas la oportunidad de establecer tu negocio en este lugar privilegiado.<\/p>\n<p>\u00a1Cont\u00e1ctanos y descubre c\u00f3mo podemos ayudarte a hacer realidad tu sue\u00f1o!<\/p>\n","protected":false},"excerpt":{"rendered":"RENTA LOCALES EN EXCLUSIVA ZONA PINARES, PEREIRA \u00a1Oportunidad \u00fanica! Disponemos...","protected":false},"author":6353,"featured_media":325670,"template":"","es_locations":[231,346,102],"es_categories":[124],"es_types":[117],"es_rent_periods":[],"es_labels":[],"es_statuses":[],"es_parkings":[],"es_roofs":[],"es_exterior_materials":[],"es_basements":[],"es_floor_coverings":[],"es_features":[2212,2148,145,2150,2152],"es_amenities":[2217,2157,2160,2161,2162],"es_neighborhoods":[],"es_tags":[],"class_list":["post-325667","properties","type-properties","status-publish","has-post-thumbnail","hentry","es_location-pereira","es_location-pinares","es_location-risaralda","es_category-arriendo","es_type-locales","es_feature-bano-auxiliar","es_feature-colegios-universidades","es_feature-instalacion-de-gas","es_feature-supermercados-c-comerciales","es_feature-zona-residencial","es_amenity-bano-auxiliar","es_amenity-colegios-universidades","es_amenity-instalacion-de-gas","es_amenity-supermercados-c-comerciales","es_amenity-zona-residencial","es-post-entity"],"_links":{"self":[{"href":"https:\/\/arriendo.com\/co\/wp-json\/wp\/v2\/properties\/325667","targetHints":{"allow":["GET"]}}],"collection":[{"href":"https:\/\/arriendo.com\/co\/wp-json\/wp\/v2\/properties"}],"about":[{"href":"https:\/\/arriendo.com\/co\/wp-json\/wp\/v2\/types\/properties"}],"author":[{"embeddable":true,"href":"https:\/\/arriendo.com\/co\/wp-json\/wp\/v2\/users\/6353"}],"version-history":[{"count":0,"href":"https:\/\/arriendo.com\/co\/wp-json\/wp\/v2\/properties\/325667\/revisions"}],"wp:featuredmedia":[{"embeddable":true,"href":"https:\/\/arriendo.com\/co\/wp-json\/wp\/v2\/media\/325670"}],"wp:attachment":[{"href":"https:\/\/arriendo.com\/co\/wp-json\/wp\/v2\/media?parent=325667"}],"wp:term":[{"taxonomy":"es_location","embeddable":true,"href":"https:\/\/arriendo.com\/co\/wp-json\/wp\/v2\/es_locations?post=325667"},{"taxonomy":"es_category","embeddable":true,"href":"https:\/\/arriendo.com\/co\/wp-json\/wp\/v2\/es_categories?post=325667"},{"taxonomy":"es_type","embeddable":true,"href":"https:\/\/arriendo.com\/co\/wp-json\/wp\/v2\/es_types?post=325667"},{"taxonomy":"es_rent_period","embeddable":true,"href":"https:\/\/arriendo.com\/co\/wp-json\/wp\/v2\/es_rent_periods?post=325667"},{"taxonomy":"es_label","embeddable":true,"href":"https:\/\/arriendo.com\/co\/wp-json\/wp\/v2\/es_labels?post=325667"},{"taxonomy":"es_status","embeddable":true,"href":"https:\/\/arriendo.com\/co\/wp-json\/wp\/v2\/es_statuses?post=325667"},{"taxonomy":"es_parking","embeddable":true,"href":"https:\/\/arriendo.com\/co\/wp-json\/wp\/v2\/es_parkings?post=325667"},{"taxonomy":"es_roof","embeddable":true,"href":"https:\/\/arriendo.com\/co\/wp-json\/wp\/v2\/es_roofs?post=325667"},{"taxonomy":"es_exterior_material","embeddable":true,"href":"https:\/\/arriendo.com\/co\/wp-json\/wp\/v2\/es_exterior_materials?post=325667"},{"taxonomy":"es_basement","embeddable":true,"href":"https:\/\/arriendo.com\/co\/wp-json\/wp\/v2\/es_basements?post=325667"},{"taxonomy":"es_floor_covering","embeddable":true,"href":"https:\/\/arriendo.com\/co\/wp-json\/wp\/v2\/es_floor_coverings?post=325667"},{"taxonomy":"es_feature","embeddable":true,"href":"https:\/\/arriendo.com\/co\/wp-json\/wp\/v2\/es_features?post=325667"},{"taxonomy":"es_amenity","embeddable":true,"href":"https:\/\/arriendo.com\/co\/wp-json\/wp\/v2\/es_amenities?post=325667"},{"taxonomy":"es_neighborhood","embeddable":true,"href":"https:\/\/arriendo.com\/co\/wp-json\/wp\/v2\/es_neighborhoods?post=325667"},{"taxonomy":"es_tag","embeddable":true,"href":"https:\/\/arriendo.com\/co\/wp-json\/wp\/v2\/es_tags?post=325667"}],"curies":[{"name":"wp","href":"https:\/\/api.w.org\/{rel}","templated":true}]}}

<p>RENTA LOCALES EN EXCLUSIVA ZONA PINARES, PEREIRA</p>
<p>¡Oportunidad única! Disponemos de locales comerciales con áreas de 200 y 280 m², ubicados en uno de los sectores con mayor potencial y desarrollo en Pereira. Estos locales están situados cerca de centros comerciales, restaurantes reconocidos como Diego Panneso, clínicas de prestigio y con excelente accesibilidad vial.</p>
<p>Características destacadas:</p>
<p> Locales en la cota más alta de Pinares.<br />
 Entorno ideal para restaurantes, supermercados, o cafés exclusivos.<br />
 Diseñados para ofrecer cercanía a toda la ciudad y brindar tranquilidad a tus clientes.</p>
<p>¿Estás listo para llevar tu marca al siguiente nivel? No pierdas la oportunidad de establecer tu negocio en este lugar privilegiado.</p>
<p>¡Contáctanos y descubre cómo podemos ayudarte a hacer realidad tu sueño!</p>

RENTA LOCALES EN EXCLUSIVA ZONA PINARES, PEREIRA ¡Oportunidad única! Disponemos...
