{"id":325617,"date":"2026-02-19T17:55:00","date_gmt":"2026-02-19T22:55:00","guid":{"rendered":"https:\/\/arriendo.com\/co\/%es_type%\/%address_city%\/%neighborhood%\/pereira-cerritos-apartamento-en-arriendo-en-4c53d6\/"},"modified":"2026-02-19T17:55:00","modified_gmt":"2026-02-19T22:55:00","slug":"AR-325617","status":"publish","type":"properties","link":"https:\/\/arriendo.com\/co\/apartamentos\/pereira\/cerritos\/AR-325617\/","title":{"rendered":"Apartamento en Arriendo en Cerritos, Pereira"},"content":{"rendered":"<p>RENTA APARTAMENTO PARA ESTRENAR EN CERRITOS PEREIRA<\/p>\n<p>Vive en un espacio que se extiende m\u00e1s all\u00e1 de tu imaginaci\u00f3n. Un proyecto de apartamentos VIBRANTE donde contaras con aire puro, hermosos paisajes y zonas verdes para disfrutar en familia.<\/p>\n<p>Apartamento en conjunto cerrado de: 93 + 10 de terraza m2, cuenta con 2 habitaciones, 3 ba\u00f1os,  closets, pisos en ceramica, cuarto \u00fatil, terraza cocina integral, ascensor hasta t\u00fa apartamento  y dos parqueaderos.<\/p>\n<p>Zona social: Cada torre cuenta con su gimnasio, coworking, sala de cine, y juegos para ni\u00f1os entre otros.<\/p>\n","protected":false},"excerpt":{"rendered":"RENTA APARTAMENTO PARA ESTRENAR EN CERRITOS PEREIRA Vive en un...","protected":false},"author":6353,"featured_media":325620,"template":"","es_locations":[232,231,102],"es_categories":[124],"es_types":[114],"es_rent_periods":[],"es_labels":[],"es_statuses":[],"es_parkings":[],"es_roofs":[],"es_exterior_materials":[],"es_basements":[],"es_floor_coverings":[],"es_features":[2292,131,132,2212,2164,2145,2166,2146,151,2196,145,2150,2152,2204],"es_amenities":[2294,152,2186,2217,2187,2153,2189,2155,2270,2197,2160,2161,2162,2209],"es_neighborhoods":[],"es_tags":[],"class_list":["post-325617","properties","type-properties","status-publish","has-post-thumbnail","hentry","es_location-cerritos","es_location-pereira","es_location-risaralda","es_category-arriendo","es_type-apartamentos","es_feature-acceso-pavimentado","es_feature-ascensor","es_feature-balcon","es_feature-bano-auxiliar","es_feature-bano-independiente","es_feature-calentador","es_feature-closet","es_feature-cocina-integral","es_feature-deposito-bodega","es_feature-en-conjunto-cerrado","es_feature-instalacion-de-gas","es_feature-supermercados-c-comerciales","es_feature-zona-residencial","es_feature-zonas-verdes","es_amenity-acceso-pavimentado","es_amenity-ascensor-privado","es_amenity-balcon","es_amenity-bano-auxiliar","es_amenity-bano-independiente","es_amenity-calentador","es_amenity-closet","es_amenity-cocina-integral","es_amenity-deposito-bodega","es_amenity-en-conjunto-cerrado","es_amenity-instalacion-de-gas","es_amenity-supermercados-c-comerciales","es_amenity-zona-residencial","es_amenity-zonas-verdes","es-post-entity"],"_links":{"self":[{"href":"https:\/\/arriendo.com\/co\/wp-json\/wp\/v2\/properties\/325617","targetHints":{"allow":["GET"]}}],"collection":[{"href":"https:\/\/arriendo.com\/co\/wp-json\/wp\/v2\/properties"}],"about":[{"href":"https:\/\/arriendo.com\/co\/wp-json\/wp\/v2\/types\/properties"}],"author":[{"embeddable":true,"href":"https:\/\/arriendo.com\/co\/wp-json\/wp\/v2\/users\/6353"}],"version-history":[{"count":0,"href":"https:\/\/arriendo.com\/co\/wp-json\/wp\/v2\/properties\/325617\/revisions"}],"wp:featuredmedia":[{"embeddable":true,"href":"https:\/\/arriendo.com\/co\/wp-json\/wp\/v2\/media\/325620"}],"wp:attachment":[{"href":"https:\/\/arriendo.com\/co\/wp-json\/wp\/v2\/media?parent=325617"}],"wp:term":[{"taxonomy":"es_location","embeddable":true,"href":"https:\/\/arriendo.com\/co\/wp-json\/wp\/v2\/es_locations?post=325617"},{"taxonomy":"es_category","embeddable":true,"href":"https:\/\/arriendo.com\/co\/wp-json\/wp\/v2\/es_categories?post=325617"},{"taxonomy":"es_type","embeddable":true,"href":"https:\/\/arriendo.com\/co\/wp-json\/wp\/v2\/es_types?post=325617"},{"taxonomy":"es_rent_period","embeddable":true,"href":"https:\/\/arriendo.com\/co\/wp-json\/wp\/v2\/es_rent_periods?post=325617"},{"taxonomy":"es_label","embeddable":true,"href":"https:\/\/arriendo.com\/co\/wp-json\/wp\/v2\/es_labels?post=325617"},{"taxonomy":"es_status","embeddable":true,"href":"https:\/\/arriendo.com\/co\/wp-json\/wp\/v2\/es_statuses?post=325617"},{"taxonomy":"es_parking","embeddable":true,"href":"https:\/\/arriendo.com\/co\/wp-json\/wp\/v2\/es_parkings?post=325617"},{"taxonomy":"es_roof","embeddable":true,"href":"https:\/\/arriendo.com\/co\/wp-json\/wp\/v2\/es_roofs?post=325617"},{"taxonomy":"es_exterior_material","embeddable":true,"href":"https:\/\/arriendo.com\/co\/wp-json\/wp\/v2\/es_exterior_materials?post=325617"},{"taxonomy":"es_basement","embeddable":true,"href":"https:\/\/arriendo.com\/co\/wp-json\/wp\/v2\/es_basements?post=325617"},{"taxonomy":"es_floor_covering","embeddable":true,"href":"https:\/\/arriendo.com\/co\/wp-json\/wp\/v2\/es_floor_coverings?post=325617"},{"taxonomy":"es_feature","embeddable":true,"href":"https:\/\/arriendo.com\/co\/wp-json\/wp\/v2\/es_features?post=325617"},{"taxonomy":"es_amenity","embeddable":true,"href":"https:\/\/arriendo.com\/co\/wp-json\/wp\/v2\/es_amenities?post=325617"},{"taxonomy":"es_neighborhood","embeddable":true,"href":"https:\/\/arriendo.com\/co\/wp-json\/wp\/v2\/es_neighborhoods?post=325617"},{"taxonomy":"es_tag","embeddable":true,"href":"https:\/\/arriendo.com\/co\/wp-json\/wp\/v2\/es_tags?post=325617"}],"curies":[{"name":"wp","href":"https:\/\/api.w.org\/{rel}","templated":true}]}}

<p>RENTA APARTAMENTO PARA ESTRENAR EN CERRITOS PEREIRA</p>
<p>Vive en un espacio que se extiende más allá de tu imaginación. Un proyecto de apartamentos VIBRANTE donde contaras con aire puro, hermosos paisajes y zonas verdes para disfrutar en familia.</p>
<p>Apartamento en conjunto cerrado de: 93 + 10 de terraza m2, cuenta con 2 habitaciones, 3 baños,  closets, pisos en ceramica, cuarto útil, terraza cocina integral, ascensor hasta tú apartamento  y dos parqueaderos.</p>
<p>Zona social: Cada torre cuenta con su gimnasio, coworking, sala de cine, y juegos para niños entre otros.</p>
