{"id":325458,"date":"2026-02-19T17:52:36","date_gmt":"2026-02-19T22:52:36","guid":{"rendered":"https:\/\/arriendo.com\/co\/%es_type%\/%address_city%\/%neighborhood%\/pereira-cerritos-local-en-arriendo-en-44e96f\/"},"modified":"2026-02-19T17:52:36","modified_gmt":"2026-02-19T22:52:36","slug":"AR-325458","status":"publish","type":"properties","link":"https:\/\/arriendo.com\/co\/locales\/pereira\/cerritos\/AR-325458\/","title":{"rendered":"Local en Arriendo en Cerritos, Pereira"},"content":{"rendered":"<p>RENTA ROOF TOP CON ESPECTACULAR VISTA ZONA EXCLUSIVA CERRITOS PEREIRA<\/p>\n<p>Roof Top con un \u00e1rea de 409m2 para la Renta ubicado sobre uno de los sectores con m\u00e1s potencial, desarrollo y eficiencia de inversi\u00f3n, cerca a centros comerciales, colegios club campestre de Pereira, reconocidos, restaurantes, centro log\u00edstico, pr\u00f3ximamente cl\u00ednicas de quinta categor\u00eda, cuentan con buena accesibilidad vial y retornos, la cota m\u00e1s alta de cerritos.<\/p>\n<p>Piso 11 del centro comercial m\u00e1s top de la ciudad que pr\u00f3ximamente ser\u00e1 inaugurado. Dise\u00f1ado e inspirado para disfrutar de la naturaleza, la vista y tranquilidad de la zona por sus espectaculares atardeceres y avistamiento de aves, perfecto para aquellos que buscan un entorno de altura.<\/p>\n<p>Que esperas para tener el mejor Restaurante en Cerritos<\/p>\n<p>Nota: Durante el primer a\u00f1o no se cobrar\u00e1 iva,<\/p>\n","protected":false},"excerpt":{"rendered":"RENTA ROOF TOP CON ESPECTACULAR VISTA ZONA EXCLUSIVA CERRITOS PEREIRA...","protected":false},"author":6353,"featured_media":325461,"template":"","es_locations":[232,231,102],"es_categories":[124],"es_types":[117],"es_rent_periods":[],"es_labels":[],"es_statuses":[],"es_parkings":[],"es_roofs":[],"es_exterior_materials":[],"es_basements":[],"es_floor_coverings":[],"es_features":[2292,131,2370,2216,2132,2133,2181,2135,143,2136,144,2137,2152],"es_amenities":[2294,152,2371,156,2140,158,2142,2290,2143,161,2289,2144,2162],"es_neighborhoods":[],"es_tags":[],"class_list":["post-325458","properties","type-properties","status-publish","has-post-thumbnail","hentry","es_location-cerritos","es_location-pereira","es_location-risaralda","es_category-arriendo","es_type-locales","es_feature-acceso-pavimentado","es_feature-ascensor","es_feature-oficina-de-negocios","es_feature-parqueadero-visitantes","es_feature-parques-cercanos","es_feature-porteria-recepcion","es_feature-porteria-vigilancia","es_feature-sobre-via-principal","es_feature-terraza","es_feature-trans-publico-cercano","es_feature-vista-panoramica","es_feature-zona-comercial","es_feature-zona-residencial","es_amenity-acceso-pavimentado","es_amenity-ascensor-privado","es_amenity-oficina-de-negocios","es_amenity-parqueadero-visitantes","es_amenity-parques-cercanos","es_amenity-porteria-recepcion","es_amenity-sobre-via-principal","es_amenity-terraza","es_amenity-trans-publico-cercano","es_amenity-vigilancia-24-7","es_amenity-vista-panoramica","es_amenity-zona-comercial","es_amenity-zona-residencial","es-post-entity"],"_links":{"self":[{"href":"https:\/\/arriendo.com\/co\/wp-json\/wp\/v2\/properties\/325458","targetHints":{"allow":["GET"]}}],"collection":[{"href":"https:\/\/arriendo.com\/co\/wp-json\/wp\/v2\/properties"}],"about":[{"href":"https:\/\/arriendo.com\/co\/wp-json\/wp\/v2\/types\/properties"}],"author":[{"embeddable":true,"href":"https:\/\/arriendo.com\/co\/wp-json\/wp\/v2\/users\/6353"}],"version-history":[{"count":0,"href":"https:\/\/arriendo.com\/co\/wp-json\/wp\/v2\/properties\/325458\/revisions"}],"wp:featuredmedia":[{"embeddable":true,"href":"https:\/\/arriendo.com\/co\/wp-json\/wp\/v2\/media\/325461"}],"wp:attachment":[{"href":"https:\/\/arriendo.com\/co\/wp-json\/wp\/v2\/media?parent=325458"}],"wp:term":[{"taxonomy":"es_location","embeddable":true,"href":"https:\/\/arriendo.com\/co\/wp-json\/wp\/v2\/es_locations?post=325458"},{"taxonomy":"es_category","embeddable":true,"href":"https:\/\/arriendo.com\/co\/wp-json\/wp\/v2\/es_categories?post=325458"},{"taxonomy":"es_type","embeddable":true,"href":"https:\/\/arriendo.com\/co\/wp-json\/wp\/v2\/es_types?post=325458"},{"taxonomy":"es_rent_period","embeddable":true,"href":"https:\/\/arriendo.com\/co\/wp-json\/wp\/v2\/es_rent_periods?post=325458"},{"taxonomy":"es_label","embeddable":true,"href":"https:\/\/arriendo.com\/co\/wp-json\/wp\/v2\/es_labels?post=325458"},{"taxonomy":"es_status","embeddable":true,"href":"https:\/\/arriendo.com\/co\/wp-json\/wp\/v2\/es_statuses?post=325458"},{"taxonomy":"es_parking","embeddable":true,"href":"https:\/\/arriendo.com\/co\/wp-json\/wp\/v2\/es_parkings?post=325458"},{"taxonomy":"es_roof","embeddable":true,"href":"https:\/\/arriendo.com\/co\/wp-json\/wp\/v2\/es_roofs?post=325458"},{"taxonomy":"es_exterior_material","embeddable":true,"href":"https:\/\/arriendo.com\/co\/wp-json\/wp\/v2\/es_exterior_materials?post=325458"},{"taxonomy":"es_basement","embeddable":true,"href":"https:\/\/arriendo.com\/co\/wp-json\/wp\/v2\/es_basements?post=325458"},{"taxonomy":"es_floor_covering","embeddable":true,"href":"https:\/\/arriendo.com\/co\/wp-json\/wp\/v2\/es_floor_coverings?post=325458"},{"taxonomy":"es_feature","embeddable":true,"href":"https:\/\/arriendo.com\/co\/wp-json\/wp\/v2\/es_features?post=325458"},{"taxonomy":"es_amenity","embeddable":true,"href":"https:\/\/arriendo.com\/co\/wp-json\/wp\/v2\/es_amenities?post=325458"},{"taxonomy":"es_neighborhood","embeddable":true,"href":"https:\/\/arriendo.com\/co\/wp-json\/wp\/v2\/es_neighborhoods?post=325458"},{"taxonomy":"es_tag","embeddable":true,"href":"https:\/\/arriendo.com\/co\/wp-json\/wp\/v2\/es_tags?post=325458"}],"curies":[{"name":"wp","href":"https:\/\/api.w.org\/{rel}","templated":true}]}}

<p>RENTA ROOF TOP CON ESPECTACULAR VISTA ZONA EXCLUSIVA CERRITOS PEREIRA</p>
<p>Roof Top con un área de 409m2 para la Renta ubicado sobre uno de los sectores con más potencial, desarrollo y eficiencia de inversión, cerca a centros comerciales, colegios club campestre de Pereira, reconocidos, restaurantes, centro logístico, próximamente clínicas de quinta categoría, cuentan con buena accesibilidad vial y retornos, la cota más alta de cerritos.</p>
<p>Piso 11 del centro comercial más top de la ciudad que próximamente será inaugurado. Diseñado e inspirado para disfrutar de la naturaleza, la vista y tranquilidad de la zona por sus espectaculares atardeceres y avistamiento de aves, perfecto para aquellos que buscan un entorno de altura.</p>
<p>Que esperas para tener el mejor Restaurante en Cerritos</p>
<p>Nota: Durante el primer año no se cobrará iva,</p>
