{"id":325323,"date":"2026-02-19T17:50:27","date_gmt":"2026-02-19T22:50:27","guid":{"rendered":"https:\/\/arriendo.com\/co\/%es_type%\/%address_city%\/%neighborhood%\/pereira-cerritos-local-en-arriendo-3ef53f\/"},"modified":"2026-02-19T17:50:28","modified_gmt":"2026-02-19T22:50:28","slug":"AR-325323","status":"publish","type":"properties","link":"https:\/\/arriendo.com\/co\/locales\/pereira\/cerritos\/AR-325323\/","title":{"rendered":"Local en  Arriendo en Cerritos, Pereira"},"content":{"rendered":"<p>VENTA LOCAL EN EL NUEVO CENTRO COMERCIAL CERRITOS MALL PEREIRA<\/p>\n<p>Pereira es la capital del departamento de Risaralda, Colombia, y forma parte del \u00c1rea Metropolitana de Centro Occidente. Es reconocida por su dinamismo econ\u00f3mico, cultural y educativo, convirti\u00e9ndola en un importante centro urbano en la regi\u00f3n Andina de Colombia.<\/p>\n<p>Cuenta con una infraestructura moderna que incluye carreteras, puentes, sistemas de transporte p\u00fablico y servicios b\u00e1sicos. Incluyendo el Aeropuerto Internacional Mateca\u00f1a, facilitando el acceso a otras regiones de Colombia.<\/p>\n<p>Pereira tiene un clima tropical de monta\u00f1a, caracterizado por temperaturas moderadas y precipitaciones distribuidas. <\/p>\n<p>Ubicado en la calzada Cerritos \u2013 Pereira a 400 metros del hotel Sonesta. Cerritos Mall hace parte del sector de mayor crecimiento de la ciudad de Pereira. Su ubicaci\u00f3n estrat\u00e9gica le permitir\u00e1 convertirse en epicentro de servicios de salud, alojamiento y comercio, que, aunado a los megaproyectos viales que se encuentran en construcci\u00f3n, aportar\u00e1n un mayor potencial de clientes. El acceso es muy \u00e1gil desde cualquier sitio de la cuidad, siendo un punto central que facilita la llegada al proyecto.<\/p>\n<p>Estar rodeado de aeropuerto, infraestructura de salud, centros comerciales, centros tur\u00edsticos, proyectos de vivienda, restaurantes.<\/p>\n","protected":false},"excerpt":{"rendered":"VENTA LOCAL EN EL NUEVO CENTRO COMERCIAL CERRITOS MALL PEREIRA...","protected":false},"author":6353,"featured_media":325325,"template":"","es_locations":[232,231,102],"es_categories":[124],"es_types":[117],"es_rent_periods":[],"es_labels":[],"es_statuses":[],"es_parkings":[],"es_roofs":[],"es_exterior_materials":[],"es_basements":[],"es_floor_coverings":[],"es_features":[2292,2229,131,2133,2150,144],"es_amenities":[2294,2261,152,158,2161,2289],"es_neighborhoods":[],"es_tags":[],"class_list":["post-325323","properties","type-properties","status-publish","has-post-thumbnail","hentry","es_location-cerritos","es_location-pereira","es_location-risaralda","es_category-arriendo","es_type-locales","es_feature-acceso-pavimentado","es_feature-arboles-frutales","es_feature-ascensor","es_feature-porteria-recepcion","es_feature-supermercados-c-comerciales","es_feature-vista-panoramica","es_amenity-acceso-pavimentado","es_amenity-arboles-frutales","es_amenity-ascensor-privado","es_amenity-porteria-recepcion","es_amenity-supermercados-c-comerciales","es_amenity-vista-panoramica","es-post-entity"],"_links":{"self":[{"href":"https:\/\/arriendo.com\/co\/wp-json\/wp\/v2\/properties\/325323","targetHints":{"allow":["GET"]}}],"collection":[{"href":"https:\/\/arriendo.com\/co\/wp-json\/wp\/v2\/properties"}],"about":[{"href":"https:\/\/arriendo.com\/co\/wp-json\/wp\/v2\/types\/properties"}],"author":[{"embeddable":true,"href":"https:\/\/arriendo.com\/co\/wp-json\/wp\/v2\/users\/6353"}],"version-history":[{"count":0,"href":"https:\/\/arriendo.com\/co\/wp-json\/wp\/v2\/properties\/325323\/revisions"}],"wp:featuredmedia":[{"embeddable":true,"href":"https:\/\/arriendo.com\/co\/wp-json\/wp\/v2\/media\/325325"}],"wp:attachment":[{"href":"https:\/\/arriendo.com\/co\/wp-json\/wp\/v2\/media?parent=325323"}],"wp:term":[{"taxonomy":"es_location","embeddable":true,"href":"https:\/\/arriendo.com\/co\/wp-json\/wp\/v2\/es_locations?post=325323"},{"taxonomy":"es_category","embeddable":true,"href":"https:\/\/arriendo.com\/co\/wp-json\/wp\/v2\/es_categories?post=325323"},{"taxonomy":"es_type","embeddable":true,"href":"https:\/\/arriendo.com\/co\/wp-json\/wp\/v2\/es_types?post=325323"},{"taxonomy":"es_rent_period","embeddable":true,"href":"https:\/\/arriendo.com\/co\/wp-json\/wp\/v2\/es_rent_periods?post=325323"},{"taxonomy":"es_label","embeddable":true,"href":"https:\/\/arriendo.com\/co\/wp-json\/wp\/v2\/es_labels?post=325323"},{"taxonomy":"es_status","embeddable":true,"href":"https:\/\/arriendo.com\/co\/wp-json\/wp\/v2\/es_statuses?post=325323"},{"taxonomy":"es_parking","embeddable":true,"href":"https:\/\/arriendo.com\/co\/wp-json\/wp\/v2\/es_parkings?post=325323"},{"taxonomy":"es_roof","embeddable":true,"href":"https:\/\/arriendo.com\/co\/wp-json\/wp\/v2\/es_roofs?post=325323"},{"taxonomy":"es_exterior_material","embeddable":true,"href":"https:\/\/arriendo.com\/co\/wp-json\/wp\/v2\/es_exterior_materials?post=325323"},{"taxonomy":"es_basement","embeddable":true,"href":"https:\/\/arriendo.com\/co\/wp-json\/wp\/v2\/es_basements?post=325323"},{"taxonomy":"es_floor_covering","embeddable":true,"href":"https:\/\/arriendo.com\/co\/wp-json\/wp\/v2\/es_floor_coverings?post=325323"},{"taxonomy":"es_feature","embeddable":true,"href":"https:\/\/arriendo.com\/co\/wp-json\/wp\/v2\/es_features?post=325323"},{"taxonomy":"es_amenity","embeddable":true,"href":"https:\/\/arriendo.com\/co\/wp-json\/wp\/v2\/es_amenities?post=325323"},{"taxonomy":"es_neighborhood","embeddable":true,"href":"https:\/\/arriendo.com\/co\/wp-json\/wp\/v2\/es_neighborhoods?post=325323"},{"taxonomy":"es_tag","embeddable":true,"href":"https:\/\/arriendo.com\/co\/wp-json\/wp\/v2\/es_tags?post=325323"}],"curies":[{"name":"wp","href":"https:\/\/api.w.org\/{rel}","templated":true}]}}

<p>VENTA LOCAL EN EL NUEVO CENTRO COMERCIAL CERRITOS MALL PEREIRA</p>
<p>Pereira es la capital del departamento de Risaralda, Colombia, y forma parte del Área Metropolitana de Centro Occidente. Es reconocida por su dinamismo económico, cultural y educativo, convirtiéndola en un importante centro urbano en la región Andina de Colombia.</p>
<p>Cuenta con una infraestructura moderna que incluye carreteras, puentes, sistemas de transporte público y servicios básicos. Incluyendo el Aeropuerto Internacional Matecaña, facilitando el acceso a otras regiones de Colombia.</p>
<p>Pereira tiene un clima tropical de montaña, caracterizado por temperaturas moderadas y precipitaciones distribuidas. </p>
<p>Ubicado en la calzada Cerritos – Pereira a 400 metros del hotel Sonesta. Cerritos Mall hace parte del sector de mayor crecimiento de la ciudad de Pereira. Su ubicación estratégica le permitirá convertirse en epicentro de servicios de salud, alojamiento y comercio, que, aunado a los megaproyectos viales que se encuentran en construcción, aportarán un mayor potencial de clientes. El acceso es muy ágil desde cualquier sitio de la cuidad, siendo un punto central que facilita la llegada al proyecto.</p>
<p>Estar rodeado de aeropuerto, infraestructura de salud, centros comerciales, centros turísticos, proyectos de vivienda, restaurantes.</p>
