{"id":325289,"date":"2026-02-19T17:49:52","date_gmt":"2026-02-19T22:49:52","guid":{"rendered":"https:\/\/arriendo.com\/co\/%es_type%\/%address_city%\/%neighborhood%\/la-calera-san-jose-de-la-concepcion-casa-en-arriendo-en-0e0be4\/"},"modified":"2026-02-19T17:49:52","modified_gmt":"2026-02-19T22:49:52","slug":"AR-325289","status":"publish","type":"properties","link":"https:\/\/arriendo.com\/co\/casas\/la-calera\/san-jose-de-la-concepcion\/AR-325289\/","title":{"rendered":"Casa en Arriendo en San jose de la concepcion, La calera"},"content":{"rendered":"<p>A solo 40 minutos de Bogot\u00e1, en un exclusivo conjunto cerrado campestre, se encuentra esta espectacular casa que combina confort, dise\u00f1o y naturaleza. Con 3 amplias habitaciones, cada una con ba\u00f1o en suite, m\u00e1s un estudio con ba\u00f1o completo (convertible en cuarta habitaci\u00f3n), ofrece espacios pensados para la comodidad y privacidad.<br \/>\nLa sala-comedor, con techos de doble altura y grandes ventanales, brinda una iluminaci\u00f3n natural excepcional y vistas panor\u00e1micas a la monta\u00f1a y los jardines. La moderna cocina integrada cuenta con mes\u00f3n central, amplia zona de lavander\u00eda y espacio para alacena. Adem\u00e1s, dispone de ba\u00f1o social, sala auxiliar con chimenea a gas y calefacci\u00f3n en las habitaciones y \u00e1rea social.<br \/>\nEn el exterior, una espectacular p\u00e9rgola de 50 m\u00b2 con BBQ, mes\u00f3n para cocinar y zona de reuni\u00f3n invita a disfrutar de inolvidables momentos al aire libre, rodeados de hermosos jardines.<br \/>\nEl conjunto ofrece seguridad privada y una completa infraestructura recreativa: cancha de tenis, sede social con amplios salones, jacuzzi, turco, gimnasio dotado y senderos para caminar.<br \/>\nLa propiedad, decorada con excelente gusto y mobiliario de alta gama, est\u00e1 disponible tambi\u00e9n en arriendo amoblada por $15,9 millones mensuales, con administraci\u00f3n incluida.<br \/>\nUn hogar ideal para quienes buscan tranquilidad, exclusividad y contacto con la naturaleza, sin alejarse demasiado de la ciudad.<\/p>\n","protected":false},"excerpt":{"rendered":"A solo 40 minutos de Bogot\u00e1, en un exclusivo conjunto...","protected":false},"author":6683,"featured_media":325292,"template":"","es_locations":[91,579,3414],"es_categories":[124],"es_types":[115],"es_rent_periods":[],"es_labels":[],"es_statuses":[],"es_parkings":[],"es_roofs":[],"es_exterior_materials":[],"es_basements":[],"es_floor_coverings":[],"es_features":[134,2146,2179,145,2182,2167,143,144,2184,2152],"es_amenities":[2313,2155,154,2160,159,2171,2290,2289,2172,2162],"es_neighborhoods":[],"es_tags":[],"class_list":["post-325289","properties","type-properties","status-publish","has-post-thumbnail","hentry","es_location-cundinamarca","es_location-la-calera","es_location-san-jose-de-la-concepcion","es_category-arriendo","es_type-casas","es_feature-chimenea","es_feature-cocina-integral","es_feature-gimnasio","es_feature-instalacion-de-gas","es_feature-salon-comunal","es_feature-sauna-turco-jacuzzi","es_feature-terraza","es_feature-vista-panoramica","es_feature-zona-de-bbq","es_feature-zona-residencial","es_amenity-chimenea","es_amenity-cocina-integral","es_amenity-gimnasio","es_amenity-instalacion-de-gas","es_amenity-salon-comunal","es_amenity-sauna-turco-jacuzzi","es_amenity-terraza","es_amenity-vista-panoramica","es_amenity-zona-de-bbq","es_amenity-zona-residencial","es-post-entity"],"_links":{"self":[{"href":"https:\/\/arriendo.com\/co\/wp-json\/wp\/v2\/properties\/325289","targetHints":{"allow":["GET"]}}],"collection":[{"href":"https:\/\/arriendo.com\/co\/wp-json\/wp\/v2\/properties"}],"about":[{"href":"https:\/\/arriendo.com\/co\/wp-json\/wp\/v2\/types\/properties"}],"author":[{"embeddable":true,"href":"https:\/\/arriendo.com\/co\/wp-json\/wp\/v2\/users\/6683"}],"version-history":[{"count":0,"href":"https:\/\/arriendo.com\/co\/wp-json\/wp\/v2\/properties\/325289\/revisions"}],"wp:featuredmedia":[{"embeddable":true,"href":"https:\/\/arriendo.com\/co\/wp-json\/wp\/v2\/media\/325292"}],"wp:attachment":[{"href":"https:\/\/arriendo.com\/co\/wp-json\/wp\/v2\/media?parent=325289"}],"wp:term":[{"taxonomy":"es_location","embeddable":true,"href":"https:\/\/arriendo.com\/co\/wp-json\/wp\/v2\/es_locations?post=325289"},{"taxonomy":"es_category","embeddable":true,"href":"https:\/\/arriendo.com\/co\/wp-json\/wp\/v2\/es_categories?post=325289"},{"taxonomy":"es_type","embeddable":true,"href":"https:\/\/arriendo.com\/co\/wp-json\/wp\/v2\/es_types?post=325289"},{"taxonomy":"es_rent_period","embeddable":true,"href":"https:\/\/arriendo.com\/co\/wp-json\/wp\/v2\/es_rent_periods?post=325289"},{"taxonomy":"es_label","embeddable":true,"href":"https:\/\/arriendo.com\/co\/wp-json\/wp\/v2\/es_labels?post=325289"},{"taxonomy":"es_status","embeddable":true,"href":"https:\/\/arriendo.com\/co\/wp-json\/wp\/v2\/es_statuses?post=325289"},{"taxonomy":"es_parking","embeddable":true,"href":"https:\/\/arriendo.com\/co\/wp-json\/wp\/v2\/es_parkings?post=325289"},{"taxonomy":"es_roof","embeddable":true,"href":"https:\/\/arriendo.com\/co\/wp-json\/wp\/v2\/es_roofs?post=325289"},{"taxonomy":"es_exterior_material","embeddable":true,"href":"https:\/\/arriendo.com\/co\/wp-json\/wp\/v2\/es_exterior_materials?post=325289"},{"taxonomy":"es_basement","embeddable":true,"href":"https:\/\/arriendo.com\/co\/wp-json\/wp\/v2\/es_basements?post=325289"},{"taxonomy":"es_floor_covering","embeddable":true,"href":"https:\/\/arriendo.com\/co\/wp-json\/wp\/v2\/es_floor_coverings?post=325289"},{"taxonomy":"es_feature","embeddable":true,"href":"https:\/\/arriendo.com\/co\/wp-json\/wp\/v2\/es_features?post=325289"},{"taxonomy":"es_amenity","embeddable":true,"href":"https:\/\/arriendo.com\/co\/wp-json\/wp\/v2\/es_amenities?post=325289"},{"taxonomy":"es_neighborhood","embeddable":true,"href":"https:\/\/arriendo.com\/co\/wp-json\/wp\/v2\/es_neighborhoods?post=325289"},{"taxonomy":"es_tag","embeddable":true,"href":"https:\/\/arriendo.com\/co\/wp-json\/wp\/v2\/es_tags?post=325289"}],"curies":[{"name":"wp","href":"https:\/\/api.w.org\/{rel}","templated":true}]}}

<p>A solo 40 minutos de Bogotá, en un exclusivo conjunto cerrado campestre, se encuentra esta espectacular casa que combina confort, diseño y naturaleza. Con 3 amplias habitaciones, cada una con baño en suite, más un estudio con baño completo (convertible en cuarta habitación), ofrece espacios pensados para la comodidad y privacidad.<br />
La sala-comedor, con techos de doble altura y grandes ventanales, brinda una iluminación natural excepcional y vistas panorámicas a la montaña y los jardines. La moderna cocina integrada cuenta con mesón central, amplia zona de lavandería y espacio para alacena. Además, dispone de baño social, sala auxiliar con chimenea a gas y calefacción en las habitaciones y área social.<br />
En el exterior, una espectacular pérgola de 50 m² con BBQ, mesón para cocinar y zona de reunión invita a disfrutar de inolvidables momentos al aire libre, rodeados de hermosos jardines.<br />
El conjunto ofrece seguridad privada y una completa infraestructura recreativa: cancha de tenis, sede social con amplios salones, jacuzzi, turco, gimnasio dotado y senderos para caminar.<br />
La propiedad, decorada con excelente gusto y mobiliario de alta gama, está disponible también en arriendo amoblada por $15,9 millones mensuales, con administración incluida.<br />
Un hogar ideal para quienes buscan tranquilidad, exclusividad y contacto con la naturaleza, sin alejarse demasiado de la ciudad.</p>

A solo 40 minutos de Bogotá, en un exclusivo conjunto...
