{"id":325272,"date":"2026-02-19T17:49:38","date_gmt":"2026-02-19T22:49:38","guid":{"rendered":"https:\/\/arriendo.com\/co\/%es_type%\/%address_city%\/%neighborhood%\/la-calera-san-jose-de-la-concepcion-casa-en-arriendo-en-2bfbd5\/"},"modified":"2026-02-19T17:49:38","modified_gmt":"2026-02-19T22:49:38","slug":"AR-325272","status":"publish","type":"properties","link":"https:\/\/arriendo.com\/co\/casas\/la-calera\/san-jose-de-la-concepcion\/AR-325272\/","title":{"rendered":"Casa en Arriendo en San jose de la concepcion, La calera"},"content":{"rendered":"<p>Arriendo espectacular casa ubicada en un conjunto cerrado con seguridad privada, ofrece una vista privilegiada y la tranquilidad que necesitas. Con dise\u00f1o moderno y equipada con todo lo necesario para una experiencia de vida c\u00f3moda y segura.<br \/>\nLa casa cuenta con 4 habitaciones, estudio, 5 ba\u00f1os, una amplia sala y comedor, adem\u00e1s de una terraza ideal para compartir con familia y amigos. Incluye un parque infantil privado y un lote plano perfecto para actividades al aire libre.<br \/>\nLa habitaci\u00f3n principal tiene una vista inigualable frente a la monta\u00f1a, walking closet y un ba\u00f1o espacioso y lleno de luz. Tambi\u00e9n dispone de cuarto y ba\u00f1o de servicio, cuarto de ropas y un dep\u00f3sito.<br \/>\nEl conjunto residencial ofrece una sede social con salones, zona h\u00fameda, jacuzzi y cancha de tenis, brindando espacios ideales para relajarse y disfrutar de actividades recreativas.<br \/>\nNo pierdas la oportunidad de vivir en un lugar que combina naturaleza y comodidad en un entorno exclusivo y seguro.<\/p>\n","protected":false},"excerpt":{"rendered":"Arriendo espectacular casa ubicada en un conjunto cerrado con seguridad...","protected":false},"author":6683,"featured_media":325275,"template":"","es_locations":[91,579,3414],"es_categories":[124],"es_types":[115],"es_rent_periods":[],"es_labels":[],"es_statuses":[],"es_parkings":[],"es_roofs":[],"es_exterior_materials":[],"es_basements":[],"es_floor_coverings":[],"es_features":[2211,134,2146,2179,145,2180,2182,144],"es_amenities":[2210,2313,2155,154,2160,157,159,2289],"es_neighborhoods":[],"es_tags":[],"class_list":["post-325272","properties","type-properties","status-publish","has-post-thumbnail","hentry","es_location-cundinamarca","es_location-la-calera","es_location-san-jose-de-la-concepcion","es_category-arriendo","es_type-casas","es_feature-canchas-deportivas","es_feature-chimenea","es_feature-cocina-integral","es_feature-gimnasio","es_feature-instalacion-de-gas","es_feature-piscina","es_feature-salon-comunal","es_feature-vista-panoramica","es_amenity-canchas-deportivas","es_amenity-chimenea","es_amenity-cocina-integral","es_amenity-gimnasio","es_amenity-instalacion-de-gas","es_amenity-piscina","es_amenity-salon-comunal","es_amenity-vista-panoramica","es-post-entity"],"_links":{"self":[{"href":"https:\/\/arriendo.com\/co\/wp-json\/wp\/v2\/properties\/325272","targetHints":{"allow":["GET"]}}],"collection":[{"href":"https:\/\/arriendo.com\/co\/wp-json\/wp\/v2\/properties"}],"about":[{"href":"https:\/\/arriendo.com\/co\/wp-json\/wp\/v2\/types\/properties"}],"author":[{"embeddable":true,"href":"https:\/\/arriendo.com\/co\/wp-json\/wp\/v2\/users\/6683"}],"version-history":[{"count":0,"href":"https:\/\/arriendo.com\/co\/wp-json\/wp\/v2\/properties\/325272\/revisions"}],"wp:featuredmedia":[{"embeddable":true,"href":"https:\/\/arriendo.com\/co\/wp-json\/wp\/v2\/media\/325275"}],"wp:attachment":[{"href":"https:\/\/arriendo.com\/co\/wp-json\/wp\/v2\/media?parent=325272"}],"wp:term":[{"taxonomy":"es_location","embeddable":true,"href":"https:\/\/arriendo.com\/co\/wp-json\/wp\/v2\/es_locations?post=325272"},{"taxonomy":"es_category","embeddable":true,"href":"https:\/\/arriendo.com\/co\/wp-json\/wp\/v2\/es_categories?post=325272"},{"taxonomy":"es_type","embeddable":true,"href":"https:\/\/arriendo.com\/co\/wp-json\/wp\/v2\/es_types?post=325272"},{"taxonomy":"es_rent_period","embeddable":true,"href":"https:\/\/arriendo.com\/co\/wp-json\/wp\/v2\/es_rent_periods?post=325272"},{"taxonomy":"es_label","embeddable":true,"href":"https:\/\/arriendo.com\/co\/wp-json\/wp\/v2\/es_labels?post=325272"},{"taxonomy":"es_status","embeddable":true,"href":"https:\/\/arriendo.com\/co\/wp-json\/wp\/v2\/es_statuses?post=325272"},{"taxonomy":"es_parking","embeddable":true,"href":"https:\/\/arriendo.com\/co\/wp-json\/wp\/v2\/es_parkings?post=325272"},{"taxonomy":"es_roof","embeddable":true,"href":"https:\/\/arriendo.com\/co\/wp-json\/wp\/v2\/es_roofs?post=325272"},{"taxonomy":"es_exterior_material","embeddable":true,"href":"https:\/\/arriendo.com\/co\/wp-json\/wp\/v2\/es_exterior_materials?post=325272"},{"taxonomy":"es_basement","embeddable":true,"href":"https:\/\/arriendo.com\/co\/wp-json\/wp\/v2\/es_basements?post=325272"},{"taxonomy":"es_floor_covering","embeddable":true,"href":"https:\/\/arriendo.com\/co\/wp-json\/wp\/v2\/es_floor_coverings?post=325272"},{"taxonomy":"es_feature","embeddable":true,"href":"https:\/\/arriendo.com\/co\/wp-json\/wp\/v2\/es_features?post=325272"},{"taxonomy":"es_amenity","embeddable":true,"href":"https:\/\/arriendo.com\/co\/wp-json\/wp\/v2\/es_amenities?post=325272"},{"taxonomy":"es_neighborhood","embeddable":true,"href":"https:\/\/arriendo.com\/co\/wp-json\/wp\/v2\/es_neighborhoods?post=325272"},{"taxonomy":"es_tag","embeddable":true,"href":"https:\/\/arriendo.com\/co\/wp-json\/wp\/v2\/es_tags?post=325272"}],"curies":[{"name":"wp","href":"https:\/\/api.w.org\/{rel}","templated":true}]}}

<p>Arriendo espectacular casa ubicada en un conjunto cerrado con seguridad privada, ofrece una vista privilegiada y la tranquilidad que necesitas. Con diseño moderno y equipada con todo lo necesario para una experiencia de vida cómoda y segura.<br />
La casa cuenta con 4 habitaciones, estudio, 5 baños, una amplia sala y comedor, además de una terraza ideal para compartir con familia y amigos. Incluye un parque infantil privado y un lote plano perfecto para actividades al aire libre.<br />
La habitación principal tiene una vista inigualable frente a la montaña, walking closet y un baño espacioso y lleno de luz. También dispone de cuarto y baño de servicio, cuarto de ropas y un depósito.<br />
El conjunto residencial ofrece una sede social con salones, zona húmeda, jacuzzi y cancha de tenis, brindando espacios ideales para relajarse y disfrutar de actividades recreativas.<br />
No pierdas la oportunidad de vivir en un lugar que combina naturaleza y comodidad en un entorno exclusivo y seguro.</p>
