{"id":325255,"date":"2026-02-19T17:49:25","date_gmt":"2026-02-19T22:49:25","guid":{"rendered":"https:\/\/arriendo.com\/co\/%es_type%\/%address_city%\/%neighborhood%\/la-calera-san-jose-de-la-concepcion-casa-en-arriendo-en-5acad4\/"},"modified":"2026-02-19T17:49:25","modified_gmt":"2026-02-19T22:49:25","slug":"AR-325255","status":"publish","type":"properties","link":"https:\/\/arriendo.com\/co\/casas\/la-calera\/san-jose-de-la-concepcion\/AR-325255\/","title":{"rendered":"Casa en Arriendo en San jose de la concepcion, La calera"},"content":{"rendered":"<p>\u00a1Descubre tu nuevo hogar! Esta espectacular casa nueva, con acabados modernos, se encuentra en un conjunto residencial con Club House. Disfruta de una ubicaci\u00f3n privilegiada con un lote plano y una vista espectacular a la monta\u00f1a, a solo 35 minutos de Bogot\u00e1. Vive en un ambiente natural con todas las comodidades del Club House, que incluyen canchas de f\u00fatbol, squash, tenis, piscina semi ol\u00edmpica, gimnasio y m\u00e1s. Adem\u00e1s, cuenta con seguridad privada y una comunidad de familias que disfrutan de este para\u00edso. La casa, en perfectas condiciones que est\u00e1 lista para estrenar y con continas, ofrece 3 habitaciones con una vista rodeada de verde y naturaleza, 4 ba\u00f1os, estudio,  ba\u00f1o de servicio, zona de lavander\u00eda, ambiente complementario como estudio abierto, terraza con vista panor\u00e1mica y zonas exteriores privadas para BBQ, cuenta con 4 parqueaderos dos cubiertos y 2 descubiertos. \u00a1Ven y haz de este lugar tu nuevo hogar!<\/p>\n","protected":false},"excerpt":{"rendered":"\u00a1Descubre tu nuevo hogar! Esta espectacular casa nueva, con acabados...","protected":false},"author":6683,"featured_media":325258,"template":"","es_locations":[91,579,3414],"es_categories":[124],"es_types":[115],"es_rent_periods":[],"es_labels":[],"es_statuses":[],"es_parkings":[],"es_roofs":[],"es_exterior_materials":[],"es_basements":[],"es_floor_coverings":[],"es_features":[132,2402,2211,2166,2274,2179,145,2180,2182,143,2306,2185,2152],"es_amenities":[2186,2401,2210,2189,2278,154,2160,157,159,2290,2308,2173,2162],"es_neighborhoods":[],"es_tags":[],"class_list":["post-325255","properties","type-properties","status-publish","has-post-thumbnail","hentry","es_location-cundinamarca","es_location-la-calera","es_location-san-jose-de-la-concepcion","es_category-arriendo","es_type-casas","es_feature-balcon","es_feature-cancha-de-tennis","es_feature-canchas-deportivas","es_feature-closet","es_feature-cocina-equipada","es_feature-gimnasio","es_feature-instalacion-de-gas","es_feature-piscina","es_feature-salon-comunal","es_feature-terraza","es_feature-zona-campestre","es_feature-zona-infantil","es_feature-zona-residencial","es_amenity-balcon","es_amenity-cancha-de-tennis","es_amenity-canchas-deportivas","es_amenity-closet","es_amenity-cocina-equipada","es_amenity-gimnasio","es_amenity-instalacion-de-gas","es_amenity-piscina","es_amenity-salon-comunal","es_amenity-terraza","es_amenity-zona-campestre","es_amenity-zona-infantil","es_amenity-zona-residencial","es-post-entity"],"_links":{"self":[{"href":"https:\/\/arriendo.com\/co\/wp-json\/wp\/v2\/properties\/325255","targetHints":{"allow":["GET"]}}],"collection":[{"href":"https:\/\/arriendo.com\/co\/wp-json\/wp\/v2\/properties"}],"about":[{"href":"https:\/\/arriendo.com\/co\/wp-json\/wp\/v2\/types\/properties"}],"author":[{"embeddable":true,"href":"https:\/\/arriendo.com\/co\/wp-json\/wp\/v2\/users\/6683"}],"version-history":[{"count":0,"href":"https:\/\/arriendo.com\/co\/wp-json\/wp\/v2\/properties\/325255\/revisions"}],"wp:featuredmedia":[{"embeddable":true,"href":"https:\/\/arriendo.com\/co\/wp-json\/wp\/v2\/media\/325258"}],"wp:attachment":[{"href":"https:\/\/arriendo.com\/co\/wp-json\/wp\/v2\/media?parent=325255"}],"wp:term":[{"taxonomy":"es_location","embeddable":true,"href":"https:\/\/arriendo.com\/co\/wp-json\/wp\/v2\/es_locations?post=325255"},{"taxonomy":"es_category","embeddable":true,"href":"https:\/\/arriendo.com\/co\/wp-json\/wp\/v2\/es_categories?post=325255"},{"taxonomy":"es_type","embeddable":true,"href":"https:\/\/arriendo.com\/co\/wp-json\/wp\/v2\/es_types?post=325255"},{"taxonomy":"es_rent_period","embeddable":true,"href":"https:\/\/arriendo.com\/co\/wp-json\/wp\/v2\/es_rent_periods?post=325255"},{"taxonomy":"es_label","embeddable":true,"href":"https:\/\/arriendo.com\/co\/wp-json\/wp\/v2\/es_labels?post=325255"},{"taxonomy":"es_status","embeddable":true,"href":"https:\/\/arriendo.com\/co\/wp-json\/wp\/v2\/es_statuses?post=325255"},{"taxonomy":"es_parking","embeddable":true,"href":"https:\/\/arriendo.com\/co\/wp-json\/wp\/v2\/es_parkings?post=325255"},{"taxonomy":"es_roof","embeddable":true,"href":"https:\/\/arriendo.com\/co\/wp-json\/wp\/v2\/es_roofs?post=325255"},{"taxonomy":"es_exterior_material","embeddable":true,"href":"https:\/\/arriendo.com\/co\/wp-json\/wp\/v2\/es_exterior_materials?post=325255"},{"taxonomy":"es_basement","embeddable":true,"href":"https:\/\/arriendo.com\/co\/wp-json\/wp\/v2\/es_basements?post=325255"},{"taxonomy":"es_floor_covering","embeddable":true,"href":"https:\/\/arriendo.com\/co\/wp-json\/wp\/v2\/es_floor_coverings?post=325255"},{"taxonomy":"es_feature","embeddable":true,"href":"https:\/\/arriendo.com\/co\/wp-json\/wp\/v2\/es_features?post=325255"},{"taxonomy":"es_amenity","embeddable":true,"href":"https:\/\/arriendo.com\/co\/wp-json\/wp\/v2\/es_amenities?post=325255"},{"taxonomy":"es_neighborhood","embeddable":true,"href":"https:\/\/arriendo.com\/co\/wp-json\/wp\/v2\/es_neighborhoods?post=325255"},{"taxonomy":"es_tag","embeddable":true,"href":"https:\/\/arriendo.com\/co\/wp-json\/wp\/v2\/es_tags?post=325255"}],"curies":[{"name":"wp","href":"https:\/\/api.w.org\/{rel}","templated":true}]}}

<p>¡Descubre tu nuevo hogar! Esta espectacular casa nueva, con acabados modernos, se encuentra en un conjunto residencial con Club House. Disfruta de una ubicación privilegiada con un lote plano y una vista espectacular a la montaña, a solo 35 minutos de Bogotá. Vive en un ambiente natural con todas las comodidades del Club House, que incluyen canchas de fútbol, squash, tenis, piscina semi olímpica, gimnasio y más. Además, cuenta con seguridad privada y una comunidad de familias que disfrutan de este paraíso. La casa, en perfectas condiciones que está lista para estrenar y con continas, ofrece 3 habitaciones con una vista rodeada de verde y naturaleza, 4 baños, estudio,  baño de servicio, zona de lavandería, ambiente complementario como estudio abierto, terraza con vista panorámica y zonas exteriores privadas para BBQ, cuenta con 4 parqueaderos dos cubiertos y 2 descubiertos. ¡Ven y haz de este lugar tu nuevo hogar!</p>
