{"id":325141,"date":"2026-02-19T17:47:47","date_gmt":"2026-02-19T22:47:47","guid":{"rendered":"https:\/\/arriendo.com\/co\/%es_type%\/%address_city%\/%neighborhood%\/la-calera-san-jose-de-la-concepcion-casa-en-arriendo-en-3c01f7\/"},"modified":"2026-02-19T17:47:47","modified_gmt":"2026-02-19T22:47:47","slug":"AR-325141","status":"publish","type":"properties","link":"https:\/\/arriendo.com\/co\/casas\/la-calera\/san-jose-de-la-concepcion\/AR-325141\/","title":{"rendered":"Casa en Arriendo en San jose de la concepcion, La calera"},"content":{"rendered":"<p>Arriendo moderna Casa en Conjunto Cerrado Impresionante casa con solo dos a\u00f1os de construcci\u00f3n, rodeada de naturaleza y con una vista libre y excepcional a la monta\u00f1a. Dise\u00f1ada para quienes valoran la comodidad, la privacidad y los detalles de alto nivel.<br \/>\nEn el primer piso, se integra una amplia cocina con electrodom\u00e9sticos KitchenAid, zona de comedor y sala que se abren hacia terrazas sociales y de barbecue. Cuenta con una habitaci\u00f3n de hu\u00e9spedes con ba\u00f1o y walk-in closet con salida a la terraza, habitaci\u00f3n y ba\u00f1o de servicio, y una habitaci\u00f3n auxiliar externa ideal para oficina o alojamiento adicional. Dispone tambi\u00e9n de habitaci\u00f3n para mascotas con acceso al patio interior, zona de lavander\u00eda independiente y un \u00e1rea h\u00fameda excepcional con piscina climatizada, ba\u00f1o turco, ducha y espacio para gimnasio privado.<br \/>\nEn el segundo piso, la habitaci\u00f3n principal ofrece terraza con vista a la monta\u00f1a, walk-in closet amplio, ba\u00f1o en suite y puerta blindada. Se complementa con estudio independiente, family room con chimenea el\u00e9ctrica y biblioteca, adem\u00e1s de dos habitaciones adicionales con ba\u00f1o privado y balc\u00f3n o terraza.<br \/>\nLa casa cuenta con sistemas inteligentes: sonido profesional, c\u00e1maras de seguridad, dos puertas blindadas, paneles solares, calefacci\u00f3n verde, pisos con malla radiante, ascensor y acabados en madera Aquafloor.<br \/>\nEl conjunto ofrece cancha de tenis, gimnasio, zonas h\u00famedas, salones sociales y senderos naturales.<br \/>\nUna residencia excepcional donde el confort y la naturaleza<\/p>\n","protected":false},"excerpt":{"rendered":"Arriendo moderna Casa en Conjunto Cerrado Impresionante casa con solo...","protected":false},"author":6683,"featured_media":325144,"template":"","es_locations":[91,579,3414],"es_categories":[124],"es_types":[115],"es_rent_periods":[],"es_labels":[],"es_statuses":[],"es_parkings":[],"es_roofs":[],"es_exterior_materials":[],"es_basements":[],"es_floor_coverings":[],"es_features":[2211,134,2146,2179,2180,2182,143,144],"es_amenities":[2210,2313,2155,154,157,159,2290,2289],"es_neighborhoods":[],"es_tags":[],"class_list":["post-325141","properties","type-properties","status-publish","has-post-thumbnail","hentry","es_location-cundinamarca","es_location-la-calera","es_location-san-jose-de-la-concepcion","es_category-arriendo","es_type-casas","es_feature-canchas-deportivas","es_feature-chimenea","es_feature-cocina-integral","es_feature-gimnasio","es_feature-piscina","es_feature-salon-comunal","es_feature-terraza","es_feature-vista-panoramica","es_amenity-canchas-deportivas","es_amenity-chimenea","es_amenity-cocina-integral","es_amenity-gimnasio","es_amenity-piscina","es_amenity-salon-comunal","es_amenity-terraza","es_amenity-vista-panoramica","es-post-entity"],"_links":{"self":[{"href":"https:\/\/arriendo.com\/co\/wp-json\/wp\/v2\/properties\/325141","targetHints":{"allow":["GET"]}}],"collection":[{"href":"https:\/\/arriendo.com\/co\/wp-json\/wp\/v2\/properties"}],"about":[{"href":"https:\/\/arriendo.com\/co\/wp-json\/wp\/v2\/types\/properties"}],"author":[{"embeddable":true,"href":"https:\/\/arriendo.com\/co\/wp-json\/wp\/v2\/users\/6683"}],"version-history":[{"count":0,"href":"https:\/\/arriendo.com\/co\/wp-json\/wp\/v2\/properties\/325141\/revisions"}],"wp:featuredmedia":[{"embeddable":true,"href":"https:\/\/arriendo.com\/co\/wp-json\/wp\/v2\/media\/325144"}],"wp:attachment":[{"href":"https:\/\/arriendo.com\/co\/wp-json\/wp\/v2\/media?parent=325141"}],"wp:term":[{"taxonomy":"es_location","embeddable":true,"href":"https:\/\/arriendo.com\/co\/wp-json\/wp\/v2\/es_locations?post=325141"},{"taxonomy":"es_category","embeddable":true,"href":"https:\/\/arriendo.com\/co\/wp-json\/wp\/v2\/es_categories?post=325141"},{"taxonomy":"es_type","embeddable":true,"href":"https:\/\/arriendo.com\/co\/wp-json\/wp\/v2\/es_types?post=325141"},{"taxonomy":"es_rent_period","embeddable":true,"href":"https:\/\/arriendo.com\/co\/wp-json\/wp\/v2\/es_rent_periods?post=325141"},{"taxonomy":"es_label","embeddable":true,"href":"https:\/\/arriendo.com\/co\/wp-json\/wp\/v2\/es_labels?post=325141"},{"taxonomy":"es_status","embeddable":true,"href":"https:\/\/arriendo.com\/co\/wp-json\/wp\/v2\/es_statuses?post=325141"},{"taxonomy":"es_parking","embeddable":true,"href":"https:\/\/arriendo.com\/co\/wp-json\/wp\/v2\/es_parkings?post=325141"},{"taxonomy":"es_roof","embeddable":true,"href":"https:\/\/arriendo.com\/co\/wp-json\/wp\/v2\/es_roofs?post=325141"},{"taxonomy":"es_exterior_material","embeddable":true,"href":"https:\/\/arriendo.com\/co\/wp-json\/wp\/v2\/es_exterior_materials?post=325141"},{"taxonomy":"es_basement","embeddable":true,"href":"https:\/\/arriendo.com\/co\/wp-json\/wp\/v2\/es_basements?post=325141"},{"taxonomy":"es_floor_covering","embeddable":true,"href":"https:\/\/arriendo.com\/co\/wp-json\/wp\/v2\/es_floor_coverings?post=325141"},{"taxonomy":"es_feature","embeddable":true,"href":"https:\/\/arriendo.com\/co\/wp-json\/wp\/v2\/es_features?post=325141"},{"taxonomy":"es_amenity","embeddable":true,"href":"https:\/\/arriendo.com\/co\/wp-json\/wp\/v2\/es_amenities?post=325141"},{"taxonomy":"es_neighborhood","embeddable":true,"href":"https:\/\/arriendo.com\/co\/wp-json\/wp\/v2\/es_neighborhoods?post=325141"},{"taxonomy":"es_tag","embeddable":true,"href":"https:\/\/arriendo.com\/co\/wp-json\/wp\/v2\/es_tags?post=325141"}],"curies":[{"name":"wp","href":"https:\/\/api.w.org\/{rel}","templated":true}]}}

<p>Arriendo moderna Casa en Conjunto Cerrado Impresionante casa con solo dos años de construcción, rodeada de naturaleza y con una vista libre y excepcional a la montaña. Diseñada para quienes valoran la comodidad, la privacidad y los detalles de alto nivel.<br />
En el primer piso, se integra una amplia cocina con electrodomésticos KitchenAid, zona de comedor y sala que se abren hacia terrazas sociales y de barbecue. Cuenta con una habitación de huéspedes con baño y walk-in closet con salida a la terraza, habitación y baño de servicio, y una habitación auxiliar externa ideal para oficina o alojamiento adicional. Dispone también de habitación para mascotas con acceso al patio interior, zona de lavandería independiente y un área húmeda excepcional con piscina climatizada, baño turco, ducha y espacio para gimnasio privado.<br />
En el segundo piso, la habitación principal ofrece terraza con vista a la montaña, walk-in closet amplio, baño en suite y puerta blindada. Se complementa con estudio independiente, family room con chimenea eléctrica y biblioteca, además de dos habitaciones adicionales con baño privado y balcón o terraza.<br />
La casa cuenta con sistemas inteligentes: sonido profesional, cámaras de seguridad, dos puertas blindadas, paneles solares, calefacción verde, pisos con malla radiante, ascensor y acabados en madera Aquafloor.<br />
El conjunto ofrece cancha de tenis, gimnasio, zonas húmedas, salones sociales y senderos naturales.<br />
Una residencia excepcional donde el confort y la naturaleza</p>
