{"id":324819,"date":"2026-02-19T17:42:13","date_gmt":"2026-02-19T22:42:13","guid":{"rendered":"https:\/\/arriendo.com\/co\/%es_type%\/%address_city%\/%neighborhood%\/soledad-nuevo-milenio-local-en-arriendo-en-5b75d5\/"},"modified":"2026-02-19T17:42:13","modified_gmt":"2026-02-19T22:42:13","slug":"AR-324819","status":"publish","type":"properties","link":"https:\/\/arriendo.com\/co\/locales\/soledad\/nuevo-milenio\/AR-324819\/","title":{"rendered":"Local en arriendo en Nuevo milenio, Soledad"},"content":{"rendered":"<p>Se arrienda local comercial en centro comercial nuestro atl\u00e1ntico, en el municipio de soledad,  el cual consta de 48mts2,  El local cuenta con un espacio para almacenamiento mezanine y \u00e1rea disponible para exhibici\u00f3n, ideal para venta de art\u00edculos y\/o servicios.<\/p>\n","protected":false},"excerpt":{"rendered":"Se arrienda local comercial en centro comercial nuestro atl\u00e1ntico, en...","protected":false},"author":8309,"featured_media":324822,"template":"","es_locations":[81,3409,325],"es_categories":[124],"es_types":[117],"es_rent_periods":[],"es_labels":[],"es_statuses":[],"es_parkings":[],"es_roofs":[],"es_exterior_materials":[],"es_basements":[],"es_floor_coverings":[],"es_features":[2500,2164,2130,2472,2293,2234,2226,2216,2132,2418,2133,2135,2136,2241],"es_amenities":[152,2187,2138,2473,2295,2249,2251,156,2140,2419,158,2142,2143,2259],"es_neighborhoods":[],"es_tags":[],"class_list":["post-324819","properties","type-properties","status-publish","has-post-thumbnail","hentry","es_location-atlantico","es_location-nuevo-milenio","es_location-soledad","es_category-arriendo","es_type-locales","es_feature-ascensor-privado","es_feature-bano-independiente","es_feature-banos-comunales","es_feature-banos-publicos","es_feature-cerca-centro-comercial","es_feature-comodas-vias-de-acceso","es_feature-escalera-de-emergencia","es_feature-parqueadero-visitantes","es_feature-parques-cercanos","es_feature-piso-en-madera","es_feature-porteria-recepcion","es_feature-sobre-via-principal","es_feature-trans-publico-cercano","es_feature-vigilancia-24x7","es_amenity-ascensor-privado","es_amenity-bano-independiente","es_amenity-banos-comunales","es_amenity-banos-publicos","es_amenity-cerca-centro-comercial","es_amenity-comodas-vias-de-acceso","es_amenity-escalera-de-emergencia","es_amenity-parqueadero-visitantes","es_amenity-parques-cercanos","es_amenity-piso-en-madera","es_amenity-porteria-recepcion","es_amenity-sobre-via-principal","es_amenity-trans-publico-cercano","es_amenity-vigilancia-24x7","es-post-entity"],"_links":{"self":[{"href":"https:\/\/arriendo.com\/co\/wp-json\/wp\/v2\/properties\/324819","targetHints":{"allow":["GET"]}}],"collection":[{"href":"https:\/\/arriendo.com\/co\/wp-json\/wp\/v2\/properties"}],"about":[{"href":"https:\/\/arriendo.com\/co\/wp-json\/wp\/v2\/types\/properties"}],"author":[{"embeddable":true,"href":"https:\/\/arriendo.com\/co\/wp-json\/wp\/v2\/users\/8309"}],"version-history":[{"count":0,"href":"https:\/\/arriendo.com\/co\/wp-json\/wp\/v2\/properties\/324819\/revisions"}],"wp:featuredmedia":[{"embeddable":true,"href":"https:\/\/arriendo.com\/co\/wp-json\/wp\/v2\/media\/324822"}],"wp:attachment":[{"href":"https:\/\/arriendo.com\/co\/wp-json\/wp\/v2\/media?parent=324819"}],"wp:term":[{"taxonomy":"es_location","embeddable":true,"href":"https:\/\/arriendo.com\/co\/wp-json\/wp\/v2\/es_locations?post=324819"},{"taxonomy":"es_category","embeddable":true,"href":"https:\/\/arriendo.com\/co\/wp-json\/wp\/v2\/es_categories?post=324819"},{"taxonomy":"es_type","embeddable":true,"href":"https:\/\/arriendo.com\/co\/wp-json\/wp\/v2\/es_types?post=324819"},{"taxonomy":"es_rent_period","embeddable":true,"href":"https:\/\/arriendo.com\/co\/wp-json\/wp\/v2\/es_rent_periods?post=324819"},{"taxonomy":"es_label","embeddable":true,"href":"https:\/\/arriendo.com\/co\/wp-json\/wp\/v2\/es_labels?post=324819"},{"taxonomy":"es_status","embeddable":true,"href":"https:\/\/arriendo.com\/co\/wp-json\/wp\/v2\/es_statuses?post=324819"},{"taxonomy":"es_parking","embeddable":true,"href":"https:\/\/arriendo.com\/co\/wp-json\/wp\/v2\/es_parkings?post=324819"},{"taxonomy":"es_roof","embeddable":true,"href":"https:\/\/arriendo.com\/co\/wp-json\/wp\/v2\/es_roofs?post=324819"},{"taxonomy":"es_exterior_material","embeddable":true,"href":"https:\/\/arriendo.com\/co\/wp-json\/wp\/v2\/es_exterior_materials?post=324819"},{"taxonomy":"es_basement","embeddable":true,"href":"https:\/\/arriendo.com\/co\/wp-json\/wp\/v2\/es_basements?post=324819"},{"taxonomy":"es_floor_covering","embeddable":true,"href":"https:\/\/arriendo.com\/co\/wp-json\/wp\/v2\/es_floor_coverings?post=324819"},{"taxonomy":"es_feature","embeddable":true,"href":"https:\/\/arriendo.com\/co\/wp-json\/wp\/v2\/es_features?post=324819"},{"taxonomy":"es_amenity","embeddable":true,"href":"https:\/\/arriendo.com\/co\/wp-json\/wp\/v2\/es_amenities?post=324819"},{"taxonomy":"es_neighborhood","embeddable":true,"href":"https:\/\/arriendo.com\/co\/wp-json\/wp\/v2\/es_neighborhoods?post=324819"},{"taxonomy":"es_tag","embeddable":true,"href":"https:\/\/arriendo.com\/co\/wp-json\/wp\/v2\/es_tags?post=324819"}],"curies":[{"name":"wp","href":"https:\/\/api.w.org\/{rel}","templated":true}]}}

<p>Se arrienda local comercial en centro comercial nuestro atlántico, en el municipio de soledad,  el cual consta de 48mts2,  El local cuenta con un espacio para almacenamiento mezanine y área disponible para exhibición, ideal para venta de artículos y/o servicios.</p>

Se arrienda local comercial en centro comercial nuestro atlántico, en...
