{"id":324721,"date":"2026-02-19T17:40:46","date_gmt":"2026-02-19T22:40:46","guid":{"rendered":"https:\/\/arriendo.com\/co\/%es_type%\/%address_city%\/%neighborhood%\/envigado-envigado-apartamento-en-arriendo-edc810\/"},"modified":"2026-02-19T17:40:46","modified_gmt":"2026-02-19T22:40:46","slug":"AR-324721","status":"publish","type":"properties","link":"https:\/\/arriendo.com\/co\/apartamentos\/envigado\/envigado\/AR-324721\/","title":{"rendered":"Apartamento en  Arriendo en Envigado"},"content":{"rendered":"<p>En la frontera , se encuentra este elegante apartamento de 4 habitaciones que te invita a disfrutar de un estilo de vida \u00fanico. Con 103 metros cuadrados de espacio, este hogar ofrece comodidad y amplitud para toda la familia. El ba\u00f1o impecable y el parqueadero privado y util, son solo algunas de las comodidades que este lugar tiene para ofrecer. Con una ubicaci\u00f3n privilegiada y una distribuci\u00f3n inteligente, este apartamento es el lugar perfecto para crear nuevos recuerdos. No pierdas la oportunidad de vivir en este espacio excepcional. Cont\u00e1ctanos para m\u00e1s informaci\u00f3n: Inmobiliaria Ramirez Londo\u00f1o, N\u00famero 3107485037.<\/p>\n","protected":false},"excerpt":{"rendered":"En la frontera , se encuentra este elegante apartamento de...","protected":false},"author":7742,"featured_media":324724,"template":"","es_locations":[79,511],"es_categories":[124],"es_types":[114],"es_rent_periods":[],"es_labels":[],"es_statuses":[],"es_parkings":[],"es_roofs":[],"es_exterior_materials":[],"es_basements":[],"es_floor_coverings":[],"es_features":[2168,131,132,2293,2166,145,2180,2272,2227,2136,144,2152],"es_amenities":[2195,152,2186,2295,2189,2160,157,2273,2255,2143,2289,2162],"es_neighborhoods":[],"es_tags":[],"class_list":["post-324721","properties","type-properties","status-publish","has-post-thumbnail","hentry","es_location-antioquia","es_location-envigado","es_category-arriendo","es_type-apartamentos","es_feature-area-urbana","es_feature-ascensor","es_feature-balcon","es_feature-cerca-centro-comercial","es_feature-closet","es_feature-instalacion-de-gas","es_feature-piscina","es_feature-piso-en-baldosa-marmol","es_feature-shut-de-basura","es_feature-trans-publico-cercano","es_feature-vista-panoramica","es_feature-zona-residencial","es_amenity-area-urbana","es_amenity-ascensor-privado","es_amenity-balcon","es_amenity-cerca-centro-comercial","es_amenity-closet","es_amenity-instalacion-de-gas","es_amenity-piscina","es_amenity-piso-en-baldosa-marmol","es_amenity-shut-de-basura","es_amenity-trans-publico-cercano","es_amenity-vista-panoramica","es_amenity-zona-residencial","es-post-entity"],"_links":{"self":[{"href":"https:\/\/arriendo.com\/co\/wp-json\/wp\/v2\/properties\/324721","targetHints":{"allow":["GET"]}}],"collection":[{"href":"https:\/\/arriendo.com\/co\/wp-json\/wp\/v2\/properties"}],"about":[{"href":"https:\/\/arriendo.com\/co\/wp-json\/wp\/v2\/types\/properties"}],"author":[{"embeddable":true,"href":"https:\/\/arriendo.com\/co\/wp-json\/wp\/v2\/users\/7742"}],"version-history":[{"count":0,"href":"https:\/\/arriendo.com\/co\/wp-json\/wp\/v2\/properties\/324721\/revisions"}],"wp:featuredmedia":[{"embeddable":true,"href":"https:\/\/arriendo.com\/co\/wp-json\/wp\/v2\/media\/324724"}],"wp:attachment":[{"href":"https:\/\/arriendo.com\/co\/wp-json\/wp\/v2\/media?parent=324721"}],"wp:term":[{"taxonomy":"es_location","embeddable":true,"href":"https:\/\/arriendo.com\/co\/wp-json\/wp\/v2\/es_locations?post=324721"},{"taxonomy":"es_category","embeddable":true,"href":"https:\/\/arriendo.com\/co\/wp-json\/wp\/v2\/es_categories?post=324721"},{"taxonomy":"es_type","embeddable":true,"href":"https:\/\/arriendo.com\/co\/wp-json\/wp\/v2\/es_types?post=324721"},{"taxonomy":"es_rent_period","embeddable":true,"href":"https:\/\/arriendo.com\/co\/wp-json\/wp\/v2\/es_rent_periods?post=324721"},{"taxonomy":"es_label","embeddable":true,"href":"https:\/\/arriendo.com\/co\/wp-json\/wp\/v2\/es_labels?post=324721"},{"taxonomy":"es_status","embeddable":true,"href":"https:\/\/arriendo.com\/co\/wp-json\/wp\/v2\/es_statuses?post=324721"},{"taxonomy":"es_parking","embeddable":true,"href":"https:\/\/arriendo.com\/co\/wp-json\/wp\/v2\/es_parkings?post=324721"},{"taxonomy":"es_roof","embeddable":true,"href":"https:\/\/arriendo.com\/co\/wp-json\/wp\/v2\/es_roofs?post=324721"},{"taxonomy":"es_exterior_material","embeddable":true,"href":"https:\/\/arriendo.com\/co\/wp-json\/wp\/v2\/es_exterior_materials?post=324721"},{"taxonomy":"es_basement","embeddable":true,"href":"https:\/\/arriendo.com\/co\/wp-json\/wp\/v2\/es_basements?post=324721"},{"taxonomy":"es_floor_covering","embeddable":true,"href":"https:\/\/arriendo.com\/co\/wp-json\/wp\/v2\/es_floor_coverings?post=324721"},{"taxonomy":"es_feature","embeddable":true,"href":"https:\/\/arriendo.com\/co\/wp-json\/wp\/v2\/es_features?post=324721"},{"taxonomy":"es_amenity","embeddable":true,"href":"https:\/\/arriendo.com\/co\/wp-json\/wp\/v2\/es_amenities?post=324721"},{"taxonomy":"es_neighborhood","embeddable":true,"href":"https:\/\/arriendo.com\/co\/wp-json\/wp\/v2\/es_neighborhoods?post=324721"},{"taxonomy":"es_tag","embeddable":true,"href":"https:\/\/arriendo.com\/co\/wp-json\/wp\/v2\/es_tags?post=324721"}],"curies":[{"name":"wp","href":"https:\/\/api.w.org\/{rel}","templated":true}]}}

<p>En la frontera , se encuentra este elegante apartamento de 4 habitaciones que te invita a disfrutar de un estilo de vida único. Con 103 metros cuadrados de espacio, este hogar ofrece comodidad y amplitud para toda la familia. El baño impecable y el parqueadero privado y util, son solo algunas de las comodidades que este lugar tiene para ofrecer. Con una ubicación privilegiada y una distribución inteligente, este apartamento es el lugar perfecto para crear nuevos recuerdos. No pierdas la oportunidad de vivir en este espacio excepcional. Contáctanos para más información: Inmobiliaria Ramirez Londoño, Número 3107485037.</p>
