{"id":324644,"date":"2026-02-19T17:39:42","date_gmt":"2026-02-19T22:39:42","guid":{"rendered":"https:\/\/arriendo.com\/co\/%es_type%\/%address_city%\/%neighborhood%\/itagui-los-naranjos-local-en-arriendo-en-ecd102\/"},"modified":"2026-02-19T17:39:42","modified_gmt":"2026-02-19T22:39:42","slug":"AR-324644","status":"publish","type":"properties","link":"https:\/\/arriendo.com\/co\/locales\/itagui\/los-naranjos\/AR-324644\/","title":{"rendered":"Local en Arriendo en Los naranjos, Itagu\u00ed"},"content":{"rendered":"<p>Descubre este amplio local ubicado en Itag\u00fc\u00ed, con cercan\u00edas al parque, alcald\u00eda y hospital del sur. Con 267 metros cuadrados,10 KVA con protecci\u00f3n de 3&#215;50 amperios y altura de 3.50 metros; este inmueble cuenta con 1 ba\u00f1o y espacios vers\u00e1tiles que se adaptan a diversas necesidades comerciales. Su dise\u00f1o moderno y funcional lo convierten en la opci\u00f3n ideal para establecer tu negocio. No pierdas la oportunidad de invertir en este espacio \u00fanico. Para m\u00e1s informaci\u00f3n, contacta a Inmobiliaria Ramirez Londo\u00f1o al n\u00famero 3107485037. \u00a1Haz de este local el lugar perfecto para tu emprendimiento!<\/p>\n","protected":false},"excerpt":{"rendered":"Descubre este amplio local ubicado en Itag\u00fc\u00ed, con cercan\u00edas al...","protected":false},"author":7742,"featured_media":324647,"template":"","es_locations":[79,475,421],"es_categories":[124],"es_types":[117],"es_rent_periods":[],"es_labels":[],"es_statuses":[],"es_parkings":[],"es_roofs":[],"es_exterior_materials":[],"es_basements":[],"es_floor_coverings":[],"es_features":[2293,2302,2351,2136,144,2137,2152],"es_amenities":[2295,2303,2352,2143,2289,2144,2162],"es_neighborhoods":[],"es_tags":[],"class_list":["post-324644","properties","type-properties","status-publish","has-post-thumbnail","hentry","es_location-antioquia","es_location-itagui","es_location-los-naranjos","es_category-arriendo","es_type-locales","es_feature-cerca-centro-comercial","es_feature-cocineta","es_feature-piso-de-alta-resistencia","es_feature-trans-publico-cercano","es_feature-vista-panoramica","es_feature-zona-comercial","es_feature-zona-residencial","es_amenity-cerca-centro-comercial","es_amenity-cocineta","es_amenity-piso-de-alta-resistencia","es_amenity-trans-publico-cercano","es_amenity-vista-panoramica","es_amenity-zona-comercial","es_amenity-zona-residencial","es-post-entity"],"_links":{"self":[{"href":"https:\/\/arriendo.com\/co\/wp-json\/wp\/v2\/properties\/324644","targetHints":{"allow":["GET"]}}],"collection":[{"href":"https:\/\/arriendo.com\/co\/wp-json\/wp\/v2\/properties"}],"about":[{"href":"https:\/\/arriendo.com\/co\/wp-json\/wp\/v2\/types\/properties"}],"author":[{"embeddable":true,"href":"https:\/\/arriendo.com\/co\/wp-json\/wp\/v2\/users\/7742"}],"version-history":[{"count":0,"href":"https:\/\/arriendo.com\/co\/wp-json\/wp\/v2\/properties\/324644\/revisions"}],"wp:featuredmedia":[{"embeddable":true,"href":"https:\/\/arriendo.com\/co\/wp-json\/wp\/v2\/media\/324647"}],"wp:attachment":[{"href":"https:\/\/arriendo.com\/co\/wp-json\/wp\/v2\/media?parent=324644"}],"wp:term":[{"taxonomy":"es_location","embeddable":true,"href":"https:\/\/arriendo.com\/co\/wp-json\/wp\/v2\/es_locations?post=324644"},{"taxonomy":"es_category","embeddable":true,"href":"https:\/\/arriendo.com\/co\/wp-json\/wp\/v2\/es_categories?post=324644"},{"taxonomy":"es_type","embeddable":true,"href":"https:\/\/arriendo.com\/co\/wp-json\/wp\/v2\/es_types?post=324644"},{"taxonomy":"es_rent_period","embeddable":true,"href":"https:\/\/arriendo.com\/co\/wp-json\/wp\/v2\/es_rent_periods?post=324644"},{"taxonomy":"es_label","embeddable":true,"href":"https:\/\/arriendo.com\/co\/wp-json\/wp\/v2\/es_labels?post=324644"},{"taxonomy":"es_status","embeddable":true,"href":"https:\/\/arriendo.com\/co\/wp-json\/wp\/v2\/es_statuses?post=324644"},{"taxonomy":"es_parking","embeddable":true,"href":"https:\/\/arriendo.com\/co\/wp-json\/wp\/v2\/es_parkings?post=324644"},{"taxonomy":"es_roof","embeddable":true,"href":"https:\/\/arriendo.com\/co\/wp-json\/wp\/v2\/es_roofs?post=324644"},{"taxonomy":"es_exterior_material","embeddable":true,"href":"https:\/\/arriendo.com\/co\/wp-json\/wp\/v2\/es_exterior_materials?post=324644"},{"taxonomy":"es_basement","embeddable":true,"href":"https:\/\/arriendo.com\/co\/wp-json\/wp\/v2\/es_basements?post=324644"},{"taxonomy":"es_floor_covering","embeddable":true,"href":"https:\/\/arriendo.com\/co\/wp-json\/wp\/v2\/es_floor_coverings?post=324644"},{"taxonomy":"es_feature","embeddable":true,"href":"https:\/\/arriendo.com\/co\/wp-json\/wp\/v2\/es_features?post=324644"},{"taxonomy":"es_amenity","embeddable":true,"href":"https:\/\/arriendo.com\/co\/wp-json\/wp\/v2\/es_amenities?post=324644"},{"taxonomy":"es_neighborhood","embeddable":true,"href":"https:\/\/arriendo.com\/co\/wp-json\/wp\/v2\/es_neighborhoods?post=324644"},{"taxonomy":"es_tag","embeddable":true,"href":"https:\/\/arriendo.com\/co\/wp-json\/wp\/v2\/es_tags?post=324644"}],"curies":[{"name":"wp","href":"https:\/\/api.w.org\/{rel}","templated":true}]}}

Local en Arriendo en Los naranjos, Itaguí

<p>Descubre este amplio local ubicado en Itagüí, con cercanías al parque, alcaldía y hospital del sur. Con 267 metros cuadrados,10 KVA con protección de 3&#215;50 amperios y altura de 3.50 metros; este inmueble cuenta con 1 baño y espacios versátiles que se adaptan a diversas necesidades comerciales. Su diseño moderno y funcional lo convierten en la opción ideal para establecer tu negocio. No pierdas la oportunidad de invertir en este espacio único. Para más información, contacta a Inmobiliaria Ramirez Londoño al número 3107485037. ¡Haz de este local el lugar perfecto para tu emprendimiento!</p>

Descubre este amplio local ubicado en Itagüí, con cercanías al...
