{"id":324630,"date":"2026-02-19T17:39:31","date_gmt":"2026-02-19T22:39:31","guid":{"rendered":"https:\/\/arriendo.com\/co\/%es_type%\/%address_city%\/%neighborhood%\/envigado-el-esmeraldal-apartamento-en-arriendo-en-3d0da4\/"},"modified":"2026-02-19T17:39:31","modified_gmt":"2026-02-19T22:39:31","slug":"AR-324630","status":"publish","type":"properties","link":"https:\/\/arriendo.com\/co\/apartamentos\/envigado\/el-esmeraldal\/AR-324630\/","title":{"rendered":"Apartamento en arriendo en El esmeraldal, Envigado"},"content":{"rendered":"<p>Inmobiliaria Ramirez Londo\u00f1o ofrece Maravilloso apartamento\u00a0 con una sola torre. Proyecto rodeado por una reserva natural con quebrada.<br \/>\nHermosa vista y construcci\u00f3n tradicional con 4 a\u00f1os de construido. Acceso directo al parque La Guayacana donde encuentras clases gratis de toda variedad, eventos, etc, con 2 habitaciones 1er. Alcoba con closet y uso del ba\u00f1o social con ducha y con mueble lavamanos y cabinas de vidrio templado y 2da. Alcoba principal con vestier y ba\u00f1o privado con ducha y con mueble lavamanos , cabina de vidrio. 1 parqueadero cubierto. para mayor informaci\u00f3n cont\u00e1ctanos 3107485037<\/p>\n","protected":false},"excerpt":{"rendered":"Inmobiliaria Ramirez Londo\u00f1o ofrece Maravilloso apartamento\u00a0 con una sola torre....","protected":false},"author":7742,"featured_media":324633,"template":"","es_locations":[79,2344,511],"es_categories":[124],"es_types":[114],"es_rent_periods":[],"es_labels":[],"es_statuses":[],"es_parkings":[],"es_roofs":[],"es_exterior_materials":[],"es_basements":[],"es_floor_coverings":[],"es_features":[2168,131,132,2293,2166,2179,145,2180,2182,2167,2227,143,2136,144,2306,2184,2185,2152],"es_amenities":[2195,152,2186,2295,2189,154,2160,157,159,2171,2255,2290,2143,2289,2308,2172,2173,2162],"es_neighborhoods":[],"es_tags":[],"class_list":["post-324630","properties","type-properties","status-publish","has-post-thumbnail","hentry","es_location-antioquia","es_location-el-esmeraldal","es_location-envigado","es_category-arriendo","es_type-apartamentos","es_feature-area-urbana","es_feature-ascensor","es_feature-balcon","es_feature-cerca-centro-comercial","es_feature-closet","es_feature-gimnasio","es_feature-instalacion-de-gas","es_feature-piscina","es_feature-salon-comunal","es_feature-sauna-turco-jacuzzi","es_feature-shut-de-basura","es_feature-terraza","es_feature-trans-publico-cercano","es_feature-vista-panoramica","es_feature-zona-campestre","es_feature-zona-de-bbq","es_feature-zona-infantil","es_feature-zona-residencial","es_amenity-area-urbana","es_amenity-ascensor-privado","es_amenity-balcon","es_amenity-cerca-centro-comercial","es_amenity-closet","es_amenity-gimnasio","es_amenity-instalacion-de-gas","es_amenity-piscina","es_amenity-salon-comunal","es_amenity-sauna-turco-jacuzzi","es_amenity-shut-de-basura","es_amenity-terraza","es_amenity-trans-publico-cercano","es_amenity-vista-panoramica","es_amenity-zona-campestre","es_amenity-zona-de-bbq","es_amenity-zona-infantil","es_amenity-zona-residencial","es-post-entity"],"_links":{"self":[{"href":"https:\/\/arriendo.com\/co\/wp-json\/wp\/v2\/properties\/324630","targetHints":{"allow":["GET"]}}],"collection":[{"href":"https:\/\/arriendo.com\/co\/wp-json\/wp\/v2\/properties"}],"about":[{"href":"https:\/\/arriendo.com\/co\/wp-json\/wp\/v2\/types\/properties"}],"author":[{"embeddable":true,"href":"https:\/\/arriendo.com\/co\/wp-json\/wp\/v2\/users\/7742"}],"version-history":[{"count":0,"href":"https:\/\/arriendo.com\/co\/wp-json\/wp\/v2\/properties\/324630\/revisions"}],"wp:featuredmedia":[{"embeddable":true,"href":"https:\/\/arriendo.com\/co\/wp-json\/wp\/v2\/media\/324633"}],"wp:attachment":[{"href":"https:\/\/arriendo.com\/co\/wp-json\/wp\/v2\/media?parent=324630"}],"wp:term":[{"taxonomy":"es_location","embeddable":true,"href":"https:\/\/arriendo.com\/co\/wp-json\/wp\/v2\/es_locations?post=324630"},{"taxonomy":"es_category","embeddable":true,"href":"https:\/\/arriendo.com\/co\/wp-json\/wp\/v2\/es_categories?post=324630"},{"taxonomy":"es_type","embeddable":true,"href":"https:\/\/arriendo.com\/co\/wp-json\/wp\/v2\/es_types?post=324630"},{"taxonomy":"es_rent_period","embeddable":true,"href":"https:\/\/arriendo.com\/co\/wp-json\/wp\/v2\/es_rent_periods?post=324630"},{"taxonomy":"es_label","embeddable":true,"href":"https:\/\/arriendo.com\/co\/wp-json\/wp\/v2\/es_labels?post=324630"},{"taxonomy":"es_status","embeddable":true,"href":"https:\/\/arriendo.com\/co\/wp-json\/wp\/v2\/es_statuses?post=324630"},{"taxonomy":"es_parking","embeddable":true,"href":"https:\/\/arriendo.com\/co\/wp-json\/wp\/v2\/es_parkings?post=324630"},{"taxonomy":"es_roof","embeddable":true,"href":"https:\/\/arriendo.com\/co\/wp-json\/wp\/v2\/es_roofs?post=324630"},{"taxonomy":"es_exterior_material","embeddable":true,"href":"https:\/\/arriendo.com\/co\/wp-json\/wp\/v2\/es_exterior_materials?post=324630"},{"taxonomy":"es_basement","embeddable":true,"href":"https:\/\/arriendo.com\/co\/wp-json\/wp\/v2\/es_basements?post=324630"},{"taxonomy":"es_floor_covering","embeddable":true,"href":"https:\/\/arriendo.com\/co\/wp-json\/wp\/v2\/es_floor_coverings?post=324630"},{"taxonomy":"es_feature","embeddable":true,"href":"https:\/\/arriendo.com\/co\/wp-json\/wp\/v2\/es_features?post=324630"},{"taxonomy":"es_amenity","embeddable":true,"href":"https:\/\/arriendo.com\/co\/wp-json\/wp\/v2\/es_amenities?post=324630"},{"taxonomy":"es_neighborhood","embeddable":true,"href":"https:\/\/arriendo.com\/co\/wp-json\/wp\/v2\/es_neighborhoods?post=324630"},{"taxonomy":"es_tag","embeddable":true,"href":"https:\/\/arriendo.com\/co\/wp-json\/wp\/v2\/es_tags?post=324630"}],"curies":[{"name":"wp","href":"https:\/\/api.w.org\/{rel}","templated":true}]}}

<p>Inmobiliaria Ramirez Londoño ofrece Maravilloso apartamento  con una sola torre. Proyecto rodeado por una reserva natural con quebrada.<br />
Hermosa vista y construcción tradicional con 4 años de construido. Acceso directo al parque La Guayacana donde encuentras clases gratis de toda variedad, eventos, etc, con 2 habitaciones 1er. Alcoba con closet y uso del baño social con ducha y con mueble lavamanos y cabinas de vidrio templado y 2da. Alcoba principal con vestier y baño privado con ducha y con mueble lavamanos , cabina de vidrio. 1 parqueadero cubierto. para mayor información contáctanos 3107485037</p>

Inmobiliaria Ramirez Londoño ofrece Maravilloso apartamento  con una sola torre....
