{"id":323480,"date":"2026-02-19T17:20:30","date_gmt":"2026-02-19T22:20:30","guid":{"rendered":"https:\/\/arriendo.com\/co\/%es_type%\/%address_city%\/%neighborhood%\/funza-ub-prados-de-san-andres-edificio-en-arriendo-en-e6f542\/"},"modified":"2026-02-19T17:20:30","modified_gmt":"2026-02-19T22:20:30","slug":"AR-323480","status":"publish","type":"properties","link":"https:\/\/arriendo.com\/co\/edificios\/funza\/ub-prados-de-san-andres\/AR-323480\/","title":{"rendered":"Edificio en arriendo en Ub. prados de san andres, Funza"},"content":{"rendered":"<p>Edificio de dos niveles un salon por cada nivel, oficinas y recepcio, dos baterias de ba\u00f1os , una por nivel, pario y p\u00e1rque de ni\u00f1os, uso instirucional. area lote 884 m21, area construida 1.213 m2.<br \/>\nApto para jardines infantiles, colegio, salon de eventos, fundaciones. servivios de energia, acueducto y gas natural. Disponible en venta o Arrendamiento. Precio en arrendamiento $ 17.000.000<\/p>\n","protected":false},"excerpt":{"rendered":"Edificio de dos niveles un salon por cada nivel, oficinas...","protected":false},"author":6894,"featured_media":323483,"template":"","es_locations":[91,547,3397],"es_categories":[124],"es_types":[122],"es_rent_periods":[],"es_labels":[],"es_statuses":[],"es_parkings":[],"es_roofs":[],"es_exterior_materials":[],"es_basements":[],"es_floor_coverings":[],"es_features":[],"es_amenities":[],"es_neighborhoods":[],"es_tags":[],"class_list":["post-323480","properties","type-properties","status-publish","has-post-thumbnail","hentry","es_location-cundinamarca","es_location-funza","es_location-ub-prados-de-san-andres","es_category-arriendo","es_type-edificios","es-post-entity"],"_links":{"self":[{"href":"https:\/\/arriendo.com\/co\/wp-json\/wp\/v2\/properties\/323480","targetHints":{"allow":["GET"]}}],"collection":[{"href":"https:\/\/arriendo.com\/co\/wp-json\/wp\/v2\/properties"}],"about":[{"href":"https:\/\/arriendo.com\/co\/wp-json\/wp\/v2\/types\/properties"}],"author":[{"embeddable":true,"href":"https:\/\/arriendo.com\/co\/wp-json\/wp\/v2\/users\/6894"}],"version-history":[{"count":0,"href":"https:\/\/arriendo.com\/co\/wp-json\/wp\/v2\/properties\/323480\/revisions"}],"wp:featuredmedia":[{"embeddable":true,"href":"https:\/\/arriendo.com\/co\/wp-json\/wp\/v2\/media\/323483"}],"wp:attachment":[{"href":"https:\/\/arriendo.com\/co\/wp-json\/wp\/v2\/media?parent=323480"}],"wp:term":[{"taxonomy":"es_location","embeddable":true,"href":"https:\/\/arriendo.com\/co\/wp-json\/wp\/v2\/es_locations?post=323480"},{"taxonomy":"es_category","embeddable":true,"href":"https:\/\/arriendo.com\/co\/wp-json\/wp\/v2\/es_categories?post=323480"},{"taxonomy":"es_type","embeddable":true,"href":"https:\/\/arriendo.com\/co\/wp-json\/wp\/v2\/es_types?post=323480"},{"taxonomy":"es_rent_period","embeddable":true,"href":"https:\/\/arriendo.com\/co\/wp-json\/wp\/v2\/es_rent_periods?post=323480"},{"taxonomy":"es_label","embeddable":true,"href":"https:\/\/arriendo.com\/co\/wp-json\/wp\/v2\/es_labels?post=323480"},{"taxonomy":"es_status","embeddable":true,"href":"https:\/\/arriendo.com\/co\/wp-json\/wp\/v2\/es_statuses?post=323480"},{"taxonomy":"es_parking","embeddable":true,"href":"https:\/\/arriendo.com\/co\/wp-json\/wp\/v2\/es_parkings?post=323480"},{"taxonomy":"es_roof","embeddable":true,"href":"https:\/\/arriendo.com\/co\/wp-json\/wp\/v2\/es_roofs?post=323480"},{"taxonomy":"es_exterior_material","embeddable":true,"href":"https:\/\/arriendo.com\/co\/wp-json\/wp\/v2\/es_exterior_materials?post=323480"},{"taxonomy":"es_basement","embeddable":true,"href":"https:\/\/arriendo.com\/co\/wp-json\/wp\/v2\/es_basements?post=323480"},{"taxonomy":"es_floor_covering","embeddable":true,"href":"https:\/\/arriendo.com\/co\/wp-json\/wp\/v2\/es_floor_coverings?post=323480"},{"taxonomy":"es_feature","embeddable":true,"href":"https:\/\/arriendo.com\/co\/wp-json\/wp\/v2\/es_features?post=323480"},{"taxonomy":"es_amenity","embeddable":true,"href":"https:\/\/arriendo.com\/co\/wp-json\/wp\/v2\/es_amenities?post=323480"},{"taxonomy":"es_neighborhood","embeddable":true,"href":"https:\/\/arriendo.com\/co\/wp-json\/wp\/v2\/es_neighborhoods?post=323480"},{"taxonomy":"es_tag","embeddable":true,"href":"https:\/\/arriendo.com\/co\/wp-json\/wp\/v2\/es_tags?post=323480"}],"curies":[{"name":"wp","href":"https:\/\/api.w.org\/{rel}","templated":true}]}}

<p>Edificio de dos niveles un salon por cada nivel, oficinas y recepcio, dos baterias de baños , una por nivel, pario y párque de niños, uso instirucional. area lote 884 m21, area construida 1.213 m2.<br />
Apto para jardines infantiles, colegio, salon de eventos, fundaciones. servivios de energia, acueducto y gas natural. Disponible en venta o Arrendamiento. Precio en arrendamiento $ 17.000.000</p>
