{"id":323071,"date":"2026-02-19T17:12:48","date_gmt":"2026-02-19T22:12:48","guid":{"rendered":"https:\/\/arriendo.com\/co\/%es_type%\/%address_city%\/%neighborhood%\/itagui-itagui-apartamento-en-arriendo-en-09ea7d\/"},"modified":"2026-02-19T17:12:48","modified_gmt":"2026-02-19T22:12:48","slug":"AR-323071","status":"publish","type":"properties","link":"https:\/\/arriendo.com\/co\/apartamentos\/itagui\/itagui\/AR-323071\/","title":{"rendered":"Apartamento en Arriendo en Itagu\u00ed"},"content":{"rendered":"<p>? Apartamento en Renta \u2013 Itag\u00fc\u00ed, San Gabriel (Primer Piso)<br \/>\nApartamento de 70 m\u00b2, cuenta con:<\/p>\n<p> 2 alcobas<\/p>\n<p> 1 ba\u00f1o<\/p>\n<p> Cocina integral<\/p>\n<p> Patio<\/p>\n<p>Excelente ubicaci\u00f3n, cerca a todo: colegios, centros comerciales, tiendas y con f\u00e1cil acceso a transporte p\u00fablico (rutas hacia La Estrella, San Antonio y Prado, alimentadores del metro).<\/p>\n<p>? Informes: 324 351 8103<\/p>\n","protected":false},"excerpt":{"rendered":"? Apartamento en Renta \u2013 Itag\u00fc\u00ed, San Gabriel (Primer Piso)...","protected":false},"author":4102,"featured_media":323074,"template":"","es_locations":[79,475],"es_categories":[124],"es_types":[114],"es_rent_periods":[],"es_labels":[],"es_statuses":[],"es_parkings":[],"es_roofs":[],"es_exterior_materials":[],"es_basements":[],"es_floor_coverings":[],"es_features":[],"es_amenities":[],"es_neighborhoods":[],"es_tags":[],"class_list":["post-323071","properties","type-properties","status-publish","has-post-thumbnail","hentry","es_location-antioquia","es_location-itagui","es_category-arriendo","es_type-apartamentos","es-post-entity"],"_links":{"self":[{"href":"https:\/\/arriendo.com\/co\/wp-json\/wp\/v2\/properties\/323071","targetHints":{"allow":["GET"]}}],"collection":[{"href":"https:\/\/arriendo.com\/co\/wp-json\/wp\/v2\/properties"}],"about":[{"href":"https:\/\/arriendo.com\/co\/wp-json\/wp\/v2\/types\/properties"}],"author":[{"embeddable":true,"href":"https:\/\/arriendo.com\/co\/wp-json\/wp\/v2\/users\/4102"}],"version-history":[{"count":0,"href":"https:\/\/arriendo.com\/co\/wp-json\/wp\/v2\/properties\/323071\/revisions"}],"wp:featuredmedia":[{"embeddable":true,"href":"https:\/\/arriendo.com\/co\/wp-json\/wp\/v2\/media\/323074"}],"wp:attachment":[{"href":"https:\/\/arriendo.com\/co\/wp-json\/wp\/v2\/media?parent=323071"}],"wp:term":[{"taxonomy":"es_location","embeddable":true,"href":"https:\/\/arriendo.com\/co\/wp-json\/wp\/v2\/es_locations?post=323071"},{"taxonomy":"es_category","embeddable":true,"href":"https:\/\/arriendo.com\/co\/wp-json\/wp\/v2\/es_categories?post=323071"},{"taxonomy":"es_type","embeddable":true,"href":"https:\/\/arriendo.com\/co\/wp-json\/wp\/v2\/es_types?post=323071"},{"taxonomy":"es_rent_period","embeddable":true,"href":"https:\/\/arriendo.com\/co\/wp-json\/wp\/v2\/es_rent_periods?post=323071"},{"taxonomy":"es_label","embeddable":true,"href":"https:\/\/arriendo.com\/co\/wp-json\/wp\/v2\/es_labels?post=323071"},{"taxonomy":"es_status","embeddable":true,"href":"https:\/\/arriendo.com\/co\/wp-json\/wp\/v2\/es_statuses?post=323071"},{"taxonomy":"es_parking","embeddable":true,"href":"https:\/\/arriendo.com\/co\/wp-json\/wp\/v2\/es_parkings?post=323071"},{"taxonomy":"es_roof","embeddable":true,"href":"https:\/\/arriendo.com\/co\/wp-json\/wp\/v2\/es_roofs?post=323071"},{"taxonomy":"es_exterior_material","embeddable":true,"href":"https:\/\/arriendo.com\/co\/wp-json\/wp\/v2\/es_exterior_materials?post=323071"},{"taxonomy":"es_basement","embeddable":true,"href":"https:\/\/arriendo.com\/co\/wp-json\/wp\/v2\/es_basements?post=323071"},{"taxonomy":"es_floor_covering","embeddable":true,"href":"https:\/\/arriendo.com\/co\/wp-json\/wp\/v2\/es_floor_coverings?post=323071"},{"taxonomy":"es_feature","embeddable":true,"href":"https:\/\/arriendo.com\/co\/wp-json\/wp\/v2\/es_features?post=323071"},{"taxonomy":"es_amenity","embeddable":true,"href":"https:\/\/arriendo.com\/co\/wp-json\/wp\/v2\/es_amenities?post=323071"},{"taxonomy":"es_neighborhood","embeddable":true,"href":"https:\/\/arriendo.com\/co\/wp-json\/wp\/v2\/es_neighborhoods?post=323071"},{"taxonomy":"es_tag","embeddable":true,"href":"https:\/\/arriendo.com\/co\/wp-json\/wp\/v2\/es_tags?post=323071"}],"curies":[{"name":"wp","href":"https:\/\/api.w.org\/{rel}","templated":true}]}}

Apartamento en Arriendo en Itaguí

<p>? Apartamento en Renta – Itagüí, San Gabriel (Primer Piso)<br />
Apartamento de 70 m², cuenta con:</p>
<p> 2 alcobas</p>
<p> 1 baño</p>
<p> Cocina integral</p>
<p> Patio</p>
<p>Excelente ubicación, cerca a todo: colegios, centros comerciales, tiendas y con fácil acceso a transporte público (rutas hacia La Estrella, San Antonio y Prado, alimentadores del metro).</p>
<p>? Informes: 324 351 8103</p>

? Apartamento en Renta – Itagüí, San Gabriel (Primer Piso)...
