{"id":323055,"date":"2026-02-19T17:12:34","date_gmt":"2026-02-19T22:12:34","guid":{"rendered":"https:\/\/arriendo.com\/co\/%es_type%\/%address_city%\/%neighborhood%\/la-ceja-la-ceja-apartamento-en-arriendo-en-2b2586\/"},"modified":"2026-02-19T17:12:34","modified_gmt":"2026-02-19T22:12:34","slug":"AR-323055","status":"publish","type":"properties","link":"https:\/\/arriendo.com\/co\/apartamentos\/la-ceja\/la-ceja\/AR-323055\/","title":{"rendered":"Apartamento en Arriendo en La ceja"},"content":{"rendered":"<p>Este apartamento para alquiler se encuentra ubicado en La Ceja, Antioquia, una de las zonas m\u00e1s exclusivas y codiciadas de la ciudad. Con un \u00e1rea total de 60 M2, este inmueble te ofrece un espacio perfecto para vivir c\u00f3moda y tranquilamente.<\/p>\n<p>Con una distribuci\u00f3n inteligente y una arquitectura moderna, este apartamento cuenta con un \u00e1rea construida de 60 M2, la cual se divide en una amplia sala de estar, una cocina integral completa y funcional, 2 acogedoras alcobas y 2 ba\u00f1os completos. La alcoba principal cuenta con ba\u00f1o en suite, ideal para brindarte privacidad y comodidad.<\/p>\n<p>Si eres amante de los animales, este lugar es perfecto para ti ya que admite mascotas, por lo que no tendr\u00e1s que despedirte de tu fiel compa\u00f1ero al momento de mudarte. Adem\u00e1s, el ba\u00f1o auxiliar es ideal para tus visitas y para mantener el orden y la higiene en tu hogar.<\/p>\n<p>El apartamento tambi\u00e9n cuenta con calentador y extractor, para brindarte comodidad en tu d\u00eda a d\u00eda. Los cl\u00f3sets empotrados te ofrecen amplio espacio de almacenamiento y organizaci\u00f3n. Y el suelo de cer\u00e1mica o m\u00e1rmol, adem\u00e1s de ser elegante, es ideal para mantener una f\u00e1cil limpieza y durabilidad.<\/p>\n<p>Adem\u00e1s, podr\u00e1s disfrutar de un sistema de cit\u00f3fono\/intercomunicador para tu seguridad y la de tu familia. Sin duda, este es el lugar perfecto para vivir en La Ceja, con una ubicaci\u00f3n privilegiada y con todas las comodidades que buscas en un hogar. \u00a1No pierdas la oportunidad de conocerlo! Cont\u00e1ctanos para m\u00e1s informaci\u00c3<\/p>\n","protected":false},"excerpt":{"rendered":"Este apartamento para alquiler se encuentra ubicado en La Ceja,...","protected":false},"author":4102,"featured_media":323058,"template":"","es_locations":[79,634],"es_categories":[124],"es_types":[114],"es_rent_periods":[],"es_labels":[],"es_statuses":[],"es_parkings":[],"es_roofs":[],"es_exterior_materials":[],"es_basements":[],"es_floor_coverings":[],"es_features":[2292,2212,2164,2145,133,2166,2146,2148,2216,2272,2150,2136,2152],"es_amenities":[2294,2217,2187,2153,2154,2189,2155,2157,156,2273,2161,2143,2162],"es_neighborhoods":[],"es_tags":[],"class_list":["post-323055","properties","type-properties","status-publish","has-post-thumbnail","hentry","es_location-antioquia","es_location-la-ceja","es_category-arriendo","es_type-apartamentos","es_feature-acceso-pavimentado","es_feature-bano-auxiliar","es_feature-bano-independiente","es_feature-calentador","es_feature-citofono","es_feature-closet","es_feature-cocina-integral","es_feature-colegios-universidades","es_feature-parqueadero-visitantes","es_feature-piso-en-baldosa-marmol","es_feature-supermercados-c-comerciales","es_feature-trans-publico-cercano","es_feature-zona-residencial","es_amenity-acceso-pavimentado","es_amenity-bano-auxiliar","es_amenity-bano-independiente","es_amenity-calentador","es_amenity-citofono","es_amenity-closet","es_amenity-cocina-integral","es_amenity-colegios-universidades","es_amenity-parqueadero-visitantes","es_amenity-piso-en-baldosa-marmol","es_amenity-supermercados-c-comerciales","es_amenity-trans-publico-cercano","es_amenity-zona-residencial","es-post-entity"],"_links":{"self":[{"href":"https:\/\/arriendo.com\/co\/wp-json\/wp\/v2\/properties\/323055","targetHints":{"allow":["GET"]}}],"collection":[{"href":"https:\/\/arriendo.com\/co\/wp-json\/wp\/v2\/properties"}],"about":[{"href":"https:\/\/arriendo.com\/co\/wp-json\/wp\/v2\/types\/properties"}],"author":[{"embeddable":true,"href":"https:\/\/arriendo.com\/co\/wp-json\/wp\/v2\/users\/4102"}],"version-history":[{"count":0,"href":"https:\/\/arriendo.com\/co\/wp-json\/wp\/v2\/properties\/323055\/revisions"}],"wp:featuredmedia":[{"embeddable":true,"href":"https:\/\/arriendo.com\/co\/wp-json\/wp\/v2\/media\/323058"}],"wp:attachment":[{"href":"https:\/\/arriendo.com\/co\/wp-json\/wp\/v2\/media?parent=323055"}],"wp:term":[{"taxonomy":"es_location","embeddable":true,"href":"https:\/\/arriendo.com\/co\/wp-json\/wp\/v2\/es_locations?post=323055"},{"taxonomy":"es_category","embeddable":true,"href":"https:\/\/arriendo.com\/co\/wp-json\/wp\/v2\/es_categories?post=323055"},{"taxonomy":"es_type","embeddable":true,"href":"https:\/\/arriendo.com\/co\/wp-json\/wp\/v2\/es_types?post=323055"},{"taxonomy":"es_rent_period","embeddable":true,"href":"https:\/\/arriendo.com\/co\/wp-json\/wp\/v2\/es_rent_periods?post=323055"},{"taxonomy":"es_label","embeddable":true,"href":"https:\/\/arriendo.com\/co\/wp-json\/wp\/v2\/es_labels?post=323055"},{"taxonomy":"es_status","embeddable":true,"href":"https:\/\/arriendo.com\/co\/wp-json\/wp\/v2\/es_statuses?post=323055"},{"taxonomy":"es_parking","embeddable":true,"href":"https:\/\/arriendo.com\/co\/wp-json\/wp\/v2\/es_parkings?post=323055"},{"taxonomy":"es_roof","embeddable":true,"href":"https:\/\/arriendo.com\/co\/wp-json\/wp\/v2\/es_roofs?post=323055"},{"taxonomy":"es_exterior_material","embeddable":true,"href":"https:\/\/arriendo.com\/co\/wp-json\/wp\/v2\/es_exterior_materials?post=323055"},{"taxonomy":"es_basement","embeddable":true,"href":"https:\/\/arriendo.com\/co\/wp-json\/wp\/v2\/es_basements?post=323055"},{"taxonomy":"es_floor_covering","embeddable":true,"href":"https:\/\/arriendo.com\/co\/wp-json\/wp\/v2\/es_floor_coverings?post=323055"},{"taxonomy":"es_feature","embeddable":true,"href":"https:\/\/arriendo.com\/co\/wp-json\/wp\/v2\/es_features?post=323055"},{"taxonomy":"es_amenity","embeddable":true,"href":"https:\/\/arriendo.com\/co\/wp-json\/wp\/v2\/es_amenities?post=323055"},{"taxonomy":"es_neighborhood","embeddable":true,"href":"https:\/\/arriendo.com\/co\/wp-json\/wp\/v2\/es_neighborhoods?post=323055"},{"taxonomy":"es_tag","embeddable":true,"href":"https:\/\/arriendo.com\/co\/wp-json\/wp\/v2\/es_tags?post=323055"}],"curies":[{"name":"wp","href":"https:\/\/api.w.org\/{rel}","templated":true}]}}

<p>Este apartamento para alquiler se encuentra ubicado en La Ceja, Antioquia, una de las zonas más exclusivas y codiciadas de la ciudad. Con un área total de 60 M2, este inmueble te ofrece un espacio perfecto para vivir cómoda y tranquilamente.</p>
<p>Con una distribución inteligente y una arquitectura moderna, este apartamento cuenta con un área construida de 60 M2, la cual se divide en una amplia sala de estar, una cocina integral completa y funcional, 2 acogedoras alcobas y 2 baños completos. La alcoba principal cuenta con baño en suite, ideal para brindarte privacidad y comodidad.</p>
<p>Si eres amante de los animales, este lugar es perfecto para ti ya que admite mascotas, por lo que no tendrás que despedirte de tu fiel compañero al momento de mudarte. Además, el baño auxiliar es ideal para tus visitas y para mantener el orden y la higiene en tu hogar.</p>
<p>El apartamento también cuenta con calentador y extractor, para brindarte comodidad en tu día a día. Los clósets empotrados te ofrecen amplio espacio de almacenamiento y organización. Y el suelo de cerámica o mármol, además de ser elegante, es ideal para mantener una fácil limpieza y durabilidad.</p>
<p>Además, podrás disfrutar de un sistema de citófono/intercomunicador para tu seguridad y la de tu familia. Sin duda, este es el lugar perfecto para vivir en La Ceja, con una ubicación privilegiada y con todas las comodidades que buscas en un hogar. ¡No pierdas la oportunidad de conocerlo! Contáctanos para más informaciÃ</p>
