{"id":322016,"date":"2026-02-19T16:52:57","date_gmt":"2026-02-19T21:52:57","guid":{"rendered":"https:\/\/arriendo.com\/co\/%es_type%\/%address_city%\/%neighborhood%\/envigado-la-abadia-apartamento-en-arriendo-en-9e8e26\/"},"modified":"2026-02-19T16:52:58","modified_gmt":"2026-02-19T21:52:58","slug":"AR-322016","status":"publish","type":"properties","link":"https:\/\/arriendo.com\/co\/apartamentos\/envigado\/la-abadia\/AR-322016\/","title":{"rendered":"Apartamento en Arriendo en La abadia, Envigado"},"content":{"rendered":"<p>Descubra la comodidad y el estilo de vida que le ofrece este magn\u00edfico apartamento en arriendo, ubicado en el exclusivo sector de La Abad\u00eda, Envigado. Con 80 m\u00b2 inteligentemente distribuidos, este hogar es perfecto para quienes buscan funcionalidad y bienestar.<\/p>\n<p>El apartamento cuenta con tres luminosas alcobas, destacando la principal por su generoso espacio, ba\u00f1o privado y un pr\u00e1ctico vestier. Adicionalmente, dispone de un ba\u00f1o social completo, una amplia sala-comedor ideal para el entretenimiento, y un encantador balc\u00f3n que invita a disfrutar de momentos de tranquilidad. La moderna cocina integral, equipada para satisfacer todas sus necesidades culinarias, se complementa con una funcional zona de ropas.<\/p>\n<p>Pensando en su conveniencia, el inmueble incluye un parqueadero privado y un cuarto \u00fatil, ofreciendo soluciones de almacenamiento adicionales.<\/p>\n<p>Las zonas comunes de la unidad residencial son un verdadero oasis de bienestar: disfrute de la tranquilidad y seguridad con porter\u00eda 24\/7, mant\u00e9ngase activo en el gimnasio completamente dotado, celebre eventos especiales en el sal\u00f3n social, y permita que los m\u00e1s peque\u00f1os se diviertan en los juegos infantiles y amplias zonas verdes.<\/p>\n<p>La ubicaci\u00f3n es inmejorable: a pocos pasos encontrar\u00e1 supermercados, prestigiosos centros comerciales y reconocidos colegios, facilitando su d\u00eda a d\u00eda. Adem\u00e1s, cuenta con excelentes opciones de transporte p\u00fablico que conectan con toda la ciudad.<\/p>\n<p>No pierda la oportunidad de vivir en este excepcional apartamento que combina ubicaci\u00f3n privilegiada, excelentes acabados y completas zonas comunes. \u00a1Su nuevo hogar le espera!<\/p>\n<p>Cont\u00e1ctenos hoy mismo para agendar una visita: *** &#8211; *** &#8211; ***. Tambi\u00e9n puede escribirnos a laura@londonoyjaramillo.com o visitar nuestra p\u00e1gina web www.londonoyjaramillo.com para m\u00e1s detalles.<\/p>\n","protected":false},"excerpt":{"rendered":"Descubra la comodidad y el estilo de vida que le...","protected":false},"author":8037,"featured_media":322019,"template":"","es_locations":[79,511,3078],"es_categories":[124],"es_types":[114],"es_rent_periods":[],"es_labels":[],"es_statuses":[],"es_parkings":[],"es_roofs":[],"es_exterior_materials":[],"es_basements":[],"es_floor_coverings":[],"es_features":[131,132,2212,2165,2145,2146,2148,2196,2149,2179,145,2216,2132,2133,2182,2183,2150,2136,144,2151,2185,2152,2204],"es_amenities":[152,2186,2217,2188,2153,2155,2157,2197,2159,154,2160,156,2140,158,159,2170,2161,2143,2289,162,2173,2162,2209],"es_neighborhoods":[],"es_tags":[],"class_list":["post-322016","properties","type-properties","status-publish","has-post-thumbnail","hentry","es_location-antioquia","es_location-envigado","es_location-la-abadia","es_category-arriendo","es_type-apartamentos","es_feature-ascensor","es_feature-balcon","es_feature-bano-auxiliar","es_feature-caldera","es_feature-calentador","es_feature-cocina-integral","es_feature-colegios-universidades","es_feature-en-conjunto-cerrado","es_feature-garajes","es_feature-gimnasio","es_feature-instalacion-de-gas","es_feature-parqueadero-visitantes","es_feature-parques-cercanos","es_feature-porteria-recepcion","es_feature-salon-comunal","es_feature-salon-de-juegos","es_feature-supermercados-c-comerciales","es_feature-trans-publico-cercano","es_feature-vista-panoramica","es_feature-zona-de-lavanderia","es_feature-zona-infantil","es_feature-zona-residencial","es_feature-zonas-verdes","es_amenity-ascensor-privado","es_amenity-balcon","es_amenity-bano-auxiliar","es_amenity-caldera","es_amenity-calentador","es_amenity-cocina-integral","es_amenity-colegios-universidades","es_amenity-en-conjunto-cerrado","es_amenity-garajes","es_amenity-gimnasio","es_amenity-instalacion-de-gas","es_amenity-parqueadero-visitantes","es_amenity-parques-cercanos","es_amenity-porteria-recepcion","es_amenity-salon-comunal","es_amenity-salon-de-juegos","es_amenity-supermercados-c-comerciales","es_amenity-trans-publico-cercano","es_amenity-vista-panoramica","es_amenity-zona-de-lavanderia","es_amenity-zona-infantil","es_amenity-zona-residencial","es_amenity-zonas-verdes","es-post-entity"],"_links":{"self":[{"href":"https:\/\/arriendo.com\/co\/wp-json\/wp\/v2\/properties\/322016","targetHints":{"allow":["GET"]}}],"collection":[{"href":"https:\/\/arriendo.com\/co\/wp-json\/wp\/v2\/properties"}],"about":[{"href":"https:\/\/arriendo.com\/co\/wp-json\/wp\/v2\/types\/properties"}],"author":[{"embeddable":true,"href":"https:\/\/arriendo.com\/co\/wp-json\/wp\/v2\/users\/8037"}],"version-history":[{"count":0,"href":"https:\/\/arriendo.com\/co\/wp-json\/wp\/v2\/properties\/322016\/revisions"}],"wp:featuredmedia":[{"embeddable":true,"href":"https:\/\/arriendo.com\/co\/wp-json\/wp\/v2\/media\/322019"}],"wp:attachment":[{"href":"https:\/\/arriendo.com\/co\/wp-json\/wp\/v2\/media?parent=322016"}],"wp:term":[{"taxonomy":"es_location","embeddable":true,"href":"https:\/\/arriendo.com\/co\/wp-json\/wp\/v2\/es_locations?post=322016"},{"taxonomy":"es_category","embeddable":true,"href":"https:\/\/arriendo.com\/co\/wp-json\/wp\/v2\/es_categories?post=322016"},{"taxonomy":"es_type","embeddable":true,"href":"https:\/\/arriendo.com\/co\/wp-json\/wp\/v2\/es_types?post=322016"},{"taxonomy":"es_rent_period","embeddable":true,"href":"https:\/\/arriendo.com\/co\/wp-json\/wp\/v2\/es_rent_periods?post=322016"},{"taxonomy":"es_label","embeddable":true,"href":"https:\/\/arriendo.com\/co\/wp-json\/wp\/v2\/es_labels?post=322016"},{"taxonomy":"es_status","embeddable":true,"href":"https:\/\/arriendo.com\/co\/wp-json\/wp\/v2\/es_statuses?post=322016"},{"taxonomy":"es_parking","embeddable":true,"href":"https:\/\/arriendo.com\/co\/wp-json\/wp\/v2\/es_parkings?post=322016"},{"taxonomy":"es_roof","embeddable":true,"href":"https:\/\/arriendo.com\/co\/wp-json\/wp\/v2\/es_roofs?post=322016"},{"taxonomy":"es_exterior_material","embeddable":true,"href":"https:\/\/arriendo.com\/co\/wp-json\/wp\/v2\/es_exterior_materials?post=322016"},{"taxonomy":"es_basement","embeddable":true,"href":"https:\/\/arriendo.com\/co\/wp-json\/wp\/v2\/es_basements?post=322016"},{"taxonomy":"es_floor_covering","embeddable":true,"href":"https:\/\/arriendo.com\/co\/wp-json\/wp\/v2\/es_floor_coverings?post=322016"},{"taxonomy":"es_feature","embeddable":true,"href":"https:\/\/arriendo.com\/co\/wp-json\/wp\/v2\/es_features?post=322016"},{"taxonomy":"es_amenity","embeddable":true,"href":"https:\/\/arriendo.com\/co\/wp-json\/wp\/v2\/es_amenities?post=322016"},{"taxonomy":"es_neighborhood","embeddable":true,"href":"https:\/\/arriendo.com\/co\/wp-json\/wp\/v2\/es_neighborhoods?post=322016"},{"taxonomy":"es_tag","embeddable":true,"href":"https:\/\/arriendo.com\/co\/wp-json\/wp\/v2\/es_tags?post=322016"}],"curies":[{"name":"wp","href":"https:\/\/api.w.org\/{rel}","templated":true}]}}

<p>Descubra la comodidad y el estilo de vida que le ofrece este magnífico apartamento en arriendo, ubicado en el exclusivo sector de La Abadía, Envigado. Con 80 m² inteligentemente distribuidos, este hogar es perfecto para quienes buscan funcionalidad y bienestar.</p>
<p>El apartamento cuenta con tres luminosas alcobas, destacando la principal por su generoso espacio, baño privado y un práctico vestier. Adicionalmente, dispone de un baño social completo, una amplia sala-comedor ideal para el entretenimiento, y un encantador balcón que invita a disfrutar de momentos de tranquilidad. La moderna cocina integral, equipada para satisfacer todas sus necesidades culinarias, se complementa con una funcional zona de ropas.</p>
<p>Pensando en su conveniencia, el inmueble incluye un parqueadero privado y un cuarto útil, ofreciendo soluciones de almacenamiento adicionales.</p>
<p>Las zonas comunes de la unidad residencial son un verdadero oasis de bienestar: disfrute de la tranquilidad y seguridad con portería 24/7, manténgase activo en el gimnasio completamente dotado, celebre eventos especiales en el salón social, y permita que los más pequeños se diviertan en los juegos infantiles y amplias zonas verdes.</p>
<p>La ubicación es inmejorable: a pocos pasos encontrará supermercados, prestigiosos centros comerciales y reconocidos colegios, facilitando su día a día. Además, cuenta con excelentes opciones de transporte público que conectan con toda la ciudad.</p>
<p>No pierda la oportunidad de vivir en este excepcional apartamento que combina ubicación privilegiada, excelentes acabados y completas zonas comunes. ¡Su nuevo hogar le espera!</p>
<p>Contáctenos hoy mismo para agendar una visita: *** &#8211; *** &#8211; ***. También puede escribirnos a laura@londonoyjaramillo.com o visitar nuestra página web www.londonoyjaramillo.com para más detalles.</p>
