{"id":321877,"date":"2026-02-19T16:51:16","date_gmt":"2026-02-19T21:51:16","guid":{"rendered":"https:\/\/arriendo.com\/co\/%es_type%\/%address_city%\/%neighborhood%\/envigado-primavera-local-en-arriendo-en-432fb8\/"},"modified":"2026-02-19T16:51:16","modified_gmt":"2026-02-19T21:51:16","slug":"AR-321877","status":"publish","type":"properties","link":"https:\/\/arriendo.com\/co\/locales\/envigado\/primavera\/AR-321877\/","title":{"rendered":"Local en Arriendo en Primavera, Envigado"},"content":{"rendered":"<p>Local en Arriendo Primavera Envigado<br \/>\nVenta local de 48,47 m2. Con 1 parqueadero. Cuenta con 1 ba\u00f1o, aire acondicionado, amplio ventanal muy iluminado. Zonas comunes: auditorio, 2 salones de juntas, zonas de descanso, porter\u00eda 24h, comedores, escaleras, ascensor, roseado de incendio, aire acondicionado, parqueadero de visitantes, ba\u00f1os comunales y ba\u00f1os para discapacitados, etc. Cerca de la glorieta que une a los municipios de; Envigado, Sabaneta e Itag\u00fc\u00ed. Precio m\u00e1s IVA y m\u00e1s administraci\u00f3n<br \/>\nCont\u00e1ctanos en los tel\u00e9fonos *** &#8211; *** &#8211; ***correo laura@londonoyjaramillo.com o en nuestra p\u00e1gina web www.londonoyjaramillo.com<\/p>\n","protected":false},"excerpt":{"rendered":"Local en Arriendo Primavera Envigado Venta local de 48,47 m2....","protected":false},"author":8037,"featured_media":321880,"template":"","es_locations":[79,511,1840],"es_categories":[124],"es_types":[117],"es_rent_periods":[],"es_labels":[],"es_statuses":[],"es_parkings":[],"es_roofs":[],"es_exterior_materials":[],"es_basements":[],"es_floor_coverings":[],"es_features":[131,2174,2131,2201,2176,2149,2216,2132,2137,2300,2152],"es_amenities":[152,2169,2139,2206,2191,2159,156,2140,2144,2301,2162],"es_neighborhoods":[],"es_tags":[],"class_list":["post-321877","properties","type-properties","status-publish","has-post-thumbnail","hentry","es_location-antioquia","es_location-envigado","es_location-primavera","es_category-arriendo","es_type-locales","es_feature-ascensor","es_feature-auditorio","es_feature-circuito-cerrado-de-tv","es_feature-en-zona-comercial","es_feature-en-zona-residencial","es_feature-garajes","es_feature-parqueadero-visitantes","es_feature-parques-cercanos","es_feature-zona-comercial","es_feature-zona-industrial","es_feature-zona-residencial","es_amenity-ascensor-privado","es_amenity-auditorio","es_amenity-circuito-cerrado-de-tv","es_amenity-en-zona-comercial","es_amenity-en-zona-residencial","es_amenity-garajes","es_amenity-parqueadero-visitantes","es_amenity-parques-cercanos","es_amenity-zona-comercial","es_amenity-zona-industrial","es_amenity-zona-residencial","es-post-entity"],"_links":{"self":[{"href":"https:\/\/arriendo.com\/co\/wp-json\/wp\/v2\/properties\/321877","targetHints":{"allow":["GET"]}}],"collection":[{"href":"https:\/\/arriendo.com\/co\/wp-json\/wp\/v2\/properties"}],"about":[{"href":"https:\/\/arriendo.com\/co\/wp-json\/wp\/v2\/types\/properties"}],"author":[{"embeddable":true,"href":"https:\/\/arriendo.com\/co\/wp-json\/wp\/v2\/users\/8037"}],"version-history":[{"count":0,"href":"https:\/\/arriendo.com\/co\/wp-json\/wp\/v2\/properties\/321877\/revisions"}],"wp:featuredmedia":[{"embeddable":true,"href":"https:\/\/arriendo.com\/co\/wp-json\/wp\/v2\/media\/321880"}],"wp:attachment":[{"href":"https:\/\/arriendo.com\/co\/wp-json\/wp\/v2\/media?parent=321877"}],"wp:term":[{"taxonomy":"es_location","embeddable":true,"href":"https:\/\/arriendo.com\/co\/wp-json\/wp\/v2\/es_locations?post=321877"},{"taxonomy":"es_category","embeddable":true,"href":"https:\/\/arriendo.com\/co\/wp-json\/wp\/v2\/es_categories?post=321877"},{"taxonomy":"es_type","embeddable":true,"href":"https:\/\/arriendo.com\/co\/wp-json\/wp\/v2\/es_types?post=321877"},{"taxonomy":"es_rent_period","embeddable":true,"href":"https:\/\/arriendo.com\/co\/wp-json\/wp\/v2\/es_rent_periods?post=321877"},{"taxonomy":"es_label","embeddable":true,"href":"https:\/\/arriendo.com\/co\/wp-json\/wp\/v2\/es_labels?post=321877"},{"taxonomy":"es_status","embeddable":true,"href":"https:\/\/arriendo.com\/co\/wp-json\/wp\/v2\/es_statuses?post=321877"},{"taxonomy":"es_parking","embeddable":true,"href":"https:\/\/arriendo.com\/co\/wp-json\/wp\/v2\/es_parkings?post=321877"},{"taxonomy":"es_roof","embeddable":true,"href":"https:\/\/arriendo.com\/co\/wp-json\/wp\/v2\/es_roofs?post=321877"},{"taxonomy":"es_exterior_material","embeddable":true,"href":"https:\/\/arriendo.com\/co\/wp-json\/wp\/v2\/es_exterior_materials?post=321877"},{"taxonomy":"es_basement","embeddable":true,"href":"https:\/\/arriendo.com\/co\/wp-json\/wp\/v2\/es_basements?post=321877"},{"taxonomy":"es_floor_covering","embeddable":true,"href":"https:\/\/arriendo.com\/co\/wp-json\/wp\/v2\/es_floor_coverings?post=321877"},{"taxonomy":"es_feature","embeddable":true,"href":"https:\/\/arriendo.com\/co\/wp-json\/wp\/v2\/es_features?post=321877"},{"taxonomy":"es_amenity","embeddable":true,"href":"https:\/\/arriendo.com\/co\/wp-json\/wp\/v2\/es_amenities?post=321877"},{"taxonomy":"es_neighborhood","embeddable":true,"href":"https:\/\/arriendo.com\/co\/wp-json\/wp\/v2\/es_neighborhoods?post=321877"},{"taxonomy":"es_tag","embeddable":true,"href":"https:\/\/arriendo.com\/co\/wp-json\/wp\/v2\/es_tags?post=321877"}],"curies":[{"name":"wp","href":"https:\/\/api.w.org\/{rel}","templated":true}]}}

<p>Local en Arriendo Primavera Envigado<br />
Venta local de 48,47 m2. Con 1 parqueadero. Cuenta con 1 baño, aire acondicionado, amplio ventanal muy iluminado. Zonas comunes: auditorio, 2 salones de juntas, zonas de descanso, portería 24h, comedores, escaleras, ascensor, roseado de incendio, aire acondicionado, parqueadero de visitantes, baños comunales y baños para discapacitados, etc. Cerca de la glorieta que une a los municipios de; Envigado, Sabaneta e Itagüí. Precio más IVA y más administración<br />
Contáctanos en los teléfonos *** &#8211; *** &#8211; ***correo laura@londonoyjaramillo.com o en nuestra página web www.londonoyjaramillo.com</p>
