{"id":321837,"date":"2026-02-19T16:50:47","date_gmt":"2026-02-19T21:50:47","guid":{"rendered":"https:\/\/arriendo.com\/co\/%es_type%\/%address_city%\/%neighborhood%\/envigado-la-cuenca-apartamento-en-arriendo-en-7d5715\/"},"modified":"2026-02-19T16:50:47","modified_gmt":"2026-02-19T21:50:47","slug":"AR-321837","status":"publish","type":"properties","link":"https:\/\/arriendo.com\/co\/apartamentos\/envigado\/la-cuenca\/AR-321837\/","title":{"rendered":"Apartamento en Arriendo en La Cuenca, Envigado"},"content":{"rendered":"<p>Descubra la exclusividad de estrenar este magn\u00edfico apartamento en arriendo, ubicado en el codiciado sector de La Cuenca, Envigado. Con 65m\u00b2 inteligentemente distribuidos, este hogar ofrece un dise\u00f1o moderno y funcional, ideal para quienes buscan confort y estilo. Cuenta con dos acogedoras alcobas, destacando la principal con un lujoso ba\u00f1o privado y vestier, adem\u00e1s de un ba\u00f1o social adicional para mayor comodidad. Disfrute de amplios espacios en la sala-comedor, un balc\u00f3n perfecto para relajarse, una cocina integral de dise\u00f1o y una pr\u00e1ctica zona de ropas.<\/p>\n<p>Este apartamento incluye un parqueadero y cuarto \u00fatil, a\u00f1adiendo valor y funcionalidad a su d\u00eda a d\u00eda. Las futuras zonas comunes, actualmente en construcci\u00f3n, prometen una experiencia de vida inigualable con piscina, sal\u00f3n social, gimnasio y juegos infantiles, dise\u00f1adas para el disfrute de toda la familia.<\/p>\n<p>Su ubicaci\u00f3n estrat\u00e9gica le sit\u00faa a pocos minutos de la Instituci\u00f3n Educativa Alejandro V\u00e9lez, la Cl\u00ednica de La Polic\u00eda, la Avenida El Poblado y la Avenida Las Vegas, garantizando un acceso r\u00e1pido a servicios esenciales y una excelente conectividad con el transporte p\u00fablico. No pierda la oportunidad de vivir en un lugar que lo tiene todo.<\/p>\n<p>Para m\u00e1s informaci\u00f3n y agendar una visita, cont\u00e1ctenos a los tel\u00e9fonos *** &#8211; *** &#8211; ***, al correo laura@londonoyjaramillo.com o visite nuestra p\u00e1gina web www.londonoyjaramillo.com.<\/p>\n","protected":false},"excerpt":{"rendered":"Descubra la exclusividad de estrenar este magn\u00edfico apartamento en arriendo,...","protected":false},"author":8037,"featured_media":321840,"template":"","es_locations":[79,511,3215],"es_categories":[124],"es_types":[114],"es_rent_periods":[],"es_labels":[],"es_statuses":[],"es_parkings":[],"es_roofs":[],"es_exterior_materials":[],"es_basements":[],"es_floor_coverings":[],"es_features":[131,132,2212,2165,2145,2146,2148,2196,2149,2179,145,2216,2132,2180,2133,2182,2183,2150,2136,144,2151,2185,2152,2204],"es_amenities":[152,2186,2217,2188,2153,2155,2157,2197,2159,154,2160,156,2140,157,158,159,2170,2161,2143,2289,162,2173,2162,2209],"es_neighborhoods":[],"es_tags":[],"class_list":["post-321837","properties","type-properties","status-publish","has-post-thumbnail","hentry","es_location-antioquia","es_location-envigado","es_location-la-cuenca","es_category-arriendo","es_type-apartamentos","es_feature-ascensor","es_feature-balcon","es_feature-bano-auxiliar","es_feature-caldera","es_feature-calentador","es_feature-cocina-integral","es_feature-colegios-universidades","es_feature-en-conjunto-cerrado","es_feature-garajes","es_feature-gimnasio","es_feature-instalacion-de-gas","es_feature-parqueadero-visitantes","es_feature-parques-cercanos","es_feature-piscina","es_feature-porteria-recepcion","es_feature-salon-comunal","es_feature-salon-de-juegos","es_feature-supermercados-c-comerciales","es_feature-trans-publico-cercano","es_feature-vista-panoramica","es_feature-zona-de-lavanderia","es_feature-zona-infantil","es_feature-zona-residencial","es_feature-zonas-verdes","es_amenity-ascensor-privado","es_amenity-balcon","es_amenity-bano-auxiliar","es_amenity-caldera","es_amenity-calentador","es_amenity-cocina-integral","es_amenity-colegios-universidades","es_amenity-en-conjunto-cerrado","es_amenity-garajes","es_amenity-gimnasio","es_amenity-instalacion-de-gas","es_amenity-parqueadero-visitantes","es_amenity-parques-cercanos","es_amenity-piscina","es_amenity-porteria-recepcion","es_amenity-salon-comunal","es_amenity-salon-de-juegos","es_amenity-supermercados-c-comerciales","es_amenity-trans-publico-cercano","es_amenity-vista-panoramica","es_amenity-zona-de-lavanderia","es_amenity-zona-infantil","es_amenity-zona-residencial","es_amenity-zonas-verdes","es-post-entity"],"_links":{"self":[{"href":"https:\/\/arriendo.com\/co\/wp-json\/wp\/v2\/properties\/321837","targetHints":{"allow":["GET"]}}],"collection":[{"href":"https:\/\/arriendo.com\/co\/wp-json\/wp\/v2\/properties"}],"about":[{"href":"https:\/\/arriendo.com\/co\/wp-json\/wp\/v2\/types\/properties"}],"author":[{"embeddable":true,"href":"https:\/\/arriendo.com\/co\/wp-json\/wp\/v2\/users\/8037"}],"version-history":[{"count":0,"href":"https:\/\/arriendo.com\/co\/wp-json\/wp\/v2\/properties\/321837\/revisions"}],"wp:featuredmedia":[{"embeddable":true,"href":"https:\/\/arriendo.com\/co\/wp-json\/wp\/v2\/media\/321840"}],"wp:attachment":[{"href":"https:\/\/arriendo.com\/co\/wp-json\/wp\/v2\/media?parent=321837"}],"wp:term":[{"taxonomy":"es_location","embeddable":true,"href":"https:\/\/arriendo.com\/co\/wp-json\/wp\/v2\/es_locations?post=321837"},{"taxonomy":"es_category","embeddable":true,"href":"https:\/\/arriendo.com\/co\/wp-json\/wp\/v2\/es_categories?post=321837"},{"taxonomy":"es_type","embeddable":true,"href":"https:\/\/arriendo.com\/co\/wp-json\/wp\/v2\/es_types?post=321837"},{"taxonomy":"es_rent_period","embeddable":true,"href":"https:\/\/arriendo.com\/co\/wp-json\/wp\/v2\/es_rent_periods?post=321837"},{"taxonomy":"es_label","embeddable":true,"href":"https:\/\/arriendo.com\/co\/wp-json\/wp\/v2\/es_labels?post=321837"},{"taxonomy":"es_status","embeddable":true,"href":"https:\/\/arriendo.com\/co\/wp-json\/wp\/v2\/es_statuses?post=321837"},{"taxonomy":"es_parking","embeddable":true,"href":"https:\/\/arriendo.com\/co\/wp-json\/wp\/v2\/es_parkings?post=321837"},{"taxonomy":"es_roof","embeddable":true,"href":"https:\/\/arriendo.com\/co\/wp-json\/wp\/v2\/es_roofs?post=321837"},{"taxonomy":"es_exterior_material","embeddable":true,"href":"https:\/\/arriendo.com\/co\/wp-json\/wp\/v2\/es_exterior_materials?post=321837"},{"taxonomy":"es_basement","embeddable":true,"href":"https:\/\/arriendo.com\/co\/wp-json\/wp\/v2\/es_basements?post=321837"},{"taxonomy":"es_floor_covering","embeddable":true,"href":"https:\/\/arriendo.com\/co\/wp-json\/wp\/v2\/es_floor_coverings?post=321837"},{"taxonomy":"es_feature","embeddable":true,"href":"https:\/\/arriendo.com\/co\/wp-json\/wp\/v2\/es_features?post=321837"},{"taxonomy":"es_amenity","embeddable":true,"href":"https:\/\/arriendo.com\/co\/wp-json\/wp\/v2\/es_amenities?post=321837"},{"taxonomy":"es_neighborhood","embeddable":true,"href":"https:\/\/arriendo.com\/co\/wp-json\/wp\/v2\/es_neighborhoods?post=321837"},{"taxonomy":"es_tag","embeddable":true,"href":"https:\/\/arriendo.com\/co\/wp-json\/wp\/v2\/es_tags?post=321837"}],"curies":[{"name":"wp","href":"https:\/\/api.w.org\/{rel}","templated":true}]}}

<p>Descubra la exclusividad de estrenar este magnífico apartamento en arriendo, ubicado en el codiciado sector de La Cuenca, Envigado. Con 65m² inteligentemente distribuidos, este hogar ofrece un diseño moderno y funcional, ideal para quienes buscan confort y estilo. Cuenta con dos acogedoras alcobas, destacando la principal con un lujoso baño privado y vestier, además de un baño social adicional para mayor comodidad. Disfrute de amplios espacios en la sala-comedor, un balcón perfecto para relajarse, una cocina integral de diseño y una práctica zona de ropas.</p>
<p>Este apartamento incluye un parqueadero y cuarto útil, añadiendo valor y funcionalidad a su día a día. Las futuras zonas comunes, actualmente en construcción, prometen una experiencia de vida inigualable con piscina, salón social, gimnasio y juegos infantiles, diseñadas para el disfrute de toda la familia.</p>
<p>Su ubicación estratégica le sitúa a pocos minutos de la Institución Educativa Alejandro Vélez, la Clínica de La Policía, la Avenida El Poblado y la Avenida Las Vegas, garantizando un acceso rápido a servicios esenciales y una excelente conectividad con el transporte público. No pierda la oportunidad de vivir en un lugar que lo tiene todo.</p>
<p>Para más información y agendar una visita, contáctenos a los teléfonos *** &#8211; *** &#8211; ***, al correo laura@londonoyjaramillo.com o visite nuestra página web www.londonoyjaramillo.com.</p>

Descubra la exclusividad de estrenar este magnífico apartamento en arriendo,...
