{"id":321752,"date":"2026-02-19T16:49:42","date_gmt":"2026-02-19T21:49:42","guid":{"rendered":"https:\/\/arriendo.com\/co\/%es_type%\/%address_city%\/%neighborhood%\/envigado-primavera-local-en-arriendo-en-66eb88\/"},"modified":"2026-02-19T16:49:42","modified_gmt":"2026-02-19T21:49:42","slug":"AR-321752","status":"publish","type":"properties","link":"https:\/\/arriendo.com\/co\/locales\/envigado\/primavera\/AR-321752\/","title":{"rendered":"Local en Arriendo en Primavera, Envigado"},"content":{"rendered":"<p>Local en Arriendo Primavera Envigado<br \/>\nArriendo Local (sirve para cocci\u00f3n), en primer piso de 185 m2 en el primer piso, mas 85 m2 en mezanine, para un total de metros de 270 m2 Con 4 parqueaderos. Cuenta con 2 ba\u00f1os, 2 cocinetas, mezanine, amplio ventanal muy iluminada. Zonas comunes: auditorio, 2 salones de juntas, zonas de descanso, porter\u00eda 24h, comedores, escaleras, ascensor, roseado de incendio, aire acondicionado, parqueadero de visitantes, ba\u00f1os comunales y ba\u00f1os para discapacitados, etc. Cerca de la glorieta que une a los municipios de; Envigado, Sabaneta e Itag\u00fc\u00ed. Precio m\u00e1s IVA, m\u00e1s administraci\u00f3n $3.099.768Ver video completo aqu\u00ed:https:\/\/www.instagram.com\/reel\/DKzYGSbubvK\/?igsh=ODBnN2RjZGRsNHZl<br \/>\nCont\u00e1ctanos en los tel\u00e9fonos *** &#8211; *** &#8211; ***correo laura@londonoyjaramillo.com o en nuestra p\u00e1gina web www.londonoyjaramillo.com<\/p>\n","protected":false},"excerpt":{"rendered":"Local en Arriendo Primavera Envigado Arriendo Local (sirve para cocci\u00f3n),...","protected":false},"author":8037,"featured_media":321755,"template":"","es_locations":[79,511,1840],"es_categories":[124],"es_types":[117],"es_rent_periods":[],"es_labels":[],"es_statuses":[],"es_parkings":[],"es_roofs":[],"es_exterior_materials":[],"es_basements":[],"es_floor_coverings":[],"es_features":[2168,131,2174,2164,2200,2293,2131,2175,2302,2148,2201,2176,2149,2317,2216,2132,2133,2182,2227,2150,2136,2137,2300,2152],"es_amenities":[2195,152,2169,2187,2205,2295,2139,2190,2303,2157,2206,2191,2159,2318,156,2140,158,159,2255,2161,2143,2144,2301,2162],"es_neighborhoods":[],"es_tags":[],"class_list":["post-321752","properties","type-properties","status-publish","has-post-thumbnail","hentry","es_location-antioquia","es_location-envigado","es_location-primavera","es_category-arriendo","es_type-locales","es_feature-area-urbana","es_feature-ascensor","es_feature-auditorio","es_feature-bano-independiente","es_feature-cerca-a-sector-comercial","es_feature-cerca-centro-comercial","es_feature-circuito-cerrado-de-tv","es_feature-cochera","es_feature-cocineta","es_feature-colegios-universidades","es_feature-en-zona-comercial","es_feature-en-zona-residencial","es_feature-garajes","es_feature-mezzanine","es_feature-parqueadero-visitantes","es_feature-parques-cercanos","es_feature-porteria-recepcion","es_feature-salon-comunal","es_feature-shut-de-basura","es_feature-supermercados-c-comerciales","es_feature-trans-publico-cercano","es_feature-zona-comercial","es_feature-zona-industrial","es_feature-zona-residencial","es_amenity-area-urbana","es_amenity-ascensor-privado","es_amenity-auditorio","es_amenity-bano-independiente","es_amenity-cerca-a-sector-comercial","es_amenity-cerca-centro-comercial","es_amenity-circuito-cerrado-de-tv","es_amenity-cochera","es_amenity-cocineta","es_amenity-colegios-universidades","es_amenity-en-zona-comercial","es_amenity-en-zona-residencial","es_amenity-garajes","es_amenity-mezzanine","es_amenity-parqueadero-visitantes","es_amenity-parques-cercanos","es_amenity-porteria-recepcion","es_amenity-salon-comunal","es_amenity-shut-de-basura","es_amenity-supermercados-c-comerciales","es_amenity-trans-publico-cercano","es_amenity-zona-comercial","es_amenity-zona-industrial","es_amenity-zona-residencial","es-post-entity"],"_links":{"self":[{"href":"https:\/\/arriendo.com\/co\/wp-json\/wp\/v2\/properties\/321752","targetHints":{"allow":["GET"]}}],"collection":[{"href":"https:\/\/arriendo.com\/co\/wp-json\/wp\/v2\/properties"}],"about":[{"href":"https:\/\/arriendo.com\/co\/wp-json\/wp\/v2\/types\/properties"}],"author":[{"embeddable":true,"href":"https:\/\/arriendo.com\/co\/wp-json\/wp\/v2\/users\/8037"}],"version-history":[{"count":0,"href":"https:\/\/arriendo.com\/co\/wp-json\/wp\/v2\/properties\/321752\/revisions"}],"wp:featuredmedia":[{"embeddable":true,"href":"https:\/\/arriendo.com\/co\/wp-json\/wp\/v2\/media\/321755"}],"wp:attachment":[{"href":"https:\/\/arriendo.com\/co\/wp-json\/wp\/v2\/media?parent=321752"}],"wp:term":[{"taxonomy":"es_location","embeddable":true,"href":"https:\/\/arriendo.com\/co\/wp-json\/wp\/v2\/es_locations?post=321752"},{"taxonomy":"es_category","embeddable":true,"href":"https:\/\/arriendo.com\/co\/wp-json\/wp\/v2\/es_categories?post=321752"},{"taxonomy":"es_type","embeddable":true,"href":"https:\/\/arriendo.com\/co\/wp-json\/wp\/v2\/es_types?post=321752"},{"taxonomy":"es_rent_period","embeddable":true,"href":"https:\/\/arriendo.com\/co\/wp-json\/wp\/v2\/es_rent_periods?post=321752"},{"taxonomy":"es_label","embeddable":true,"href":"https:\/\/arriendo.com\/co\/wp-json\/wp\/v2\/es_labels?post=321752"},{"taxonomy":"es_status","embeddable":true,"href":"https:\/\/arriendo.com\/co\/wp-json\/wp\/v2\/es_statuses?post=321752"},{"taxonomy":"es_parking","embeddable":true,"href":"https:\/\/arriendo.com\/co\/wp-json\/wp\/v2\/es_parkings?post=321752"},{"taxonomy":"es_roof","embeddable":true,"href":"https:\/\/arriendo.com\/co\/wp-json\/wp\/v2\/es_roofs?post=321752"},{"taxonomy":"es_exterior_material","embeddable":true,"href":"https:\/\/arriendo.com\/co\/wp-json\/wp\/v2\/es_exterior_materials?post=321752"},{"taxonomy":"es_basement","embeddable":true,"href":"https:\/\/arriendo.com\/co\/wp-json\/wp\/v2\/es_basements?post=321752"},{"taxonomy":"es_floor_covering","embeddable":true,"href":"https:\/\/arriendo.com\/co\/wp-json\/wp\/v2\/es_floor_coverings?post=321752"},{"taxonomy":"es_feature","embeddable":true,"href":"https:\/\/arriendo.com\/co\/wp-json\/wp\/v2\/es_features?post=321752"},{"taxonomy":"es_amenity","embeddable":true,"href":"https:\/\/arriendo.com\/co\/wp-json\/wp\/v2\/es_amenities?post=321752"},{"taxonomy":"es_neighborhood","embeddable":true,"href":"https:\/\/arriendo.com\/co\/wp-json\/wp\/v2\/es_neighborhoods?post=321752"},{"taxonomy":"es_tag","embeddable":true,"href":"https:\/\/arriendo.com\/co\/wp-json\/wp\/v2\/es_tags?post=321752"}],"curies":[{"name":"wp","href":"https:\/\/api.w.org\/{rel}","templated":true}]}}

<p>Local en Arriendo Primavera Envigado<br />
Arriendo Local (sirve para cocción), en primer piso de 185 m2 en el primer piso, mas 85 m2 en mezanine, para un total de metros de 270 m2 Con 4 parqueaderos. Cuenta con 2 baños, 2 cocinetas, mezanine, amplio ventanal muy iluminada. Zonas comunes: auditorio, 2 salones de juntas, zonas de descanso, portería 24h, comedores, escaleras, ascensor, roseado de incendio, aire acondicionado, parqueadero de visitantes, baños comunales y baños para discapacitados, etc. Cerca de la glorieta que une a los municipios de; Envigado, Sabaneta e Itagüí. Precio más IVA, más administración $3.099.768Ver video completo aquí:https://www.instagram.com/reel/DKzYGSbubvK/?igsh=ODBnN2RjZGRsNHZl<br />
Contáctanos en los teléfonos *** &#8211; *** &#8211; ***correo laura@londonoyjaramillo.com o en nuestra página web www.londonoyjaramillo.com</p>

Local en Arriendo Primavera Envigado Arriendo Local (sirve para cocción),...
