{"id":321712,"date":"2026-02-19T16:49:13","date_gmt":"2026-02-19T21:49:13","guid":{"rendered":"https:\/\/arriendo.com\/co\/%es_type%\/%address_city%\/%neighborhood%\/envigado-primavera-local-en-arriendo-en-9a5bd0\/"},"modified":"2026-02-19T16:49:13","modified_gmt":"2026-02-19T21:49:13","slug":"AR-321712","status":"publish","type":"properties","link":"https:\/\/arriendo.com\/co\/locales\/envigado\/primavera\/AR-321712\/","title":{"rendered":"Local en Arriendo en Primavera, Envigado"},"content":{"rendered":"<p>Local en Arriendo Primavera Envigado<br \/>\nArriendo Local esquinero (sirve para cocci\u00f3n), en primer piso de 118 m2 m\u00e1s 30 mts de terraza total 148 m2. Con 2 parqueadero. Cuenta con 2 ba\u00f1o, espacio para cocineta, mezanine, amplio ventanal muy iluminada. Zonas comunes: auditorio, 2 salones de juntas, zonas de descanso, porter\u00eda 24h, comedores, escaleras, ascensor, roseado de incendio, aire acondicionado, parqueadero de visitantes, ba\u00f1os comunales y ba\u00f1os para discapacitados, etc. Cerca de la glorieta que une a los municipios de; Envigado, Sabaneta e Itag\u00fc\u00ed. Precio m\u00e1s IVA, m\u00e1s administraci\u00f3n.<\/p>\n<p>Cont\u00e1ctanos en los tel\u00e9fonos *** &#8211; *** &#8211; ***correo laura@londonoyjaramillo.com o en nuestra p\u00e1gina web www.londonoyjaramillo.com<\/p>\n","protected":false},"excerpt":{"rendered":"Local en Arriendo Primavera Envigado Arriendo Local esquinero (sirve para...","protected":false},"author":8037,"featured_media":321715,"template":"","es_locations":[79,511,1840],"es_categories":[124],"es_types":[117],"es_rent_periods":[],"es_labels":[],"es_statuses":[],"es_parkings":[],"es_roofs":[],"es_exterior_materials":[],"es_basements":[],"es_floor_coverings":[],"es_features":[149,131,2174,2265,2131,2296,2201,2176,2149,2385,2216,2132,2365,2181,2135,143,2582,2241,2242,2137,2300,2152],"es_amenities":[2329,152,2169,2268,2139,2298,2206,2191,2159,2386,156,2140,2366,2142,2290,2583,161,2259,2260,2144,2301,2162],"es_neighborhoods":[],"es_tags":[],"class_list":["post-321712","properties","type-properties","status-publish","has-post-thumbnail","hentry","es_location-antioquia","es_location-envigado","es_location-primavera","es_category-arriendo","es_type-locales","es_feature-aire-acondicionado","es_feature-ascensor","es_feature-auditorio","es_feature-bahia-exterior-de-parqueo","es_feature-circuito-cerrado-de-tv","es_feature-en-edificio","es_feature-en-zona-comercial","es_feature-en-zona-residencial","es_feature-garajes","es_feature-local-exterior","es_feature-parqueadero-visitantes","es_feature-parques-cercanos","es_feature-planta-electrica","es_feature-porteria-vigilancia","es_feature-sobre-via-principal","es_feature-terraza","es_feature-valet-parking","es_feature-vigilancia-24x7","es_feature-vigilancia-privada-247","es_feature-zona-comercial","es_feature-zona-industrial","es_feature-zona-residencial","es_amenity-aire-acondicionado","es_amenity-ascensor-privado","es_amenity-auditorio","es_amenity-bahia-exterior-de-parqueo","es_amenity-circuito-cerrado-de-tv","es_amenity-en-edificio","es_amenity-en-zona-comercial","es_amenity-en-zona-residencial","es_amenity-garajes","es_amenity-local-exterior","es_amenity-parqueadero-visitantes","es_amenity-parques-cercanos","es_amenity-planta-electrica","es_amenity-sobre-via-principal","es_amenity-terraza","es_amenity-valet-parking","es_amenity-vigilancia-24-7","es_amenity-vigilancia-24x7","es_amenity-vigilancia-privada-247","es_amenity-zona-comercial","es_amenity-zona-industrial","es_amenity-zona-residencial","es-post-entity"],"_links":{"self":[{"href":"https:\/\/arriendo.com\/co\/wp-json\/wp\/v2\/properties\/321712","targetHints":{"allow":["GET"]}}],"collection":[{"href":"https:\/\/arriendo.com\/co\/wp-json\/wp\/v2\/properties"}],"about":[{"href":"https:\/\/arriendo.com\/co\/wp-json\/wp\/v2\/types\/properties"}],"author":[{"embeddable":true,"href":"https:\/\/arriendo.com\/co\/wp-json\/wp\/v2\/users\/8037"}],"version-history":[{"count":0,"href":"https:\/\/arriendo.com\/co\/wp-json\/wp\/v2\/properties\/321712\/revisions"}],"wp:featuredmedia":[{"embeddable":true,"href":"https:\/\/arriendo.com\/co\/wp-json\/wp\/v2\/media\/321715"}],"wp:attachment":[{"href":"https:\/\/arriendo.com\/co\/wp-json\/wp\/v2\/media?parent=321712"}],"wp:term":[{"taxonomy":"es_location","embeddable":true,"href":"https:\/\/arriendo.com\/co\/wp-json\/wp\/v2\/es_locations?post=321712"},{"taxonomy":"es_category","embeddable":true,"href":"https:\/\/arriendo.com\/co\/wp-json\/wp\/v2\/es_categories?post=321712"},{"taxonomy":"es_type","embeddable":true,"href":"https:\/\/arriendo.com\/co\/wp-json\/wp\/v2\/es_types?post=321712"},{"taxonomy":"es_rent_period","embeddable":true,"href":"https:\/\/arriendo.com\/co\/wp-json\/wp\/v2\/es_rent_periods?post=321712"},{"taxonomy":"es_label","embeddable":true,"href":"https:\/\/arriendo.com\/co\/wp-json\/wp\/v2\/es_labels?post=321712"},{"taxonomy":"es_status","embeddable":true,"href":"https:\/\/arriendo.com\/co\/wp-json\/wp\/v2\/es_statuses?post=321712"},{"taxonomy":"es_parking","embeddable":true,"href":"https:\/\/arriendo.com\/co\/wp-json\/wp\/v2\/es_parkings?post=321712"},{"taxonomy":"es_roof","embeddable":true,"href":"https:\/\/arriendo.com\/co\/wp-json\/wp\/v2\/es_roofs?post=321712"},{"taxonomy":"es_exterior_material","embeddable":true,"href":"https:\/\/arriendo.com\/co\/wp-json\/wp\/v2\/es_exterior_materials?post=321712"},{"taxonomy":"es_basement","embeddable":true,"href":"https:\/\/arriendo.com\/co\/wp-json\/wp\/v2\/es_basements?post=321712"},{"taxonomy":"es_floor_covering","embeddable":true,"href":"https:\/\/arriendo.com\/co\/wp-json\/wp\/v2\/es_floor_coverings?post=321712"},{"taxonomy":"es_feature","embeddable":true,"href":"https:\/\/arriendo.com\/co\/wp-json\/wp\/v2\/es_features?post=321712"},{"taxonomy":"es_amenity","embeddable":true,"href":"https:\/\/arriendo.com\/co\/wp-json\/wp\/v2\/es_amenities?post=321712"},{"taxonomy":"es_neighborhood","embeddable":true,"href":"https:\/\/arriendo.com\/co\/wp-json\/wp\/v2\/es_neighborhoods?post=321712"},{"taxonomy":"es_tag","embeddable":true,"href":"https:\/\/arriendo.com\/co\/wp-json\/wp\/v2\/es_tags?post=321712"}],"curies":[{"name":"wp","href":"https:\/\/api.w.org\/{rel}","templated":true}]}}

<p>Local en Arriendo Primavera Envigado<br />
Arriendo Local esquinero (sirve para cocción), en primer piso de 118 m2 más 30 mts de terraza total 148 m2. Con 2 parqueadero. Cuenta con 2 baño, espacio para cocineta, mezanine, amplio ventanal muy iluminada. Zonas comunes: auditorio, 2 salones de juntas, zonas de descanso, portería 24h, comedores, escaleras, ascensor, roseado de incendio, aire acondicionado, parqueadero de visitantes, baños comunales y baños para discapacitados, etc. Cerca de la glorieta que une a los municipios de; Envigado, Sabaneta e Itagüí. Precio más IVA, más administración.</p>
<p>Contáctanos en los teléfonos *** &#8211; *** &#8211; ***correo laura@londonoyjaramillo.com o en nuestra página web www.londonoyjaramillo.com</p>
