{"id":321618,"date":"2026-02-19T16:48:04","date_gmt":"2026-02-19T21:48:04","guid":{"rendered":"https:\/\/arriendo.com\/co\/%es_type%\/%address_city%\/%neighborhood%\/sabaneta-aves-maria-apartamento-en-arriendo-en-477f7c\/"},"modified":"2026-02-19T16:48:04","modified_gmt":"2026-02-19T21:48:04","slug":"AR-321618","status":"publish","type":"properties","link":"https:\/\/arriendo.com\/co\/apartamentos\/sabaneta\/aves-maria\/AR-321618\/","title":{"rendered":"Apartamento en Arriendo en Aves Maria, Sabaneta"},"content":{"rendered":"<p>Descubra la comodidad y el estilo en este espectacular apartamento de 125 m\u00b2 disponible para arriendo en Aves Mar\u00eda, Sabaneta. Este hogar, dise\u00f1ado para el confort moderno, ofrece tres amplias alcobas, incluyendo una principal con ba\u00f1o privado y vestier, y una segunda alcoba tambi\u00e9n con ba\u00f1o, garantizando privacidad y conveniencia para todos. Adem\u00e1s, cuenta con un ba\u00f1o social elegantemente dise\u00f1ado.<\/p>\n<p>Disfrute de la luminosidad y las vistas desde sus dos balcones, perfectos para relajarse. La sala-comedor es un espacio acogedor e ideal para el entretenimiento, complementado por una cocina integral de dise\u00f1o contempor\u00e1neo y una zona de ropas independiente. La propiedad incluye un parqueadero y un cuarto \u00fatil, a\u00f1adiendo practicidad a su d\u00eda a d\u00eda.<\/p>\n<p>Las zonas comunes son un verdadero oasis, con porter\u00eda 24\/7 que asegura su tranquilidad, una refrescante piscina para los d\u00edas soleados, un sal\u00f3n social para eventos y reuniones, y juegos infantiles para el disfrute de los m\u00e1s peque\u00f1os.<\/p>\n<p>Su ubicaci\u00f3n privilegiada le sit\u00faa a pocos pasos de supermercados, centros comerciales, prestigiosos colegios y encantadores parques, ofreciendo una vida urbana vibrante y conectada. Adem\u00e1s, cuenta con excelentes rutas de transporte que facilitan su movilidad.<\/p>\n<p>No pierda la oportunidad de vivir en este magn\u00edfico apartamento que lo tiene todo. Cont\u00e1ctenos para m\u00e1s informaci\u00f3n o para agendar una visita: *** &#8211; *** &#8211; ***, correo laura@londonoyjaramillo.com o visite nuestra p\u00e1gina web www.londonoyjaramillo.com.<\/p>\n","protected":false},"excerpt":{"rendered":"Descubra la comodidad y el estilo en este espectacular apartamento...","protected":false},"author":8037,"featured_media":321621,"template":"","es_locations":[79,2219,473],"es_categories":[124],"es_types":[114],"es_rent_periods":[],"es_labels":[],"es_statuses":[],"es_parkings":[],"es_roofs":[],"es_exterior_materials":[],"es_basements":[],"es_floor_coverings":[],"es_features":[131,132,2212,2165,2145,2146,2148,2196,2149,145,2216,2132,2180,2133,2182,2183,2150,2136,144,2151,2185,2152,2204],"es_amenities":[152,2186,2217,2188,2153,2155,2157,2197,2159,2160,156,2140,157,158,159,2170,2161,2143,2289,162,2173,2162,2209],"es_neighborhoods":[],"es_tags":[],"class_list":["post-321618","properties","type-properties","status-publish","has-post-thumbnail","hentry","es_location-antioquia","es_location-aves-maria","es_location-sabaneta","es_category-arriendo","es_type-apartamentos","es_feature-ascensor","es_feature-balcon","es_feature-bano-auxiliar","es_feature-caldera","es_feature-calentador","es_feature-cocina-integral","es_feature-colegios-universidades","es_feature-en-conjunto-cerrado","es_feature-garajes","es_feature-instalacion-de-gas","es_feature-parqueadero-visitantes","es_feature-parques-cercanos","es_feature-piscina","es_feature-porteria-recepcion","es_feature-salon-comunal","es_feature-salon-de-juegos","es_feature-supermercados-c-comerciales","es_feature-trans-publico-cercano","es_feature-vista-panoramica","es_feature-zona-de-lavanderia","es_feature-zona-infantil","es_feature-zona-residencial","es_feature-zonas-verdes","es_amenity-ascensor-privado","es_amenity-balcon","es_amenity-bano-auxiliar","es_amenity-caldera","es_amenity-calentador","es_amenity-cocina-integral","es_amenity-colegios-universidades","es_amenity-en-conjunto-cerrado","es_amenity-garajes","es_amenity-instalacion-de-gas","es_amenity-parqueadero-visitantes","es_amenity-parques-cercanos","es_amenity-piscina","es_amenity-porteria-recepcion","es_amenity-salon-comunal","es_amenity-salon-de-juegos","es_amenity-supermercados-c-comerciales","es_amenity-trans-publico-cercano","es_amenity-vista-panoramica","es_amenity-zona-de-lavanderia","es_amenity-zona-infantil","es_amenity-zona-residencial","es_amenity-zonas-verdes","es-post-entity"],"_links":{"self":[{"href":"https:\/\/arriendo.com\/co\/wp-json\/wp\/v2\/properties\/321618","targetHints":{"allow":["GET"]}}],"collection":[{"href":"https:\/\/arriendo.com\/co\/wp-json\/wp\/v2\/properties"}],"about":[{"href":"https:\/\/arriendo.com\/co\/wp-json\/wp\/v2\/types\/properties"}],"author":[{"embeddable":true,"href":"https:\/\/arriendo.com\/co\/wp-json\/wp\/v2\/users\/8037"}],"version-history":[{"count":0,"href":"https:\/\/arriendo.com\/co\/wp-json\/wp\/v2\/properties\/321618\/revisions"}],"wp:featuredmedia":[{"embeddable":true,"href":"https:\/\/arriendo.com\/co\/wp-json\/wp\/v2\/media\/321621"}],"wp:attachment":[{"href":"https:\/\/arriendo.com\/co\/wp-json\/wp\/v2\/media?parent=321618"}],"wp:term":[{"taxonomy":"es_location","embeddable":true,"href":"https:\/\/arriendo.com\/co\/wp-json\/wp\/v2\/es_locations?post=321618"},{"taxonomy":"es_category","embeddable":true,"href":"https:\/\/arriendo.com\/co\/wp-json\/wp\/v2\/es_categories?post=321618"},{"taxonomy":"es_type","embeddable":true,"href":"https:\/\/arriendo.com\/co\/wp-json\/wp\/v2\/es_types?post=321618"},{"taxonomy":"es_rent_period","embeddable":true,"href":"https:\/\/arriendo.com\/co\/wp-json\/wp\/v2\/es_rent_periods?post=321618"},{"taxonomy":"es_label","embeddable":true,"href":"https:\/\/arriendo.com\/co\/wp-json\/wp\/v2\/es_labels?post=321618"},{"taxonomy":"es_status","embeddable":true,"href":"https:\/\/arriendo.com\/co\/wp-json\/wp\/v2\/es_statuses?post=321618"},{"taxonomy":"es_parking","embeddable":true,"href":"https:\/\/arriendo.com\/co\/wp-json\/wp\/v2\/es_parkings?post=321618"},{"taxonomy":"es_roof","embeddable":true,"href":"https:\/\/arriendo.com\/co\/wp-json\/wp\/v2\/es_roofs?post=321618"},{"taxonomy":"es_exterior_material","embeddable":true,"href":"https:\/\/arriendo.com\/co\/wp-json\/wp\/v2\/es_exterior_materials?post=321618"},{"taxonomy":"es_basement","embeddable":true,"href":"https:\/\/arriendo.com\/co\/wp-json\/wp\/v2\/es_basements?post=321618"},{"taxonomy":"es_floor_covering","embeddable":true,"href":"https:\/\/arriendo.com\/co\/wp-json\/wp\/v2\/es_floor_coverings?post=321618"},{"taxonomy":"es_feature","embeddable":true,"href":"https:\/\/arriendo.com\/co\/wp-json\/wp\/v2\/es_features?post=321618"},{"taxonomy":"es_amenity","embeddable":true,"href":"https:\/\/arriendo.com\/co\/wp-json\/wp\/v2\/es_amenities?post=321618"},{"taxonomy":"es_neighborhood","embeddable":true,"href":"https:\/\/arriendo.com\/co\/wp-json\/wp\/v2\/es_neighborhoods?post=321618"},{"taxonomy":"es_tag","embeddable":true,"href":"https:\/\/arriendo.com\/co\/wp-json\/wp\/v2\/es_tags?post=321618"}],"curies":[{"name":"wp","href":"https:\/\/api.w.org\/{rel}","templated":true}]}}

<p>Descubra la comodidad y el estilo en este espectacular apartamento de 125 m² disponible para arriendo en Aves María, Sabaneta. Este hogar, diseñado para el confort moderno, ofrece tres amplias alcobas, incluyendo una principal con baño privado y vestier, y una segunda alcoba también con baño, garantizando privacidad y conveniencia para todos. Además, cuenta con un baño social elegantemente diseñado.</p>
<p>Disfrute de la luminosidad y las vistas desde sus dos balcones, perfectos para relajarse. La sala-comedor es un espacio acogedor e ideal para el entretenimiento, complementado por una cocina integral de diseño contemporáneo y una zona de ropas independiente. La propiedad incluye un parqueadero y un cuarto útil, añadiendo practicidad a su día a día.</p>
<p>Las zonas comunes son un verdadero oasis, con portería 24/7 que asegura su tranquilidad, una refrescante piscina para los días soleados, un salón social para eventos y reuniones, y juegos infantiles para el disfrute de los más pequeños.</p>
<p>Su ubicación privilegiada le sitúa a pocos pasos de supermercados, centros comerciales, prestigiosos colegios y encantadores parques, ofreciendo una vida urbana vibrante y conectada. Además, cuenta con excelentes rutas de transporte que facilitan su movilidad.</p>
<p>No pierda la oportunidad de vivir en este magnífico apartamento que lo tiene todo. Contáctenos para más información o para agendar una visita: *** &#8211; *** &#8211; ***, correo laura@londonoyjaramillo.com o visite nuestra página web www.londonoyjaramillo.com.</p>
