{"id":320844,"date":"2026-02-19T16:34:24","date_gmt":"2026-02-19T21:34:24","guid":{"rendered":"https:\/\/arriendo.com\/co\/%es_type%\/%address_city%\/%neighborhood%\/armenia-fundadores-local-en-arriendo-en-008c14\/"},"modified":"2026-02-19T16:34:24","modified_gmt":"2026-02-19T21:34:24","slug":"AR-320844","status":"publish","type":"properties","link":"https:\/\/arriendo.com\/co\/locales\/armenia\/fundadores\/AR-320844\/","title":{"rendered":"Local en Arriendo en Fundadores, Armenia"},"content":{"rendered":"<p>\u00a1Arrienda tu consultorio en el coraz\u00f3n del sector salud de Armenia!<\/p>\n<p>Se arrienda consultorio m\u00e9dico de 32 m\u00b2, ubicado en el piso 3 del prestigioso edificio Luxur, en el norte de Armenia, dentro del consolidado sector de cl\u00ednicas. Ideal para profesionales de la salud que buscan ejercer en un entorno moderno, central y altamente profesional.<\/p>\n<p>Caracter\u00edsticas del consultorio:<br \/>\n \u00c1rea: 32 m\u00b2<br \/>\n Espacio abierto, funcional y con excelente iluminaci\u00f3n<br \/>\n Ubicaci\u00f3n estrat\u00e9gica en el piso 3, con acceso por ascensor<br \/>\n Ideal para consultorios m\u00e9dicos, odontol\u00f3gicos, terapias o atenci\u00f3n psicol\u00f3gica<br \/>\n Sobre el edificio Luxor:<br \/>\nEntorno exclusivo y 100% profesional<br \/>\nPorter\u00eda con vigilancia<br \/>\nAscensores de alta velocidad<br \/>\nDise\u00f1o moderno y espacios comunes elegantes<br \/>\nUbicaci\u00f3n privilegiada en una de las zonas m\u00e9dicas m\u00e1s reconocidas de Armenia<br \/>\n \u2728 Un espacio ideal para potenciar tu consulta o iniciar tu pr\u00e1ctica profesional.<br \/>\nCont\u00e1ctanos y agenda tu visita. \u00a1Tu consultorio te est\u00e1 esperando en Luxur!<\/p>\n","protected":false},"excerpt":{"rendered":"\u00a1Arrienda tu consultorio en el coraz\u00f3n del sector salud de...","protected":false},"author":6048,"featured_media":0,"template":"","es_locations":[347,1325,101],"es_categories":[124],"es_types":[117],"es_rent_periods":[],"es_labels":[],"es_statuses":[],"es_parkings":[],"es_roofs":[],"es_exterior_materials":[],"es_basements":[],"es_floor_coverings":[],"es_features":[131,2454,2201,2176,2216,2132,2272,2365,2181,2137,2152],"es_amenities":[152,2456,2206,2191,156,2140,2273,2366,161,2144,2162],"es_neighborhoods":[],"es_tags":[],"class_list":["post-320844","properties","type-properties","status-publish","hentry","es_location-armenia","es_location-fundadores","es_location-quindio","es_category-arriendo","es_type-locales","es_feature-ascensor","es_feature-en-centro-comercial","es_feature-en-zona-comercial","es_feature-en-zona-residencial","es_feature-parqueadero-visitantes","es_feature-parques-cercanos","es_feature-piso-en-baldosa-marmol","es_feature-planta-electrica","es_feature-porteria-vigilancia","es_feature-zona-comercial","es_feature-zona-residencial","es_amenity-ascensor-privado","es_amenity-en-centro-comercial","es_amenity-en-zona-comercial","es_amenity-en-zona-residencial","es_amenity-parqueadero-visitantes","es_amenity-parques-cercanos","es_amenity-piso-en-baldosa-marmol","es_amenity-planta-electrica","es_amenity-vigilancia-24-7","es_amenity-zona-comercial","es_amenity-zona-residencial","es-post-entity"],"_links":{"self":[{"href":"https:\/\/arriendo.com\/co\/wp-json\/wp\/v2\/properties\/320844","targetHints":{"allow":["GET"]}}],"collection":[{"href":"https:\/\/arriendo.com\/co\/wp-json\/wp\/v2\/properties"}],"about":[{"href":"https:\/\/arriendo.com\/co\/wp-json\/wp\/v2\/types\/properties"}],"author":[{"embeddable":true,"href":"https:\/\/arriendo.com\/co\/wp-json\/wp\/v2\/users\/6048"}],"version-history":[{"count":0,"href":"https:\/\/arriendo.com\/co\/wp-json\/wp\/v2\/properties\/320844\/revisions"}],"wp:attachment":[{"href":"https:\/\/arriendo.com\/co\/wp-json\/wp\/v2\/media?parent=320844"}],"wp:term":[{"taxonomy":"es_location","embeddable":true,"href":"https:\/\/arriendo.com\/co\/wp-json\/wp\/v2\/es_locations?post=320844"},{"taxonomy":"es_category","embeddable":true,"href":"https:\/\/arriendo.com\/co\/wp-json\/wp\/v2\/es_categories?post=320844"},{"taxonomy":"es_type","embeddable":true,"href":"https:\/\/arriendo.com\/co\/wp-json\/wp\/v2\/es_types?post=320844"},{"taxonomy":"es_rent_period","embeddable":true,"href":"https:\/\/arriendo.com\/co\/wp-json\/wp\/v2\/es_rent_periods?post=320844"},{"taxonomy":"es_label","embeddable":true,"href":"https:\/\/arriendo.com\/co\/wp-json\/wp\/v2\/es_labels?post=320844"},{"taxonomy":"es_status","embeddable":true,"href":"https:\/\/arriendo.com\/co\/wp-json\/wp\/v2\/es_statuses?post=320844"},{"taxonomy":"es_parking","embeddable":true,"href":"https:\/\/arriendo.com\/co\/wp-json\/wp\/v2\/es_parkings?post=320844"},{"taxonomy":"es_roof","embeddable":true,"href":"https:\/\/arriendo.com\/co\/wp-json\/wp\/v2\/es_roofs?post=320844"},{"taxonomy":"es_exterior_material","embeddable":true,"href":"https:\/\/arriendo.com\/co\/wp-json\/wp\/v2\/es_exterior_materials?post=320844"},{"taxonomy":"es_basement","embeddable":true,"href":"https:\/\/arriendo.com\/co\/wp-json\/wp\/v2\/es_basements?post=320844"},{"taxonomy":"es_floor_covering","embeddable":true,"href":"https:\/\/arriendo.com\/co\/wp-json\/wp\/v2\/es_floor_coverings?post=320844"},{"taxonomy":"es_feature","embeddable":true,"href":"https:\/\/arriendo.com\/co\/wp-json\/wp\/v2\/es_features?post=320844"},{"taxonomy":"es_amenity","embeddable":true,"href":"https:\/\/arriendo.com\/co\/wp-json\/wp\/v2\/es_amenities?post=320844"},{"taxonomy":"es_neighborhood","embeddable":true,"href":"https:\/\/arriendo.com\/co\/wp-json\/wp\/v2\/es_neighborhoods?post=320844"},{"taxonomy":"es_tag","embeddable":true,"href":"https:\/\/arriendo.com\/co\/wp-json\/wp\/v2\/es_tags?post=320844"}],"curies":[{"name":"wp","href":"https:\/\/api.w.org\/{rel}","templated":true}]}}

<p>¡Arrienda tu consultorio en el corazón del sector salud de Armenia!</p>
<p>Se arrienda consultorio médico de 32 m², ubicado en el piso 3 del prestigioso edificio Luxur, en el norte de Armenia, dentro del consolidado sector de clínicas. Ideal para profesionales de la salud que buscan ejercer en un entorno moderno, central y altamente profesional.</p>
<p>Características del consultorio:<br />
 Área: 32 m²<br />
 Espacio abierto, funcional y con excelente iluminación<br />
 Ubicación estratégica en el piso 3, con acceso por ascensor<br />
 Ideal para consultorios médicos, odontológicos, terapias o atención psicológica<br />
 Sobre el edificio Luxor:<br />
Entorno exclusivo y 100% profesional<br />
Portería con vigilancia<br />
Ascensores de alta velocidad<br />
Diseño moderno y espacios comunes elegantes<br />
Ubicación privilegiada en una de las zonas médicas más reconocidas de Armenia<br />
 ✨ Un espacio ideal para potenciar tu consulta o iniciar tu práctica profesional.<br />
Contáctanos y agenda tu visita. ¡Tu consultorio te está esperando en Luxur!</p>

¡Arrienda tu consultorio en el corazón del sector salud de...
