{"id":319986,"date":"2026-02-19T11:23:56","date_gmt":"2026-02-19T16:23:56","guid":{"rendered":"https:\/\/arriendo.com\/co\/%es_type%\/%address_city%\/%neighborhood%\/sabaneta-monteazul-apartamento-en-arriendo-en-c4b901\/"},"modified":"2026-02-19T11:23:56","modified_gmt":"2026-02-19T16:23:56","slug":"AR-319986","status":"publish","type":"properties","link":"https:\/\/arriendo.com\/co\/apartamentos\/sabaneta\/monteazul\/AR-319986\/","title":{"rendered":"Apartamento en Arriendo en Monteazul, Sabaneta"},"content":{"rendered":"<p>Apartamento en Arriendo \u2013 Urbanizaci\u00f3n Aires del Bosque, Sabaneta<\/p>\n<p>Vive rodeado de naturaleza y tranquilidad en este moderno apartamento ubicado en la exclusiva Urbanizaci\u00f3n Aires del Bosque, un sector residencial que combina ambiente campestre con cercan\u00eda a las principales v\u00edas de Sabaneta.<\/p>\n<p>\u2728 Caracter\u00edsticas principales:<\/p>\n<p>3 habitaciones con excelente iluminaci\u00f3n natural<\/p>\n<p>2 ba\u00f1os completos y modernos<\/p>\n<p>Sala-comedor con acceso a balc\u00f3n panor\u00e1mico<\/p>\n<p>Cocina integral abierta con zona de ropas independiente<\/p>\n<p>Parqueadero privado y cuarto \u00fatil<\/p>\n<p> ***<\/p>\n","protected":false},"excerpt":{"rendered":"Apartamento en Arriendo \u2013 Urbanizaci\u00f3n Aires del Bosque, Sabaneta Vive...","protected":false},"author":8198,"featured_media":319989,"template":"","es_locations":[79,3335,473],"es_categories":[124],"es_types":[114],"es_rent_periods":[],"es_labels":[],"es_statuses":[],"es_parkings":[],"es_roofs":[],"es_exterior_materials":[],"es_basements":[],"es_floor_coverings":[],"es_features":[2168,131,132,2212,2196,2296,2176,2178,2179,2216,2180,2182,2445,2134,2228,2241,2242,2151],"es_amenities":[2195,152,2186,2217,2197,2298,2191,2193,154,156,157,159,2447,2141,2258,2259,2260,162],"es_neighborhoods":[],"es_tags":[],"class_list":["post-319986","properties","type-properties","status-publish","has-post-thumbnail","hentry","es_location-antioquia","es_location-monteazul","es_location-sabaneta","es_category-arriendo","es_type-apartamentos","es_feature-area-urbana","es_feature-ascensor","es_feature-balcon","es_feature-bano-auxiliar","es_feature-en-conjunto-cerrado","es_feature-en-edificio","es_feature-en-zona-residencial","es_feature-garaje-cubierto","es_feature-gimnasio","es_feature-parqueadero-visitantes","es_feature-piscina","es_feature-salon-comunal","es_feature-senderos-ecologicos","es_feature-servicios-publicos","es_feature-ventilacion-natural","es_feature-vigilancia-24x7","es_feature-vigilancia-privada-247","es_feature-zona-de-lavanderia","es_amenity-area-urbana","es_amenity-ascensor-privado","es_amenity-balcon","es_amenity-bano-auxiliar","es_amenity-en-conjunto-cerrado","es_amenity-en-edificio","es_amenity-en-zona-residencial","es_amenity-garaje-cubierto","es_amenity-gimnasio","es_amenity-parqueadero-visitantes","es_amenity-piscina","es_amenity-salon-comunal","es_amenity-senderos-ecologicos","es_amenity-servicios-publicos","es_amenity-ventilacion-natural","es_amenity-vigilancia-24x7","es_amenity-vigilancia-privada-247","es_amenity-zona-de-lavanderia","es-post-entity"],"_links":{"self":[{"href":"https:\/\/arriendo.com\/co\/wp-json\/wp\/v2\/properties\/319986","targetHints":{"allow":["GET"]}}],"collection":[{"href":"https:\/\/arriendo.com\/co\/wp-json\/wp\/v2\/properties"}],"about":[{"href":"https:\/\/arriendo.com\/co\/wp-json\/wp\/v2\/types\/properties"}],"author":[{"embeddable":true,"href":"https:\/\/arriendo.com\/co\/wp-json\/wp\/v2\/users\/8198"}],"version-history":[{"count":0,"href":"https:\/\/arriendo.com\/co\/wp-json\/wp\/v2\/properties\/319986\/revisions"}],"wp:featuredmedia":[{"embeddable":true,"href":"https:\/\/arriendo.com\/co\/wp-json\/wp\/v2\/media\/319989"}],"wp:attachment":[{"href":"https:\/\/arriendo.com\/co\/wp-json\/wp\/v2\/media?parent=319986"}],"wp:term":[{"taxonomy":"es_location","embeddable":true,"href":"https:\/\/arriendo.com\/co\/wp-json\/wp\/v2\/es_locations?post=319986"},{"taxonomy":"es_category","embeddable":true,"href":"https:\/\/arriendo.com\/co\/wp-json\/wp\/v2\/es_categories?post=319986"},{"taxonomy":"es_type","embeddable":true,"href":"https:\/\/arriendo.com\/co\/wp-json\/wp\/v2\/es_types?post=319986"},{"taxonomy":"es_rent_period","embeddable":true,"href":"https:\/\/arriendo.com\/co\/wp-json\/wp\/v2\/es_rent_periods?post=319986"},{"taxonomy":"es_label","embeddable":true,"href":"https:\/\/arriendo.com\/co\/wp-json\/wp\/v2\/es_labels?post=319986"},{"taxonomy":"es_status","embeddable":true,"href":"https:\/\/arriendo.com\/co\/wp-json\/wp\/v2\/es_statuses?post=319986"},{"taxonomy":"es_parking","embeddable":true,"href":"https:\/\/arriendo.com\/co\/wp-json\/wp\/v2\/es_parkings?post=319986"},{"taxonomy":"es_roof","embeddable":true,"href":"https:\/\/arriendo.com\/co\/wp-json\/wp\/v2\/es_roofs?post=319986"},{"taxonomy":"es_exterior_material","embeddable":true,"href":"https:\/\/arriendo.com\/co\/wp-json\/wp\/v2\/es_exterior_materials?post=319986"},{"taxonomy":"es_basement","embeddable":true,"href":"https:\/\/arriendo.com\/co\/wp-json\/wp\/v2\/es_basements?post=319986"},{"taxonomy":"es_floor_covering","embeddable":true,"href":"https:\/\/arriendo.com\/co\/wp-json\/wp\/v2\/es_floor_coverings?post=319986"},{"taxonomy":"es_feature","embeddable":true,"href":"https:\/\/arriendo.com\/co\/wp-json\/wp\/v2\/es_features?post=319986"},{"taxonomy":"es_amenity","embeddable":true,"href":"https:\/\/arriendo.com\/co\/wp-json\/wp\/v2\/es_amenities?post=319986"},{"taxonomy":"es_neighborhood","embeddable":true,"href":"https:\/\/arriendo.com\/co\/wp-json\/wp\/v2\/es_neighborhoods?post=319986"},{"taxonomy":"es_tag","embeddable":true,"href":"https:\/\/arriendo.com\/co\/wp-json\/wp\/v2\/es_tags?post=319986"}],"curies":[{"name":"wp","href":"https:\/\/api.w.org\/{rel}","templated":true}]}}

<p>Apartamento en Arriendo – Urbanización Aires del Bosque, Sabaneta</p>
<p>Vive rodeado de naturaleza y tranquilidad en este moderno apartamento ubicado en la exclusiva Urbanización Aires del Bosque, un sector residencial que combina ambiente campestre con cercanía a las principales vías de Sabaneta.</p>
<p>✨ Características principales:</p>
<p>3 habitaciones con excelente iluminación natural</p>
<p>2 baños completos y modernos</p>
<p>Sala-comedor con acceso a balcón panorámico</p>
<p>Cocina integral abierta con zona de ropas independiente</p>
<p>Parqueadero privado y cuarto útil</p>
<p> ***</p>

Apartamento en Arriendo – Urbanización Aires del Bosque, Sabaneta Vive...
