{"id":319937,"date":"2026-02-19T11:23:10","date_gmt":"2026-02-19T16:23:10","guid":{"rendered":"https:\/\/arriendo.com\/co\/%es_type%\/%address_city%\/%neighborhood%\/itagui-las-lomitas-apartamento-en-arriendo-en-e67488\/"},"modified":"2026-02-19T11:23:10","modified_gmt":"2026-02-19T16:23:10","slug":"AR-319937","status":"publish","type":"properties","link":"https:\/\/arriendo.com\/co\/apartamentos\/itagui\/las-lomitas\/AR-319937\/","title":{"rendered":"Apartamento en Arriendo en Las Lomitas, Itagu\u00ed"},"content":{"rendered":"<p>\u00a1Apartamento para estrenar en Sabaneta  Piso 19!. Vive en las alturas con una vista espectacular y todas las comodidades que necesitas. Se arrienda moderno apartamento para estrenar en una exclusiva unidad residencial en el sector de Sabaneta. \u00c1rea 115 m. Piso 19. Habitaciones 3 2 con cl\u00f3set, 1 con vestier y ba\u00f1o privado.  Ba\u00f1os 2.  Balc\u00f3n en sala-comedor, mini balc\u00f3n en habitaci\u00f3n principal. Cocina integral con red de gas. Zona de ropas con calentador. Parqueadero privado   cuarto \u00fatil. Administraci\u00f3n $370.000. Excelente ubicaci\u00f3n cerca de transporte p\u00fablico, colegios, centros comerciales y zonas verdes. Cont\u00e1ctanos para agendar tu visita y conocer tu nuevo hogar. ***<\/p>\n","protected":false},"excerpt":{"rendered":"\u00a1Apartamento para estrenar en Sabaneta Piso 19!. Vive en las...","protected":false},"author":8198,"featured_media":319940,"template":"","es_locations":[79,475,1197],"es_categories":[124],"es_types":[114],"es_rent_periods":[],"es_labels":[],"es_statuses":[],"es_parkings":[],"es_roofs":[],"es_exterior_materials":[],"es_basements":[],"es_floor_coverings":[],"es_features":[132,2212,2263,2275,2145,2211,2200,2293,2131,2166,2146,2147,2148,2213,151,2296,2176,2202,2178,2179,145,2216,2180,2272,2181,2519,2182,2239,2150,2240,2136,2228,2241,2242,2184,2151,2185,2152,2204],"es_amenities":[2186,2217,2269,2277,2153,2210,2205,2295,2139,2189,2155,2156,2157,2218,2270,2298,2191,2207,2193,154,2160,156,157,2273,2194,2520,159,2256,2161,2257,2143,2258,2259,2260,2172,162,2173,2162,2209],"es_neighborhoods":[],"es_tags":[],"class_list":["post-319937","properties","type-properties","status-publish","has-post-thumbnail","hentry","es_location-antioquia","es_location-itagui","es_location-las-lomitas","es_category-arriendo","es_type-apartamentos","es_feature-balcon","es_feature-bano-auxiliar","es_feature-barra-estilo-americano","es_feature-bombas-de-gasolina","es_feature-calentador","es_feature-canchas-deportivas","es_feature-cerca-a-sector-comercial","es_feature-cerca-centro-comercial","es_feature-circuito-cerrado-de-tv","es_feature-closet","es_feature-cocina-integral","es_feature-cocina-tipo-americano","es_feature-colegios-universidades","es_feature-comedor","es_feature-deposito-bodega","es_feature-en-edificio","es_feature-en-zona-residencial","es_feature-garaje-parqueaderos","es_feature-garaje-cubierto","es_feature-gimnasio","es_feature-instalacion-de-gas","es_feature-parqueadero-visitantes","es_feature-piscina","es_feature-piso-en-baldosa-marmol","es_feature-porteria-vigilancia","es_feature-puerta-electrica","es_feature-salon-comunal","es_feature-sobre-via-secundaria","es_feature-supermercados-c-comerciales","es_feature-todos-los-servicios","es_feature-trans-publico-cercano","es_feature-ventilacion-natural","es_feature-vigilancia-24x7","es_feature-vigilancia-privada-247","es_feature-zona-de-bbq","es_feature-zona-de-lavanderia","es_feature-zona-infantil","es_feature-zona-residencial","es_feature-zonas-verdes","es_amenity-balcon","es_amenity-bano-auxiliar","es_amenity-barra-estilo-americano","es_amenity-bombas-de-gasolina","es_amenity-calentador","es_amenity-canchas-deportivas","es_amenity-cerca-a-sector-comercial","es_amenity-cerca-centro-comercial","es_amenity-circuito-cerrado-de-tv","es_amenity-closet","es_amenity-cocina-integral","es_amenity-cocina-tipo-americano","es_amenity-colegios-universidades","es_amenity-comedor","es_amenity-deposito-bodega","es_amenity-en-edificio","es_amenity-en-zona-residencial","es_amenity-garaje-parqueaderos","es_amenity-garaje-cubierto","es_amenity-gimnasio","es_amenity-instalacion-de-gas","es_amenity-parqueadero-visitantes","es_amenity-piscina","es_amenity-piso-en-baldosa-marmol","es_amenity-porteria-vigilancia","es_amenity-puerta-electrica","es_amenity-salon-comunal","es_amenity-sobre-via-secundaria","es_amenity-supermercados-c-comerciales","es_amenity-todos-los-servicios","es_amenity-trans-publico-cercano","es_amenity-ventilacion-natural","es_amenity-vigilancia-24x7","es_amenity-vigilancia-privada-247","es_amenity-zona-de-bbq","es_amenity-zona-de-lavanderia","es_amenity-zona-infantil","es_amenity-zona-residencial","es_amenity-zonas-verdes","es-post-entity"],"_links":{"self":[{"href":"https:\/\/arriendo.com\/co\/wp-json\/wp\/v2\/properties\/319937","targetHints":{"allow":["GET"]}}],"collection":[{"href":"https:\/\/arriendo.com\/co\/wp-json\/wp\/v2\/properties"}],"about":[{"href":"https:\/\/arriendo.com\/co\/wp-json\/wp\/v2\/types\/properties"}],"author":[{"embeddable":true,"href":"https:\/\/arriendo.com\/co\/wp-json\/wp\/v2\/users\/8198"}],"version-history":[{"count":0,"href":"https:\/\/arriendo.com\/co\/wp-json\/wp\/v2\/properties\/319937\/revisions"}],"wp:featuredmedia":[{"embeddable":true,"href":"https:\/\/arriendo.com\/co\/wp-json\/wp\/v2\/media\/319940"}],"wp:attachment":[{"href":"https:\/\/arriendo.com\/co\/wp-json\/wp\/v2\/media?parent=319937"}],"wp:term":[{"taxonomy":"es_location","embeddable":true,"href":"https:\/\/arriendo.com\/co\/wp-json\/wp\/v2\/es_locations?post=319937"},{"taxonomy":"es_category","embeddable":true,"href":"https:\/\/arriendo.com\/co\/wp-json\/wp\/v2\/es_categories?post=319937"},{"taxonomy":"es_type","embeddable":true,"href":"https:\/\/arriendo.com\/co\/wp-json\/wp\/v2\/es_types?post=319937"},{"taxonomy":"es_rent_period","embeddable":true,"href":"https:\/\/arriendo.com\/co\/wp-json\/wp\/v2\/es_rent_periods?post=319937"},{"taxonomy":"es_label","embeddable":true,"href":"https:\/\/arriendo.com\/co\/wp-json\/wp\/v2\/es_labels?post=319937"},{"taxonomy":"es_status","embeddable":true,"href":"https:\/\/arriendo.com\/co\/wp-json\/wp\/v2\/es_statuses?post=319937"},{"taxonomy":"es_parking","embeddable":true,"href":"https:\/\/arriendo.com\/co\/wp-json\/wp\/v2\/es_parkings?post=319937"},{"taxonomy":"es_roof","embeddable":true,"href":"https:\/\/arriendo.com\/co\/wp-json\/wp\/v2\/es_roofs?post=319937"},{"taxonomy":"es_exterior_material","embeddable":true,"href":"https:\/\/arriendo.com\/co\/wp-json\/wp\/v2\/es_exterior_materials?post=319937"},{"taxonomy":"es_basement","embeddable":true,"href":"https:\/\/arriendo.com\/co\/wp-json\/wp\/v2\/es_basements?post=319937"},{"taxonomy":"es_floor_covering","embeddable":true,"href":"https:\/\/arriendo.com\/co\/wp-json\/wp\/v2\/es_floor_coverings?post=319937"},{"taxonomy":"es_feature","embeddable":true,"href":"https:\/\/arriendo.com\/co\/wp-json\/wp\/v2\/es_features?post=319937"},{"taxonomy":"es_amenity","embeddable":true,"href":"https:\/\/arriendo.com\/co\/wp-json\/wp\/v2\/es_amenities?post=319937"},{"taxonomy":"es_neighborhood","embeddable":true,"href":"https:\/\/arriendo.com\/co\/wp-json\/wp\/v2\/es_neighborhoods?post=319937"},{"taxonomy":"es_tag","embeddable":true,"href":"https:\/\/arriendo.com\/co\/wp-json\/wp\/v2\/es_tags?post=319937"}],"curies":[{"name":"wp","href":"https:\/\/api.w.org\/{rel}","templated":true}]}}

Apartamento en Arriendo en Las Lomitas, Itaguí

<p>¡Apartamento para estrenar en Sabaneta  Piso 19!. Vive en las alturas con una vista espectacular y todas las comodidades que necesitas. Se arrienda moderno apartamento para estrenar en una exclusiva unidad residencial en el sector de Sabaneta. Área 115 m. Piso 19. Habitaciones 3 2 con clóset, 1 con vestier y baño privado.  Baños 2.  Balcón en sala-comedor, mini balcón en habitación principal. Cocina integral con red de gas. Zona de ropas con calentador. Parqueadero privado   cuarto útil. Administración $370.000. Excelente ubicación cerca de transporte público, colegios, centros comerciales y zonas verdes. Contáctanos para agendar tu visita y conocer tu nuevo hogar. ***</p>
